{"id":188231,"date":"2025-11-14T02:21:36","date_gmt":"2025-11-14T02:21:36","guid":{"rendered":"https:\/\/www.otiumhome.fi\/?p=188231"},"modified":"2025-12-09T04:07:41","modified_gmt":"2025-12-09T04:07:41","slug":"sivupoyta-musta-tammi-50-x-26-x-50-cm-tekninen-puu","status":"publish","type":"product","link":"https:\/\/www.otiumhome.fi\/index.php\/tuote\/sivupoyta-musta-tammi-50-x-26-x-50-cm-tekninen-puu\/","title":{"rendered":"Sivup\u00f6yt\u00e4 Musta tammi. 50 x 26 x 50 cm Tekninen puu"},"content":{"rendered":"<p>T\u00e4\u00e4 elegantti sivup\u00f6yt\u00e4 yhdist\u00e4\u00e4 k\u00e4yt\u00e4nn\u00f6llisyyden ja modernin muotoilun, joka sopii t\u00e4ydellisesti sun olohuoneeseen. Valmistettu laadukkaasta teknisest\u00e4 puusta, se tuo mukanaan helppoa eleganssia ja suunnittelua. Selke\u00e4t linjat ja minimalistinen ilme tekev\u00e4t siit\u00e4 tosi hienon lis\u00e4n mihin tahansa moderniin tilaan. Virke\u00e4n muotonsa ansiosta t\u00e4\u00e4 p\u00f6yt\u00e4 vet\u00e4\u00e4 katseet puoleensa, ja se sulautuu kauniisti sun huoneen sisustukseen.<\/p>\n<ul>\n<li><b>Korkealaatuinen tekninen puu<\/b> P\u00f6yt\u00e4 on valmistettu kest\u00e4v\u00e4st\u00e4 teknisest\u00e4 puusta, joka n\u00e4ytt\u00e4\u00e4 hyv\u00e4lt\u00e4 ja takaa pitk\u00e4n k\u00e4ytt\u00f6i\u00e4n. T\u00e4\u00e4 materiaali on tunnettu kest\u00e4vyydest\u00e4\u00e4n, joten se on sek\u00e4 hyv\u00e4laatuinen ett\u00e4 tyylik\u00e4s. Sen sile\u00e4 pinta on t\u00e4ydellinen lehdille, koristeille tai p\u00f6yt\u00e4lamppuille.<\/li>\n<li><b>Moderni tyyli<\/b> Yksinkertaisuuden ja k\u00e4yt\u00e4nn\u00f6llisyyden esikuva, t\u00e4\u00e4 p\u00f6yt\u00e4 on laadittu selkeist\u00e4 linjoista ja voi olla v\u00e4h\u00e4koristeinen. T\u00e4\u00e4 nykyaikainen huonekalu tuo esille huoneesi hillityn eleganssin ja mit\u00e4 tahansa se muuntuu hyvin moderniin sisustukseen. Sen neutraalit v\u00e4rit tekev\u00e4t siit\u00e4 helpon yhdist\u00e4\u00e4 muihin huonekaluihin.<\/li>\n<li><b>Toiminnallinen muotoilu<\/b> Suunniteltu sis\u00e4tiloihin, maksimoi tilavaraukset pienell\u00e4 koossa, sopii t\u00e4ydellisesti olohuoneisiin, oleskelutiloihin tai jopa y\u00f6p\u00f6ydiksi. T\u00e4\u00e4 p\u00f6yt\u00e4 on sopivan kokoinen, mik\u00e4 takaa esteettisen tasapainon ja k\u00e4yt\u00e4nn\u00f6llisyyden eri ymp\u00e4rist\u00f6iss\u00e4.<\/li>\n<li><b>Helppo kokoaminen<\/b> P\u00f6yd\u00e4ss\u00e4 on selke\u00e4t ohjeet, jotta pystyt sen nopeasti ja vaivattomasti ilman stressi\u00e4. Kaikki tarvittavat osat ja ohjeet on toimituksessa, joten voit koota sen nopeasti ilman ongelmia.<\/li>\n<li><b>Hoito ja yll\u00e4pito<\/b> Korkealaatuinen tuote, jonka hoito on helppoa; pyyhi se vain kuivalla kankaalla p\u00f6lyn tai tahrojen pois saamisesta. V\u00e4lt\u00e4 liian voimakkaita kemikaaleja, jotta se pysyy tyylikk\u00e4\u00e4n\u00e4 vuosia.<\/li>\n<\/ul>\n<ul>\n<li>V\u00e4ri: Musta tammi.<\/li>\n<li>Materiaali: Tekninen puu<\/li>\n<li>Yleiset mitat: 50 x 26 x 50 cm (P x L x K)<\/li>\n<li>Paino: 6,3 kg<\/li>\n<li>Kest\u00e4v\u00e4<\/li>\n<li>Sis\u00e4- \/ ulkotiloissa: Vain sis\u00e4k\u00e4ytt\u00f6\u00f6n<\/li>\n<li>Toimitus-:<\/li>\n<li>1 x Sivup\u00f6yt\u00e4<\/li>\n<li>Kokoonpano vaaditaan: Kyll\u00e4<\/li>\n<\/ul>\n","protected":false},"excerpt":{"rendered":"<ul>\n<li>V\u00e4ri: Musta tammi.<\/li>\n<li>Materiaali: Tekninen puu<\/li>\n<li>Yleiset mitat: 50 x 26 x 50 cm (P x L x K)<\/li>\n<li>Paino: 6,3 kg<\/li>\n<li>Kest\u00e4v\u00e4<\/li>\n<li>Sis\u00e4- \/ ulkotiloissa: Vain sis\u00e4k\u00e4ytt\u00f6\u00f6n<\/li>\n<li>Toimitus-:<\/li>\n<li>1 x Sivup\u00f6yt\u00e4<\/li>\n<li>Kokoonpano vaaditaan: Kyll\u00e4<\/li>\n<\/ul>\n","protected":false},"featured_media":100000188231,"comment_status":"closed","ping_status":"closed","template":"","meta":[],"product_brand":[],"product_cat":[8534,84,8533],"product_tag":[],"class_list":{"0":"post-188231","1":"product","2":"type-product","3":"status-publish","4":"has-post-thumbnail","6":"product_cat-apupoydat","7":"product_cat-huonekalut","8":"product_cat-sivupoydat","10":"first","11":"instock","12":"taxable","13":"shipping-taxable","14":"purchasable","15":"product-type-simple"},"_links":{"self":[{"href":"https:\/\/www.otiumhome.fi\/index.php\/wp-json\/wp\/v2\/product\/188231","targetHints":{"allow":["GET"]}}],"collection":[{"href":"https:\/\/www.otiumhome.fi\/index.php\/wp-json\/wp\/v2\/product"}],"about":[{"href":"https:\/\/www.otiumhome.fi\/index.php\/wp-json\/wp\/v2\/types\/product"}],"replies":[{"embeddable":true,"href":"https:\/\/www.otiumhome.fi\/index.php\/wp-json\/wp\/v2\/comments?post=188231"}],"wp:featuredmedia":[{"embeddable":true,"href":"https:\/\/www.otiumhome.fi\/index.php\/wp-json\/"}],"wp:attachment":[{"href":"https:\/\/www.otiumhome.fi\/index.php\/wp-json\/wp\/v2\/media?parent=188231"}],"wp:term":[{"taxonomy":"product_brand","embeddable":true,"href":"https:\/\/www.otiumhome.fi\/index.php\/wp-json\/wp\/v2\/product_brand?post=188231"},{"taxonomy":"product_cat","embeddable":true,"href":"https:\/\/www.otiumhome.fi\/index.php\/wp-json\/wp\/v2\/product_cat?post=188231"},{"taxonomy":"product_tag","embeddable":true,"href":"https:\/\/www.otiumhome.fi\/index.php\/wp-json\/wp\/v2\/product_tag?post=188231"}],"curies":[{"name":"wp","href":"https:\/\/api.w.org\/{rel}","templated":true}]}}