{"id":188021,"date":"2025-11-09T14:05:17","date_gmt":"2025-11-09T14:05:17","guid":{"rendered":"https:\/\/www.otiumhome.fi\/?p=188021"},"modified":"2025-11-09T15:51:43","modified_gmt":"2025-11-09T15:51:43","slug":"tv-taso-110x30x40-cm-kierratetty-tayspuu","status":"publish","type":"product","link":"https:\/\/www.otiumhome.fi\/index.php\/tuote\/tv-taso-110x30x40-cm-kierratetty-tayspuu\/","title":{"rendered":"TV-taso 110x30x40 cm kierr\u00e4tetty t\u00e4yspuu"},"content":{"rendered":"<p>T\u00e4m\u00e4 antiikkityylinen mutta pelkistetty puinen TV-taso huokuu vintagetyylist\u00e4 vieh\u00e4tysvoimaa ja siit\u00e4 tulee katseet vangitseva lis\u00e4 sisustukseesi.<\/p>\n<\/p>\n<ul>\n<li>Ensiluokkainen materiaali: Kierr\u00e4tetty t\u00e4yspuu sis\u00e4lt\u00e4\u00e4 sekoituksen eri puulajeja, kuten tiikki\u00e4, mangopuuta, m\u00e4nty\u00e4 ja py\u00f6kki\u00e4. N\u00e4m\u00e4 materiaalit on ker\u00e4tty vanhoista rakennuksista, tehtaista, vajoista ja veneist\u00e4. T\u00e4m\u00e4 tapa on erinomainen ymp\u00e4rist\u00f6yst\u00e4v\u00e4llinen vaihtoehto huonekalujen valmistamiseen. Koska jokainen tuote on k\u00e4sintehty, ainutlaatuiset v\u00e4rit vaihtelevat tuotteesta toiseen. Voit n\u00e4hd\u00e4 v\u00e4rej\u00e4, kuten sininen, vihre\u00e4 ja joskus oranssi, punainen tai pinkki.<\/li>\n<li>Tukeva yl\u00e4osa: Tukeva p\u00f6yt\u00e4levy sopii erinomaisesti juomien, maljakoiden ja muiden koriste-esineiden sijoittamiseen.<\/li>\n<li>Klassinen sisustus: T\u00e4m\u00e4 TV-taso on tyylik\u00e4s ja t\u00e4ydellisen vieh\u00e4tt\u00e4v\u00e4 sisustuselementti huoneeseesi.<\/li>\n<\/ul>\n<p>Huomioi:<\/p>\n<ul>\n<li>V\u00e4rit saattavat vaihdella kappaleesta toiseen, tehden jokaisesta kappaleesta ainutlaatuisen ja hieman erilaisen kuin muut. Toimitus on satunnainen, joka takaa tuotteesi ainutlaatuisuuden ja yksil\u00f6llisyyden.<\/li>\n<\/ul>\n<ul>\n<li>Materiaali: T\u00e4ysi kierr\u00e4tetty puu eri v\u00e4rej\u00e4 sis\u00e4lt\u00e4v\u00e4ll\u00e4 viimeistelyll\u00e4, rauta<\/li>\n<li>Mitat: 110 x 30 x 40 cm (P x L x K)<\/li>\n<li>Jalkojen korkeus: 10 cm<\/li>\n<li>Kokoonpano vaaditaan: Ei<\/li>\n<\/ul>\n","protected":false},"excerpt":{"rendered":"<ul>\n<li>Materiaali: T\u00e4ysi kierr\u00e4tetty puu eri v\u00e4rej\u00e4 sis\u00e4lt\u00e4v\u00e4ll\u00e4 viimeistelyll\u00e4, rauta<\/li>\n<li>Mitat: 110 x 30 x 40 cm (P x L x K)<\/li>\n<li>Jalkojen korkeus: 10 cm<\/li>\n<li>Kokoonpano vaaditaan: Ei<\/li>\n<\/ul>\n","protected":false},"featured_media":100000188021,"comment_status":"closed","ping_status":"closed","template":"","meta":[],"product_brand":[],"product_cat":[84],"product_tag":[],"class_list":{"0":"post-188021","1":"product","2":"type-product","3":"status-publish","4":"has-post-thumbnail","6":"product_cat-huonekalut","8":"first","9":"instock","10":"taxable","11":"shipping-taxable","12":"purchasable","13":"product-type-simple"},"_links":{"self":[{"href":"https:\/\/www.otiumhome.fi\/index.php\/wp-json\/wp\/v2\/product\/188021","targetHints":{"allow":["GET"]}}],"collection":[{"href":"https:\/\/www.otiumhome.fi\/index.php\/wp-json\/wp\/v2\/product"}],"about":[{"href":"https:\/\/www.otiumhome.fi\/index.php\/wp-json\/wp\/v2\/types\/product"}],"replies":[{"embeddable":true,"href":"https:\/\/www.otiumhome.fi\/index.php\/wp-json\/wp\/v2\/comments?post=188021"}],"wp:featuredmedia":[{"embeddable":true,"href":"https:\/\/www.otiumhome.fi\/index.php\/wp-json\/"}],"wp:attachment":[{"href":"https:\/\/www.otiumhome.fi\/index.php\/wp-json\/wp\/v2\/media?parent=188021"}],"wp:term":[{"taxonomy":"product_brand","embeddable":true,"href":"https:\/\/www.otiumhome.fi\/index.php\/wp-json\/wp\/v2\/product_brand?post=188021"},{"taxonomy":"product_cat","embeddable":true,"href":"https:\/\/www.otiumhome.fi\/index.php\/wp-json\/wp\/v2\/product_cat?post=188021"},{"taxonomy":"product_tag","embeddable":true,"href":"https:\/\/www.otiumhome.fi\/index.php\/wp-json\/wp\/v2\/product_tag?post=188021"}],"curies":[{"name":"wp","href":"https:\/\/api.w.org\/{rel}","templated":true}]}}