{"id":188007,"date":"2025-11-09T14:00:43","date_gmt":"2025-11-09T14:00:43","guid":{"rendered":"https:\/\/www.otiumhome.fi\/?p=188007"},"modified":"2025-11-10T02:31:42","modified_gmt":"2025-11-10T02:31:42","slug":"tv-taso-110x30x50-cm-taysi-mangopuu","status":"publish","type":"product","link":"https:\/\/www.otiumhome.fi\/index.php\/tuote\/tv-taso-110x30x50-cm-taysi-mangopuu\/","title":{"rendered":"TV-taso 110x30x50 cm t\u00e4ysi mangopuu"},"content":{"rendered":"<p>T\u00e4m\u00e4 puusta valmistettu retrotyylinen TV-taso on olohuoneesi tai viihdealueesi keskipiste.<\/p>\n<\/p>\n<p>Se on valmistettu t\u00e4ydest\u00e4 mangopuusta, joka on vakaa, kest\u00e4v\u00e4 ja kaunis materiaali. Valmistajan ammattitaito korostaa TV-tason upeaa retrotyyli\u00e4. Jokainen ty\u00f6vaihe, oli se sitten kiillotus, maalaus tai lakkaus, on tehty eritt\u00e4in huolellisesti. Valmistajan ammattitaito ja puun kauniit syyt tekev\u00e4t jokaisesta huonekalusta ainutlaatuisen ja hieman erilaisen muista. Kaksi hylly\u00e4 ja kolme vetolaatikkoa tarjoavat runsaasti s\u00e4ilytystilaa DVD-soittimellesi, pelikonsoleillesi, suoratoistolaitteillesi ja medialaitteillesi, pit\u00e4en ne siististi j\u00e4rjestyksess\u00e4.<\/p>\n<\/p>\n<p>T\u00e4rke\u00e4 huomio: V\u00e4rit ja puun syyt saattavat vaihdella kappaleittain, jokainen sohvap\u00f6yt\u00e4 on ihastuttavan ainutlaatuinen. Toimitus on satunnainen.<\/p>\n<ul>\n<li>V\u00e4ri: harmaa tammiviimeistely<\/li>\n<li>Materiaali: T\u00e4ysi mangopuu, tekninen puu<\/li>\n<li>Mitat: 110 x 30 x 50 cm (L x S x K)<\/li>\n<li>2 hylly\u00e4 ja 3 vetolaatikkoa<\/li>\n<li>Hiottu, maalattu ja lakattu<\/li>\n<li>Kest\u00e4v\u00e4 ja tukeva<\/li>\n<li><strong>VAROITUS:<\/strong> kaatumisen est\u00e4miseksi on t\u00e4t\u00e4 tuotetta k\u00e4ytett\u00e4v\u00e4 mukana toimitetun sein\u00e4kiinnityslaitteen kanssa.<\/li>\n<li>Legal Documents:\n<p><span>Lis\u00e4tietoja huonekalujesi kaatumisen est\u00e4misest\u00e4 voit l\u00f6yt\u00e4\u00e4 <span style=\"text-decoration: underline\"><strong><a title=\"https:\/\/bit.ly\/3bVwkQp\" href=\"https:\/\/bit.ly\/3bVwkQp\" target=\"_blank\">t\u00e4\u00e4lt\u00e4<\/a><\/strong><\/span><\/span><\/p>\n<\/li>\n<\/ul>\n","protected":false},"excerpt":{"rendered":"<ul>\n<li>V\u00e4ri: harmaa tammiviimeistely<\/li>\n<li>Materiaali: T\u00e4ysi mangopuu, tekninen puu<\/li>\n<li>Mitat: 110 x 30 x 50 cm (L x S x K)<\/li>\n<li>2 hylly\u00e4 ja 3 vetolaatikkoa<\/li>\n<li>Hiottu, maalattu ja lakattu<\/li>\n<li>Kest\u00e4v\u00e4 ja tukeva<\/li>\n<li><strong>VAROITUS:<\/strong> kaatumisen est\u00e4miseksi on t\u00e4t\u00e4 tuotetta k\u00e4ytett\u00e4v\u00e4 mukana toimitetun sein\u00e4kiinnityslaitteen kanssa.<\/li>\n<li>Legal Documents:\n<p><span>Lis\u00e4tietoja huonekalujesi kaatumisen est\u00e4misest\u00e4 voit l\u00f6yt\u00e4\u00e4 <span style=\"text-decoration: underline\"><strong><a title=\"https:\/\/bit.ly\/3bVwkQp\" href=\"https:\/\/bit.ly\/3bVwkQp\" target=\"_blank\">t\u00e4\u00e4lt\u00e4<\/a><\/strong><\/span><\/span><\/p>\n<\/li>\n<\/ul>\n","protected":false},"featured_media":100000188007,"comment_status":"closed","ping_status":"closed","template":"","meta":[],"product_brand":[],"product_cat":[84],"product_tag":[],"class_list":{"0":"post-188007","1":"product","2":"type-product","3":"status-publish","4":"has-post-thumbnail","6":"product_cat-huonekalut","8":"first","9":"instock","10":"taxable","11":"shipping-taxable","12":"purchasable","13":"product-type-simple"},"_links":{"self":[{"href":"https:\/\/www.otiumhome.fi\/index.php\/wp-json\/wp\/v2\/product\/188007","targetHints":{"allow":["GET"]}}],"collection":[{"href":"https:\/\/www.otiumhome.fi\/index.php\/wp-json\/wp\/v2\/product"}],"about":[{"href":"https:\/\/www.otiumhome.fi\/index.php\/wp-json\/wp\/v2\/types\/product"}],"replies":[{"embeddable":true,"href":"https:\/\/www.otiumhome.fi\/index.php\/wp-json\/wp\/v2\/comments?post=188007"}],"wp:featuredmedia":[{"embeddable":true,"href":"https:\/\/www.otiumhome.fi\/index.php\/wp-json\/"}],"wp:attachment":[{"href":"https:\/\/www.otiumhome.fi\/index.php\/wp-json\/wp\/v2\/media?parent=188007"}],"wp:term":[{"taxonomy":"product_brand","embeddable":true,"href":"https:\/\/www.otiumhome.fi\/index.php\/wp-json\/wp\/v2\/product_brand?post=188007"},{"taxonomy":"product_cat","embeddable":true,"href":"https:\/\/www.otiumhome.fi\/index.php\/wp-json\/wp\/v2\/product_cat?post=188007"},{"taxonomy":"product_tag","embeddable":true,"href":"https:\/\/www.otiumhome.fi\/index.php\/wp-json\/wp\/v2\/product_tag?post=188007"}],"curies":[{"name":"wp","href":"https:\/\/api.w.org\/{rel}","templated":true}]}}