{"id":186276,"date":"2025-11-09T04:50:44","date_gmt":"2025-11-09T04:50:44","guid":{"rendered":"https:\/\/www.otiumhome.fi\/?p=186276"},"modified":"2025-12-09T07:39:02","modified_gmt":"2025-12-09T07:39:02","slug":"keittiovaunu-artisan-tammi-60-x-41-x-76-cm-tekninen-puu","status":"publish","type":"product","link":"https:\/\/www.otiumhome.fi\/index.php\/tuote\/keittiovaunu-artisan-tammi-60-x-41-x-76-cm-tekninen-puu\/","title":{"rendered":"Keitti\u00f6vaunu Artisan tammi 60 x 41 x 76 cm Tekninen puu"},"content":{"rendered":"<p>T\u00e4\u00e4 puinen keitti\u00f6vaunu on t\u00e4ydellinen yhdistelm\u00e4 toiminnallisuutta ja teollista tyyli\u00e4. Se on suunniteltu moderniin kotiin, tarjoten lis\u00e4ty\u00f6tilaa ja s\u00e4ilytysratkaisua keitti\u00f6\u00f6si tai ruokailuhuoneeseesi. Suorakaiteen muotoinen ja sile\u00e4 pinta huokuu tyyli\u00e4, samalla kun k\u00e4yt\u00e4nn\u00f6llinen muotoilu varmistaa, ett\u00e4 se t\u00e4ytt\u00e4\u00e4 t\u00e4m\u00e4n p\u00e4iv\u00e4n tarpeet. Rakennusmateriaalit, kuten tekninen puu ja ter\u00e4s, tekev\u00e4t siit\u00e4 tukevan ja kovan k\u00e4yt\u00f6n kest\u00e4v\u00e4ksi.<\/p>\n<ul>\n<li><b>Materiaalin yhdistelm\u00e4:<\/b> Tekninen puu ja ter\u00e4ksiset osat antavat vaunulle voimaa ja modernia tyyli\u00e4. Pinta on sile\u00e4 ja helppo puhdistaa, ja ter\u00e4srunko tuo teollista fiilist\u00e4 ja varmistaa vakauden k\u00e4yt\u00f6ss\u00e4.<\/li>\n<li><b>Py\u00f6r\u00e4t helposti kuljetuksessa:<\/b> T\u00e4\u00e4 vaunu liikkuu helposti, koska se on varustettu py\u00f6rill\u00e4. Siirt\u00e4minen on vaivatonta ymp\u00e4ri huonetta tai jopa toiseen tilaan \u2013 loistava valinta is\u00e4nn\u00f6imiseen tai suuremmilla alueilla ty\u00f6skentelyyn.<\/li>\n<li><b>Toiminnalliset ominaisuudet:<\/b> K\u00e4yt\u00e4nn\u00f6llinen suunnittelu tekee t\u00e4st\u00e4 vaunusta mahtavan valinnan koteihin, joissa tarvitaan lis\u00e4\u00e4 ty\u00f6tilaa mutta ei haluta uhrata tyyli\u00e4. T\u00e4\u00e4 vaunu sopii erinomaisesti ruokien valmistamiseen, ainesosien ker\u00e4\u00e4miseen, buffet-p\u00f6yd\u00e4n kokoamiseen tai jopa k\u00e4sity\u00f6projekteihin. Erityisominaisuudet, kuten py\u00f6rimiskyky ja vakaus, parantavat k\u00e4ytt\u00f6mahdollisuuksia.<\/li>\n<li><b>Suositeltu k\u00e4ytt\u00f6paikka:<\/b> T\u00e4ydellinen keitti\u00f6ihin ja ruokailuhuoneisiin, t\u00e4\u00e4 vaunu sopii moderniin sisustukseen, jossa tarvitaan lis\u00e4\u00e4 sisustustilaa tai s\u00e4ilytystilaa. Teollinen tyyli sulautuu hyvin urbaaniin loftiin tai rustiikkisiin keitti\u00f6ihin, lis\u00e4ten modernia eleganssia.<\/li>\n<li><b>Yksinkertainen hoito:<\/b> Pid\u00e4 vaunu hyv\u00e4ss\u00e4 kunnossa pyyhkim\u00e4ll\u00e4 se kuivalla liinalla ja v\u00e4lt\u00e4 voimakkaita kemikaaleja. N\u00e4m\u00e4 hoito-ohjeet auttavat pident\u00e4m\u00e4\u00e4n tuotteen k\u00e4ytt\u00f6ik\u00e4\u00e4 ja ulkon\u00e4k\u00f6\u00e4 pitk\u00e4ll\u00e4 aikav\u00e4lill\u00e4, varmistaen tyytyv\u00e4isyyden.<\/li>\n<\/ul>\n<ul>\n<li>V\u00e4ri: Artisan tammi<\/li>\n<li>Materiaali: Tekninen puu<\/li>\n<li>Yleiset mitat: 60 x 41 x 76 cm (L x S x K)<\/li>\n<li>Paino: 11,1 kg<\/li>\n<li>Kest\u00e4v\u00e4<\/li>\n<li>Py\u00f6r\u00e4t\/rullapy\u00f6r\u00e4t<\/li>\n<li>Sis\u00e4- \/ ulkotiloissa: Vain sis\u00e4k\u00e4ytt\u00f6\u00f6n<\/li>\n<li>Toimitus-:<\/li>\n<li>1 x Keitti\u00f6k\u00e4rry<\/li>\n<li>Kokoonpano vaaditaan: Kyll\u00e4<\/li>\n<\/ul>\n","protected":false},"excerpt":{"rendered":"<ul>\n<li>V\u00e4ri: Artisan tammi<\/li>\n<li>Materiaali: Tekninen puu<\/li>\n<li>Yleiset mitat: 60 x 41 x 76 cm (L x S x K)<\/li>\n<li>Paino: 11,1 kg<\/li>\n<li>Kest\u00e4v\u00e4<\/li>\n<li>Py\u00f6r\u00e4t\/rullapy\u00f6r\u00e4t<\/li>\n<li>Sis\u00e4- \/ ulkotiloissa: Vain sis\u00e4k\u00e4ytt\u00f6\u00f6n<\/li>\n<li>Toimitus-:<\/li>\n<li>1 x Keitti\u00f6k\u00e4rry<\/li>\n<li>Kokoonpano vaaditaan: Kyll\u00e4<\/li>\n<\/ul>\n","protected":false},"featured_media":100000186276,"comment_status":"closed","ping_status":"closed","template":"","meta":[],"product_brand":[],"product_cat":[84],"product_tag":[],"class_list":{"0":"post-186276","1":"product","2":"type-product","3":"status-publish","4":"has-post-thumbnail","6":"product_cat-huonekalut","8":"first","9":"instock","10":"taxable","11":"shipping-taxable","12":"purchasable","13":"product-type-simple"},"_links":{"self":[{"href":"https:\/\/www.otiumhome.fi\/index.php\/wp-json\/wp\/v2\/product\/186276","targetHints":{"allow":["GET"]}}],"collection":[{"href":"https:\/\/www.otiumhome.fi\/index.php\/wp-json\/wp\/v2\/product"}],"about":[{"href":"https:\/\/www.otiumhome.fi\/index.php\/wp-json\/wp\/v2\/types\/product"}],"replies":[{"embeddable":true,"href":"https:\/\/www.otiumhome.fi\/index.php\/wp-json\/wp\/v2\/comments?post=186276"}],"wp:featuredmedia":[{"embeddable":true,"href":"https:\/\/www.otiumhome.fi\/index.php\/wp-json\/"}],"wp:attachment":[{"href":"https:\/\/www.otiumhome.fi\/index.php\/wp-json\/wp\/v2\/media?parent=186276"}],"wp:term":[{"taxonomy":"product_brand","embeddable":true,"href":"https:\/\/www.otiumhome.fi\/index.php\/wp-json\/wp\/v2\/product_brand?post=186276"},{"taxonomy":"product_cat","embeddable":true,"href":"https:\/\/www.otiumhome.fi\/index.php\/wp-json\/wp\/v2\/product_cat?post=186276"},{"taxonomy":"product_tag","embeddable":true,"href":"https:\/\/www.otiumhome.fi\/index.php\/wp-json\/wp\/v2\/product_tag?post=186276"}],"curies":[{"name":"wp","href":"https:\/\/api.w.org\/{rel}","templated":true}]}}