{"id":186230,"date":"2025-11-09T04:39:56","date_gmt":"2025-11-09T04:39:56","guid":{"rendered":"https:\/\/www.otiumhome.fi\/?p=186230"},"modified":"2025-11-10T05:56:49","modified_gmt":"2025-11-10T05:56:49","slug":"kylpyhuoneen-seinakaappi-peililla-savustammi-60x21x60-cm","status":"publish","type":"product","link":"https:\/\/www.otiumhome.fi\/index.php\/tuote\/kylpyhuoneen-seinakaappi-peililla-savustammi-60x21x60-cm\/","title":{"rendered":"kylpyhuoneen sein\u00e4kaappi peilill\u00e4 savustammi 60x21x60 cm"},"content":{"rendered":"<p>Kylpyhuoneen sein\u00e4kaappi tarjoaa monipuolisia s\u00e4ilytysratkaisuja, jotka pit\u00e4v\u00e4t tilan siistin\u00e4 ja j\u00e4rjestyksess\u00e4, ja siin\u00e4 on tyylik\u00e4s peili.<\/p>\n<\/p>\n<ul>\n<li>Vakaa ja kest\u00e4v\u00e4 materiaali: Tekninen puu on kest\u00e4v\u00e4 ja vakaa materiaali, jonka sile\u00e4 pinta kest\u00e4\u00e4 kosteutta, v\u00e4\u00e4ntymist\u00e4 ja halkeilua, joten se on luotettava valinta erilaisiin projekteihin.<\/li>\n<li>Integroitu peili: Sis\u00e4\u00e4nrakennettu peili parantaa toimivuutta, joten voit helposti valmistautua ja s\u00e4\u00e4st\u00e4\u00e4 vaivaa erillisen peilin etsimisest\u00e4.<\/li>\n<li>Runsaasti s\u00e4ilytystilaa: Peilin takana olevien sis\u00e4hyllyjen ansiosta t\u00e4m\u00e4 kaappi tarjoaa joustavia s\u00e4ilytysvaihtoehtoja kylpytuotteille, kosmetiikalle ja koriste-esineille, mik\u00e4 auttaa pit\u00e4m\u00e4\u00e4n kylpyhuoneesi j\u00e4rjestyksess\u00e4 ja sotkuttomana.<\/li>\n<li>Tilaa s\u00e4\u00e4st\u00e4v\u00e4 muotoilu: T\u00e4m\u00e4 sein\u00e4kaappi maksimoi pystysuoran tilan kylpyhuoneessa ja tarjoaa v\u00e4ltt\u00e4m\u00e4tt\u00f6m\u00e4n s\u00e4ilytystilan viem\u00e4tt\u00e4 arvokasta lattiatilaa, joten se on ihanteellinen pienempiin kylpyhuoneisiin.<\/li>\n<li>Mukautettava asennus: Kaappi voidaan koota kahteen kokoonpanoon, jolloin voit sijoittaa peilin ja oven joko oikealle tai vasemmalle puolelle ja avoimet hyllyt vastaavasti. T\u00e4m\u00e4 joustavuus varmistaa, ett\u00e4 se vastaa erityistarpeitasi ja mieltymyksi\u00e4si.<\/li>\n<li>Helppo huoltaa: Sile\u00e4n pinnan ansiosta kylpyhuoneen kaappi on helppo puhdistaa kostealla liinalla ja se tarvitsee vain v\u00e4h\u00e4ist\u00e4 huoltoa.<\/li>\n<\/ul>\n<p>Hyv\u00e4 tiet\u00e4\u00e4:<\/p>\n<ul>\n<li>Sein\u00e4\u00e4n kiinnitett\u00e4v\u00e4t ruuvit ja tulpat eiv\u00e4t sis\u00e4lly toimitukseen. Suosittelemme sinua etsim\u00e4\u00e4n ja k\u00e4ytt\u00e4m\u00e4\u00e4n sein\u00e4\u00e4si sopivia ruuveja ja tulppia. Jos olet ep\u00e4varma, kysy ammattilaisen neuvoa. Ole hyv\u00e4 ja lue kaikki ohjeet<\/li>\n<\/ul>\n<ul>\n<li>V\u00e4ri: savutammi<\/li>\n<li>Materiaali: tekninen puu, ter\u00e4s<\/li>\n<li>Kokonaismitat: 60 x 21 x 60 cm (L x S x K)<\/li>\n<li>Peilin koko (kukin): 25,5 x 51 cm (L x K)<\/li>\n<li>Peilien lukum\u00e4\u00e4r\u00e4: 2<\/li>\n<li>Kokonais max. kantavuus: 60 kg<\/li>\n<li>Maksimikantavuus hylly\u00e4 kohti: 20 kg<\/li>\n<li>Asennustyyppi: Sein\u00e4asennus<\/li>\n<li>Asennus vaaditaan: Kyll\u00e4<\/li>\n<\/ul>\n","protected":false},"excerpt":{"rendered":"<ul>\n<li>V\u00e4ri: savutammi<\/li>\n<li>Materiaali: tekninen puu, ter\u00e4s<\/li>\n<li>Kokonaismitat: 60 x 21 x 60 cm (L x S x K)<\/li>\n<li>Peilin koko (kukin): 25,5 x 51 cm (L x K)<\/li>\n<li>Peilien lukum\u00e4\u00e4r\u00e4: 2<\/li>\n<li>Kokonais max. kantavuus: 60 kg<\/li>\n<li>Maksimikantavuus hylly\u00e4 kohti: 20 kg<\/li>\n<li>Asennustyyppi: Sein\u00e4asennus<\/li>\n<li>Asennus vaaditaan: Kyll\u00e4<\/li>\n<\/ul>\n","protected":false},"featured_media":100000186230,"comment_status":"closed","ping_status":"closed","template":"","meta":[],"product_brand":[],"product_cat":[84,8561,8562],"product_tag":[],"class_list":{"0":"post-186230","1":"product","2":"type-product","3":"status-publish","4":"has-post-thumbnail","6":"product_cat-huonekalut","7":"product_cat-kampauspoydat","8":"product_cat-kylpyhuoneen-kampauspoydat","10":"first","11":"instock","12":"taxable","13":"shipping-taxable","14":"purchasable","15":"product-type-simple"},"_links":{"self":[{"href":"https:\/\/www.otiumhome.fi\/index.php\/wp-json\/wp\/v2\/product\/186230","targetHints":{"allow":["GET"]}}],"collection":[{"href":"https:\/\/www.otiumhome.fi\/index.php\/wp-json\/wp\/v2\/product"}],"about":[{"href":"https:\/\/www.otiumhome.fi\/index.php\/wp-json\/wp\/v2\/types\/product"}],"replies":[{"embeddable":true,"href":"https:\/\/www.otiumhome.fi\/index.php\/wp-json\/wp\/v2\/comments?post=186230"}],"wp:featuredmedia":[{"embeddable":true,"href":"https:\/\/www.otiumhome.fi\/index.php\/wp-json\/"}],"wp:attachment":[{"href":"https:\/\/www.otiumhome.fi\/index.php\/wp-json\/wp\/v2\/media?parent=186230"}],"wp:term":[{"taxonomy":"product_brand","embeddable":true,"href":"https:\/\/www.otiumhome.fi\/index.php\/wp-json\/wp\/v2\/product_brand?post=186230"},{"taxonomy":"product_cat","embeddable":true,"href":"https:\/\/www.otiumhome.fi\/index.php\/wp-json\/wp\/v2\/product_cat?post=186230"},{"taxonomy":"product_tag","embeddable":true,"href":"https:\/\/www.otiumhome.fi\/index.php\/wp-json\/wp\/v2\/product_tag?post=186230"}],"curies":[{"name":"wp","href":"https:\/\/api.w.org\/{rel}","templated":true}]}}