{"id":186211,"date":"2025-11-09T04:22:37","date_gmt":"2025-11-09T04:22:37","guid":{"rendered":"https:\/\/www.otiumhome.fi\/?p=186211"},"modified":"2026-01-18T13:20:46","modified_gmt":"2026-01-18T13:20:46","slug":"kylpyhuonekalustesetti-peililla-betoni-harmaa-60-x-383-x-45-cm","status":"publish","type":"product","link":"https:\/\/www.otiumhome.fi\/index.php\/tuote\/kylpyhuonekalustesetti-peililla-betoni-harmaa-60-x-383-x-45-cm\/","title":{"rendered":"Kylpyhuonekalustesetti peilill\u00e4 Betoni Harmaa 60 x 38,3 x 45 cm"},"content":{"rendered":"<p>T\u00e4m\u00e4 moderni kylpyhuonekalustesarja tuo tyylikkyytt\u00e4 ja k\u00e4yt\u00e4nn\u00f6llisyytt\u00e4. Suorakaiteen muotoinen muotoilu ja sile\u00e4t pinnat tuovat hienostunutta ilmett\u00e4. Se soveltuu hyvin niin moderneihin kuin perinteisiin ymp\u00e4rist\u00f6ihin, ja se auttaa optimoimaan kylpyhuoneen tilan pit\u00e4en sen siistin\u00e4 ja j\u00e4rjestyksess\u00e4.<\/p>\n<ul>\n<li><b>Teknisen puun rakenne:<\/b> Kest\u00e4v\u00e4 rakenne kest\u00e4\u00e4 kosteaa tilaa, ja sile\u00e4 pinta on helppo puhdistaa.<\/li>\n<li><b>Sein\u00e4kiinnitett\u00e4v\u00e4 muotoilu:<\/b> T\u00e4m\u00e4 s\u00e4\u00e4st\u00e4\u00e4 tilaa ja tuo siistin ilmeen ahtaammissa kylpyhuoneissa.<\/li>\n<li><b>Runsaasti s\u00e4ilytystilaa:<\/b> Ulosrullattavien laatikoiden avulla tavarat ovat helposti tavoitettavissa.<\/li>\n<li><b>Integroidut peilit:<\/b> Tasainen peili tuo selkeytt\u00e4 kauneusrituaaleihin.<\/li>\n<li><b>Helppo yll\u00e4pito:<\/b> Pyyhint\u00e4 kostealla liinalla pit\u00e4\u00e4 kalusteet upeina.<\/li>\n<\/ul>\n<ul>\n<li>V\u00e4ri: Betoni harmaa<\/li>\n<li>Materiaali: Tekninen puu<\/li>\n<li>Yleiset mitat: 60 x 38,5 x 45 cm (P x L x K)<\/li>\n<li>Paino: 17,2 kg<\/li>\n<li>Kest\u00e4v\u00e4<\/li>\n<li>Peili<\/li>\n<li>Yhdell\u00e4 laatikolla<\/li>\n<li>Tasainen peili<\/li>\n<li>Kehysmateriaali: Tekninen puu<\/li>\n<li>Vain sis\u00e4k\u00e4ytt\u00f6\u00f6n<\/li>\n<li>Kokoonpano vaaditaan: Kyll\u00e4<\/li>\n<li>Kiinnitys sis\u00e4lsi: Katto- \/ sein\u00e4kiinnitystarvikkeet &#8211; esim m\u00e4\u00e4r\u00e4tyt ruuvit tai sein\u00e4tulpat &#8211; eiv\u00e4t mukana<\/li>\n<\/ul>\n","protected":false},"excerpt":{"rendered":"<ul>\n<li>V\u00e4ri: Betoni harmaa<\/li>\n<li>Materiaali: Tekninen puu<\/li>\n<li>Yleiset mitat: 60 x 38,5 x 45 cm (P x L x K)<\/li>\n<li>Paino: 17,2 kg<\/li>\n<li>Kest\u00e4v\u00e4<\/li>\n<li>Peili<\/li>\n<li>Yhdell\u00e4 laatikolla<\/li>\n<li>Tasainen peili<\/li>\n<li>Kehysmateriaali: Tekninen puu<\/li>\n<li>Vain sis\u00e4k\u00e4ytt\u00f6\u00f6n<\/li>\n<li>Kokoonpano vaaditaan: Kyll\u00e4<\/li>\n<li>Kiinnitys sis\u00e4lsi: Katto- \/ sein\u00e4kiinnitystarvikkeet &#8211; esim m\u00e4\u00e4r\u00e4tyt ruuvit tai sein\u00e4tulpat &#8211; eiv\u00e4t mukana<\/li>\n<\/ul>\n","protected":false},"featured_media":100000186211,"comment_status":"closed","ping_status":"closed","template":"","meta":[],"product_brand":[],"product_cat":[84,8561,8562],"product_tag":[],"class_list":{"0":"post-186211","1":"product","2":"type-product","3":"status-publish","4":"has-post-thumbnail","6":"product_cat-huonekalut","7":"product_cat-kampauspoydat","8":"product_cat-kylpyhuoneen-kampauspoydat","10":"first","11":"instock","12":"taxable","13":"shipping-taxable","14":"purchasable","15":"product-type-simple"},"_links":{"self":[{"href":"https:\/\/www.otiumhome.fi\/index.php\/wp-json\/wp\/v2\/product\/186211","targetHints":{"allow":["GET"]}}],"collection":[{"href":"https:\/\/www.otiumhome.fi\/index.php\/wp-json\/wp\/v2\/product"}],"about":[{"href":"https:\/\/www.otiumhome.fi\/index.php\/wp-json\/wp\/v2\/types\/product"}],"replies":[{"embeddable":true,"href":"https:\/\/www.otiumhome.fi\/index.php\/wp-json\/wp\/v2\/comments?post=186211"}],"wp:featuredmedia":[{"embeddable":true,"href":"https:\/\/www.otiumhome.fi\/index.php\/wp-json\/"}],"wp:attachment":[{"href":"https:\/\/www.otiumhome.fi\/index.php\/wp-json\/wp\/v2\/media?parent=186211"}],"wp:term":[{"taxonomy":"product_brand","embeddable":true,"href":"https:\/\/www.otiumhome.fi\/index.php\/wp-json\/wp\/v2\/product_brand?post=186211"},{"taxonomy":"product_cat","embeddable":true,"href":"https:\/\/www.otiumhome.fi\/index.php\/wp-json\/wp\/v2\/product_cat?post=186211"},{"taxonomy":"product_tag","embeddable":true,"href":"https:\/\/www.otiumhome.fi\/index.php\/wp-json\/wp\/v2\/product_tag?post=186211"}],"curies":[{"name":"wp","href":"https:\/\/api.w.org\/{rel}","templated":true}]}}