{"id":185944,"date":"2025-11-09T01:56:44","date_gmt":"2025-11-09T01:56:44","guid":{"rendered":"https:\/\/www.otiumhome.fi\/?p=185944"},"modified":"2025-11-09T20:46:35","modified_gmt":"2025-11-09T20:46:35","slug":"ruokapoyta-170x90x75-cm-taysi-akaasiapuu","status":"publish","type":"product","link":"https:\/\/www.otiumhome.fi\/index.php\/tuote\/ruokapoyta-170x90x75-cm-taysi-akaasiapuu\/","title":{"rendered":"Ruokap\u00f6yt\u00e4 170x90x75 cm t\u00e4ysi akaasiapuu"},"content":{"rendered":"<p>T\u00e4m\u00e4 puinen, korkealaatuinen ja tyylik\u00e4s teollistyylinen ruokap\u00f6yt\u00e4 on upea lis\u00e4 ruokasaliin tai keitti\u00f6\u00f6n.<\/p>\n<\/p>\n<p>Ruokap\u00f6yt\u00e4 on todella tukeva ja kest\u00e4v\u00e4. P\u00f6yt\u00e4levy on valmistettu kiinte\u00e4st\u00e4 akaasiapuusta, joka on todella kest\u00e4v\u00e4 materiaali. P\u00f6yt\u00e4levyn reuna mukailee puun luonnollista muotoa tehden p\u00f6yd\u00e4st\u00e4 entist\u00e4 kauniimman. Ainutlaatuiset, U-muotoiset, jauhemaalatut metallijalat korostavat p\u00f6yd\u00e4n teollista tyyli\u00e4 ja tekev\u00e4t siit\u00e4 todella tukevan.<\/p>\n<\/p>\n<p>Otathan huomioon, ett\u00e4 puu on luonnontuote, joten siin\u00e4 voi olla ep\u00e4t\u00e4ydellisyyksi\u00e4.<\/p>\n<ul>\n<li>V\u00e4ri: ruskea ja musta<\/li>\n<li>Materiaali: \u00f6ljytty t\u00e4ysi akaasiapuu, jauhemaalattu metalli<\/li>\n<li>Mitat: 170 x 90 x 75 cm (P x L x K)<\/li>\n<li>P\u00f6yt\u00e4levyn paksuus: 3 cm<\/li>\n<li>Luonnollinen puun omaa muotoa mukaileva reuna<\/li>\n<li>Asennus vaaditaan: kyll\u00e4<\/li>\n<\/ul>\n","protected":false},"excerpt":{"rendered":"<ul>\n<li>V\u00e4ri: ruskea ja musta<\/li>\n<li>Materiaali: \u00f6ljytty t\u00e4ysi akaasiapuu, jauhemaalattu metalli<\/li>\n<li>Mitat: 170 x 90 x 75 cm (P x L x K)<\/li>\n<li>P\u00f6yt\u00e4levyn paksuus: 3 cm<\/li>\n<li>Luonnollinen puun omaa muotoa mukaileva reuna<\/li>\n<li>Asennus vaaditaan: kyll\u00e4<\/li>\n<\/ul>\n","protected":false},"featured_media":100000185944,"comment_status":"closed","ping_status":"closed","template":"","meta":[],"product_brand":[],"product_cat":[84,8543],"product_tag":[],"class_list":{"0":"post-185944","1":"product","2":"type-product","3":"status-publish","4":"has-post-thumbnail","6":"product_cat-huonekalut","7":"product_cat-keittion-ruokapoydat","9":"first","10":"instock","11":"taxable","12":"shipping-taxable","13":"purchasable","14":"product-type-simple"},"_links":{"self":[{"href":"https:\/\/www.otiumhome.fi\/index.php\/wp-json\/wp\/v2\/product\/185944","targetHints":{"allow":["GET"]}}],"collection":[{"href":"https:\/\/www.otiumhome.fi\/index.php\/wp-json\/wp\/v2\/product"}],"about":[{"href":"https:\/\/www.otiumhome.fi\/index.php\/wp-json\/wp\/v2\/types\/product"}],"replies":[{"embeddable":true,"href":"https:\/\/www.otiumhome.fi\/index.php\/wp-json\/wp\/v2\/comments?post=185944"}],"wp:featuredmedia":[{"embeddable":true,"href":"https:\/\/www.otiumhome.fi\/index.php\/wp-json\/"}],"wp:attachment":[{"href":"https:\/\/www.otiumhome.fi\/index.php\/wp-json\/wp\/v2\/media?parent=185944"}],"wp:term":[{"taxonomy":"product_brand","embeddable":true,"href":"https:\/\/www.otiumhome.fi\/index.php\/wp-json\/wp\/v2\/product_brand?post=185944"},{"taxonomy":"product_cat","embeddable":true,"href":"https:\/\/www.otiumhome.fi\/index.php\/wp-json\/wp\/v2\/product_cat?post=185944"},{"taxonomy":"product_tag","embeddable":true,"href":"https:\/\/www.otiumhome.fi\/index.php\/wp-json\/wp\/v2\/product_tag?post=185944"}],"curies":[{"name":"wp","href":"https:\/\/api.w.org\/{rel}","templated":true}]}}