{"id":185901,"date":"2025-11-09T01:50:54","date_gmt":"2025-11-09T01:50:54","guid":{"rendered":"https:\/\/www.otiumhome.fi\/?p=185901"},"modified":"2025-12-09T04:07:29","modified_gmt":"2025-12-09T04:07:29","slug":"konsolipoyta-hyllylla-luonnollinen-harmaa-110-x-30-x-80-cm","status":"publish","type":"product","link":"https:\/\/www.otiumhome.fi\/index.php\/tuote\/konsolipoyta-hyllylla-luonnollinen-harmaa-110-x-30-x-80-cm\/","title":{"rendered":"Konsolip\u00f6yt\u00e4 hyllyll\u00e4 Luonnollinen harmaa 110 x 30 x 80 cm"},"content":{"rendered":"<p>T\u00e4m\u00e4 moderni konsolip\u00f6yt\u00e4 on hienostunut vaihtoehto sisustukseen, yhdist\u00e4en tyylin ja k\u00e4yt\u00e4nn\u00f6llisyyden. Se on t\u00e4ydellinen esimerkki nykyajan suunnittelusta, joka parantaa mit\u00e4 tahansa olohuonetta puhtain linjoin ja tyylikk\u00e4\u00e4ll\u00e4 suorakaiteen muotoisella rakenteella. Olipa se hienostuneessa olohuoneessa tai vilkkaassa eteisess\u00e4, t\u00e4m\u00e4 p\u00f6yt\u00e4 s\u00e4teilee eleganssia ja tarjoaa k\u00e4yt\u00e4nn\u00f6n s\u00e4ilytys- ja esittelyratkaisuja.<\/p>\n<ul><\/br><\/p>\n<li><b>Korkealaatuinen t\u00e4ysi Mangopuu:<\/b> T\u00e4m\u00e4 p\u00f6yt\u00e4 on valmistettu t\u00e4ysist\u00e4 Mangopuista, jotka tarjoavat erinomaisen kest\u00e4vyyden ja kauniit puukuviointit. Ihanteellinen pitk\u00e4aikaiseen k\u00e4ytt\u00f6\u00f6n, puun luonnollinen vahvuus tukee suurta painoa, s\u00e4ilytt\u00e4en samalla tyylin ja vieh\u00e4tyksen vuosien varrella. <\/li>\n<p><\/br><\/p>\n<li><b>Levyhyllyt monik\u00e4ytt\u00f6isyyteen:<\/b> P\u00f6yd\u00e4ss\u00e4 on levyhyllyt, jotka voivat olla valmistettu eri materiaaleista kuten MDF:st\u00e4 tai lastulevyst\u00e4. N\u00e4m\u00e4 yksinkertaiset hyllyt parantavat p\u00f6yd\u00e4n toimivuutta, tarjoten runsaasti tilaa koristeille tai arkip\u00e4iv\u00e4n tarvikkeille h\u00e4iritsem\u00e4tt\u00e4 esteettisyytt\u00e4. <\/li>\n<p><\/br><\/p>\n<li><b>Moderni suorakaiteen muoto:<\/b> T\u00e4m\u00e4 suorakaiteen muotoinen konsolip\u00f6yt\u00e4 edustaa modernin huonekalusuunnittelun yksinkertaisuutta ja toimivuutta. Se mahtuu tiiviisti sein\u00e4\u00e4 vasten kompakteissa tiloissa, kuten k\u00e4yt\u00e4viss\u00e4, optimoi tilaa tehokkaasti ja luo siisti\u00e4 kodikasta tunnelmaa. <\/li>\n<p><\/br><\/p>\n<li><b>Ergonomiset neli\u00f6jalat:<\/b> Neli\u00f6jaloilla, jotka on valmistettu t\u00e4ysist\u00e4 Mangopuista, p\u00f6yt\u00e4 varmistaa vakauden kaikille osilleen. Minimalaistisella ilmeell\u00e4 varustetut jalat sopivat t\u00e4ydellisesti moderniin tyyliin ja t\u00e4ytt\u00e4v\u00e4t toiminnallisuuden vaatimukset. <\/li>\n<p><\/br><\/p>\n<li><b>Minimalistinen huolto:<\/b> Puhdistaminen sujuu helposti vain kuiva liina pyyhkim\u00e4ll\u00e4. T\u00e4m\u00e4 vaatii vain v\u00e4h\u00e4n huoltoa, ja pit\u00e4\u00e4 p\u00f6yd\u00e4n kunnossa p\u00e4ivitt\u00e4isess\u00e4 k\u00e4yt\u00f6ss\u00e4. T\u00e4m\u00e4 helppo hoito lis\u00e4\u00e4 p\u00f6yd\u00e4n vieh\u00e4tyst\u00e4 k\u00e4yt\u00e4nn\u00f6llisyyden etsij\u00f6ille tyylin ohella. <\/li>\n<p><\/br><\/ul>\n<ul>\n<li>V\u00e4ri: Luonnollinen harmaa<\/li>\n<li>Materiaali: Kiinte\u00e4 mango puu<\/li>\n<li>Yleiset mitat: 110 x 30 x 80 cm (P x L x K)<\/li>\n<li>Paino: 19,43 kg<\/li>\n<li>Kest\u00e4v\u00e4<\/li>\n<li>Laatikolla<\/li>\n<li>1 hyllyll\u00e4<\/li>\n<li>Kehysmateriaali: T\u00e4ysi mangopuu<\/li>\n<li>Sis\u00e4- \/ ulkotiloissa: Vain sis\u00e4k\u00e4ytt\u00f6\u00f6n<\/li>\n<li>Toimitus-:<\/li>\n<li>1 x konsolip\u00f6yt\u00e4<\/li>\n<li>Kokoonpano vaaditaan: Kyll\u00e4<\/li>\n<\/ul>\n","protected":false},"excerpt":{"rendered":"<ul>\n<li>V\u00e4ri: Luonnollinen harmaa<\/li>\n<li>Materiaali: Kiinte\u00e4 mango puu<\/li>\n<li>Yleiset mitat: 110 x 30 x 80 cm (P x L x K)<\/li>\n<li>Paino: 19,43 kg<\/li>\n<li>Kest\u00e4v\u00e4<\/li>\n<li>Laatikolla<\/li>\n<li>1 hyllyll\u00e4<\/li>\n<li>Kehysmateriaali: T\u00e4ysi mangopuu<\/li>\n<li>Sis\u00e4- \/ ulkotiloissa: Vain sis\u00e4k\u00e4ytt\u00f6\u00f6n<\/li>\n<li>Toimitus-:<\/li>\n<li>1 x konsolip\u00f6yt\u00e4<\/li>\n<li>Kokoonpano vaaditaan: Kyll\u00e4<\/li>\n<\/ul>\n","protected":false},"featured_media":100000185901,"comment_status":"closed","ping_status":"closed","template":"","meta":[],"product_brand":[],"product_cat":[8534,84,8533],"product_tag":[],"class_list":{"0":"post-185901","1":"product","2":"type-product","3":"status-publish","4":"has-post-thumbnail","6":"product_cat-apupoydat","7":"product_cat-huonekalut","8":"product_cat-sivupoydat","10":"first","11":"instock","12":"taxable","13":"shipping-taxable","14":"purchasable","15":"product-type-simple"},"_links":{"self":[{"href":"https:\/\/www.otiumhome.fi\/index.php\/wp-json\/wp\/v2\/product\/185901","targetHints":{"allow":["GET"]}}],"collection":[{"href":"https:\/\/www.otiumhome.fi\/index.php\/wp-json\/wp\/v2\/product"}],"about":[{"href":"https:\/\/www.otiumhome.fi\/index.php\/wp-json\/wp\/v2\/types\/product"}],"replies":[{"embeddable":true,"href":"https:\/\/www.otiumhome.fi\/index.php\/wp-json\/wp\/v2\/comments?post=185901"}],"wp:featuredmedia":[{"embeddable":true,"href":"https:\/\/www.otiumhome.fi\/index.php\/wp-json\/"}],"wp:attachment":[{"href":"https:\/\/www.otiumhome.fi\/index.php\/wp-json\/wp\/v2\/media?parent=185901"}],"wp:term":[{"taxonomy":"product_brand","embeddable":true,"href":"https:\/\/www.otiumhome.fi\/index.php\/wp-json\/wp\/v2\/product_brand?post=185901"},{"taxonomy":"product_cat","embeddable":true,"href":"https:\/\/www.otiumhome.fi\/index.php\/wp-json\/wp\/v2\/product_cat?post=185901"},{"taxonomy":"product_tag","embeddable":true,"href":"https:\/\/www.otiumhome.fi\/index.php\/wp-json\/wp\/v2\/product_tag?post=185901"}],"curies":[{"name":"wp","href":"https:\/\/api.w.org\/{rel}","templated":true}]}}