{"id":185897,"date":"2025-11-09T01:50:35","date_gmt":"2025-11-09T01:50:35","guid":{"rendered":"https:\/\/www.otiumhome.fi\/?p=185897"},"modified":"2025-11-09T20:26:08","modified_gmt":"2025-11-09T20:26:08","slug":"konsolipoyta-130x40x80-cm-kierratetty-puu","status":"publish","type":"product","link":"https:\/\/www.otiumhome.fi\/index.php\/tuote\/konsolipoyta-130x40x80-cm-kierratetty-puu\/","title":{"rendered":"Konsolip\u00f6yt\u00e4 130x40x80 cm kierr\u00e4tetty puu"},"content":{"rendered":"<p>Tuo ripaus maalaismaista tyyli\u00e4 sisustukseesi kierr\u00e4tetyst\u00e4 puusta valmistetulla konsolip\u00f6yd\u00e4ll\u00e4mme! Sen kovapuinen p\u00f6yt\u00e4levy tarjoaa vakaan ja turvallisen pinnan lasien, maljakkojen, hedelmien ja muiden koristeiden sijoittamiseen.<\/p>\n<\/p>\n<p>Antiikkityylinen p\u00f6yt\u00e4 on tehty t\u00e4ydest\u00e4 kierr\u00e4tetyst\u00e4 puusta, joka on saatu kaatuneista puista, puisista tavaravaunuista, veneiden puusta, palkeista, lattioista ja vanhoista puretuista rakennuksista, ja se voi koostua erityyppisist\u00e4 puista, kuten mahonki, m\u00e4nty, tiikki, py\u00f6kki, tammi, setri, mangopuu, akaasia jne. T\u00e4m\u00e4 tarkoittaa, ett\u00e4 kierr\u00e4tetyll\u00e4 puulla on n\u00e4iden erityyppisten puulajien ominaisuudet ja voit l\u00f6yt\u00e4\u00e4 niist\u00e4 nauloja, ruuveja, koloja sek\u00e4 muita ep\u00e4t\u00e4ydellisyyksi\u00e4, mutta n\u00e4m\u00e4 puutteet osoittavat puun rikkaan historian ja antavat huonekaluille l\u00e4mpim\u00e4n ja aidon ilmeen. Konsolip\u00f6yt\u00e4 on helppo koota.<\/p>\n<\/p>\n<p>T\u00e4rke\u00e4 huomio: Puun pintakuviot ja v\u00e4rit vaihtelevat kappaleesta toiseen, mik\u00e4 tekee jokaisesta konsolip\u00f6yd\u00e4st\u00e4 ainutlaatuisen. Toimitus on sattumanvarainen, joka takaa tuotteesi ainutlaatuisuuden.<\/p>\n<ul>\n<li>Materiaali: sekoitettu kierr\u00e4tyspuu (bangkirai, mindi, meranti, mahonki, m\u00e4nty, tiikki, akaasia, merbau)<\/li>\n<li>Mitat: 130 x 40 x 80 cm (L x S x K)<\/li>\n<\/ul>\n","protected":false},"excerpt":{"rendered":"<ul>\n<li>Materiaali: sekoitettu kierr\u00e4tyspuu (bangkirai, mindi, meranti, mahonki, m\u00e4nty, tiikki, akaasia, merbau)<\/li>\n<li>Mitat: 130 x 40 x 80 cm (L x S x K)<\/li>\n<\/ul>\n","protected":false},"featured_media":100000185897,"comment_status":"closed","ping_status":"closed","template":"","meta":[],"product_brand":[],"product_cat":[8534,84,8533],"product_tag":[],"class_list":{"0":"post-185897","1":"product","2":"type-product","3":"status-publish","4":"has-post-thumbnail","6":"product_cat-apupoydat","7":"product_cat-huonekalut","8":"product_cat-sivupoydat","10":"first","11":"instock","12":"taxable","13":"shipping-taxable","14":"purchasable","15":"product-type-simple"},"_links":{"self":[{"href":"https:\/\/www.otiumhome.fi\/index.php\/wp-json\/wp\/v2\/product\/185897","targetHints":{"allow":["GET"]}}],"collection":[{"href":"https:\/\/www.otiumhome.fi\/index.php\/wp-json\/wp\/v2\/product"}],"about":[{"href":"https:\/\/www.otiumhome.fi\/index.php\/wp-json\/wp\/v2\/types\/product"}],"replies":[{"embeddable":true,"href":"https:\/\/www.otiumhome.fi\/index.php\/wp-json\/wp\/v2\/comments?post=185897"}],"wp:featuredmedia":[{"embeddable":true,"href":"https:\/\/www.otiumhome.fi\/index.php\/wp-json\/"}],"wp:attachment":[{"href":"https:\/\/www.otiumhome.fi\/index.php\/wp-json\/wp\/v2\/media?parent=185897"}],"wp:term":[{"taxonomy":"product_brand","embeddable":true,"href":"https:\/\/www.otiumhome.fi\/index.php\/wp-json\/wp\/v2\/product_brand?post=185897"},{"taxonomy":"product_cat","embeddable":true,"href":"https:\/\/www.otiumhome.fi\/index.php\/wp-json\/wp\/v2\/product_cat?post=185897"},{"taxonomy":"product_tag","embeddable":true,"href":"https:\/\/www.otiumhome.fi\/index.php\/wp-json\/wp\/v2\/product_tag?post=185897"}],"curies":[{"name":"wp","href":"https:\/\/api.w.org\/{rel}","templated":true}]}}