{"id":185345,"date":"2025-11-04T04:09:55","date_gmt":"2025-11-04T04:09:55","guid":{"rendered":"https:\/\/www.otiumhome.fi\/?p=185345"},"modified":"2025-12-14T08:06:40","modified_gmt":"2025-12-14T08:06:40","slug":"nojatuoli-musta-aito-nahka","status":"publish","type":"product","link":"https:\/\/www.otiumhome.fi\/index.php\/tuote\/nojatuoli-musta-aito-nahka\/","title":{"rendered":"Nojatuoli musta aito nahka"},"content":{"rendered":"<p>T\u00e4m\u00e4 ylellinen, aidosta nahasta valmistettu nojatuoli on t\u00e4ydellinen istuinratkaisu, jossa voit nauttia jutustelusta, lukea, katsella televisiota tai vain rentoutua.<\/p>\n<\/p>\n<ul>\n<li>Aito nahka: Aito nahka on luonnostaan ajaton materiaali. Se voi kest\u00e4\u00e4 elini\u00e4n asianmukaisella hoidolla ja huollolla. Sile\u00e4 pinta antaa sille my\u00f6s ylellisen ilmeen, samalla se varmistaa optimaalisen mukavuuden. Aidosta nahasta valmistettu nojatuoli on helppo puhdistaa.<\/li>\n<li>Puurunko: T\u00e4ydest\u00e4 mangopuusta valmistettu runko takaa nojatuolin tukevuuden ja vakauden.<\/li>\n<li>Mukava istumakokemus: Paksusti pehmustettu istuintyyny ja k\u00e4sinojat tarjoavat lis\u00e4mukavuutta istumisen aikana.<\/li>\n<\/ul>\n<ul>\n<li>V\u00e4ri: Musta<\/li>\n<li>Materiaali: Aito nahka, t\u00e4ysi mangopuu<\/li>\n<li>Kokonaismitat: 58 x 54 x 70 cm (L x S x K)<\/li>\n<li>Istuimen koko: 42 x 36 cm (L x S)<\/li>\n<li>Jalkojen korkeus: 16 cm<\/li>\n<li>Asennus vaaditaan: Kyll\u00e4<\/li>\n<\/ul>\n","protected":false},"excerpt":{"rendered":"<ul>\n<li>V\u00e4ri: Musta<\/li>\n<li>Materiaali: Aito nahka, t\u00e4ysi mangopuu<\/li>\n<li>Kokonaismitat: 58 x 54 x 70 cm (L x S x K)<\/li>\n<li>Istuimen koko: 42 x 36 cm (L x S)<\/li>\n<li>Jalkojen korkeus: 16 cm<\/li>\n<li>Asennus vaaditaan: Kyll\u00e4<\/li>\n<\/ul>\n","protected":false},"featured_media":100000185345,"comment_status":"closed","ping_status":"closed","template":"","meta":[],"product_brand":[],"product_cat":[84,8568],"product_tag":[],"class_list":{"0":"post-185345","1":"product","2":"type-product","3":"status-publish","4":"has-post-thumbnail","6":"product_cat-huonekalut","7":"product_cat-noja-mekanismi-vuodetuolit","9":"first","10":"instock","11":"taxable","12":"shipping-taxable","13":"purchasable","14":"product-type-simple"},"_links":{"self":[{"href":"https:\/\/www.otiumhome.fi\/index.php\/wp-json\/wp\/v2\/product\/185345","targetHints":{"allow":["GET"]}}],"collection":[{"href":"https:\/\/www.otiumhome.fi\/index.php\/wp-json\/wp\/v2\/product"}],"about":[{"href":"https:\/\/www.otiumhome.fi\/index.php\/wp-json\/wp\/v2\/types\/product"}],"replies":[{"embeddable":true,"href":"https:\/\/www.otiumhome.fi\/index.php\/wp-json\/wp\/v2\/comments?post=185345"}],"wp:featuredmedia":[{"embeddable":true,"href":"https:\/\/www.otiumhome.fi\/index.php\/wp-json\/"}],"wp:attachment":[{"href":"https:\/\/www.otiumhome.fi\/index.php\/wp-json\/wp\/v2\/media?parent=185345"}],"wp:term":[{"taxonomy":"product_brand","embeddable":true,"href":"https:\/\/www.otiumhome.fi\/index.php\/wp-json\/wp\/v2\/product_brand?post=185345"},{"taxonomy":"product_cat","embeddable":true,"href":"https:\/\/www.otiumhome.fi\/index.php\/wp-json\/wp\/v2\/product_cat?post=185345"},{"taxonomy":"product_tag","embeddable":true,"href":"https:\/\/www.otiumhome.fi\/index.php\/wp-json\/wp\/v2\/product_tag?post=185345"}],"curies":[{"name":"wp","href":"https:\/\/api.w.org\/{rel}","templated":true}]}}