{"id":185344,"date":"2025-11-04T04:09:52","date_gmt":"2025-11-04T04:09:52","guid":{"rendered":"https:\/\/www.otiumhome.fi\/?p=185344"},"modified":"2025-12-14T07:00:54","modified_gmt":"2025-12-14T07:00:54","slug":"tv-kaappi-hyllylla-ruskea-100-x-335-x-46-cm-kiintea-mango-puu","status":"publish","type":"product","link":"https:\/\/www.otiumhome.fi\/index.php\/tuote\/tv-kaappi-hyllylla-ruskea-100-x-335-x-46-cm-kiintea-mango-puu\/","title":{"rendered":"TV-kaappi hyllyll\u00e4 Ruskea 100 x 33,5 x 46 cm Kiinte\u00e4 mango puu"},"content":{"rendered":"<p>T\u00e4m\u00e4 suorakaiteen muotoinen TV-kaappi yhdist\u00e4\u00e4 tyyli\u00e4 ja toimivuutta, sopien t\u00e4ydellisesti nykyaikaiseen elintilaan. Sen tyylikk\u00e4\u00e4t linjat ja ruskea s\u00e4vy luovat hienostuneen taustan median esittelyyn, ja se toimii my\u00f6s kest\u00e4v\u00e4ss\u00e4 s\u00e4ilytt\u00e4misess\u00e4 t\u00e4yden mangopuun ansiosta.<\/p>\n<ul>\n<li><b>T\u00e4ysi Mangopuu:<\/b> T\u00e4m\u00e4 TV-kaappi on tehty kest\u00e4v\u00e4st\u00e4 t\u00e4ysist\u00e4 mangopuista. Materiaali on tunnettu kest\u00e4vyydest\u00e4\u00e4n, joten se kest\u00e4\u00e4 p\u00e4ivitt\u00e4ist\u00e4 k\u00e4ytt\u00f6\u00e4. Luonnollinen viimeistely tuo kauniita ruskeita s\u00e4vyj\u00e4, jotka parantavat kaapin ulkon\u00e4k\u00f6\u00e4 ja sulautuvat muihin sisustuksiin.<\/li>\n<li><b>Toiminnallinen Suunnittelu:<\/b> Suorakaiteen muoto optimoi tilan, pit\u00e4en sen siistin\u00e4 ja helppok\u00e4ytt\u00f6isen\u00e4. Kaappi tarjoaa paljon s\u00e4ilytysratkaisuja levyhyllyill\u00e4, jotka sopivat mediakomponenteille, kirjoille tai koriste-esineille. Moderni muotoilu puhtailla linjoilla ja v\u00e4h\u00e4isell\u00e4 koristeellisuudella tekee siit\u00e4 visuaalisesti miellytt\u00e4v\u00e4n. <\/li>\n<li><b>Helppo Kokoaminen:<\/b> Kokoaminen on helppoa, ja se vaatii vain ruuvimeisselin ja kaverin apua. Kaikki osat on suunniteltu niin, ett\u00e4 ne sopivat t\u00e4ydellisesti yhteen, pit\u00e4en kaapin vakaana. Selke\u00e4t ohjeet tekev\u00e4t kokoamisesta vaivatonta.<\/li>\n<li><b>Vain Sis\u00e4k\u00e4ytt\u00f6\u00f6n:<\/b> T\u00e4ydellinen sis\u00e4tiloihin, t\u00e4m\u00e4 kaappi on hyv\u00e4 valinta olohuoneisiin, makuuhuoneisiin tai viihdealueisiin. Se on k\u00e4yt\u00e4nn\u00f6llinen ja tuo eleganssia modernilla designillaan.<\/li>\n<li><b>Hoito ja Yll\u00e4pito:<\/b> Pid\u00e4 kaappi hyv\u00e4ss\u00e4 kunnossa pyyhkim\u00e4ll\u00e4 sit\u00e4 s\u00e4\u00e4nn\u00f6llisesti kuivalta liinalta. V\u00e4lt\u00e4 \u00e4\u00e4rimm\u00e4ist\u00e4 kosteutta tai suoraa auringonvaloa, jotta luonnollinen viimeistely s\u00e4ilyy. N\u00e4iden helppojen hoito-ohjeiden avulla kaappi pysyy pitk\u00e4\u00e4n osana sisustustasi.<\/li>\n<\/ul>\n<ul>\n<li>V\u00e4ri: Ruskea<\/li>\n<li>Materiaali: Kiinte\u00e4 mango puu<\/li>\n<li>Yleiset mitat: 100 x 33,5 x 46 cm (P x L x K)<\/li>\n<li>Paino: 20,19 kg<\/li>\n<li>Kest\u00e4v\u00e4<\/li>\n<li>2 laatikoilla<\/li>\n<li>Mukana 5 levyhyllyt<\/li>\n<li>Vain sis\u00e4k\u00e4ytt\u00f6\u00f6n<\/li>\n<li>Toimitus-:<\/li>\n<li>1 x TV-taso<\/li>\n<li>Kokoonpano vaaditaan: Kyll\u00e4<\/li>\n<\/ul>\n","protected":false},"excerpt":{"rendered":"<ul>\n<li>V\u00e4ri: Ruskea<\/li>\n<li>Materiaali: Kiinte\u00e4 mango puu<\/li>\n<li>Yleiset mitat: 100 x 33,5 x 46 cm (P x L x K)<\/li>\n<li>Paino: 20,19 kg<\/li>\n<li>Kest\u00e4v\u00e4<\/li>\n<li>2 laatikoilla<\/li>\n<li>Mukana 5 levyhyllyt<\/li>\n<li>Vain sis\u00e4k\u00e4ytt\u00f6\u00f6n<\/li>\n<li>Toimitus-:<\/li>\n<li>1 x TV-taso<\/li>\n<li>Kokoonpano vaaditaan: Kyll\u00e4<\/li>\n<\/ul>\n","protected":false},"featured_media":100000185344,"comment_status":"closed","ping_status":"closed","template":"","meta":[],"product_brand":[],"product_cat":[84,8567],"product_tag":[],"class_list":{"0":"post-185344","1":"product","2":"type-product","3":"status-publish","4":"has-post-thumbnail","6":"product_cat-huonekalut","7":"product_cat-medialaitekaapit-telineet","9":"first","10":"instock","11":"taxable","12":"shipping-taxable","13":"purchasable","14":"product-type-simple"},"_links":{"self":[{"href":"https:\/\/www.otiumhome.fi\/index.php\/wp-json\/wp\/v2\/product\/185344","targetHints":{"allow":["GET"]}}],"collection":[{"href":"https:\/\/www.otiumhome.fi\/index.php\/wp-json\/wp\/v2\/product"}],"about":[{"href":"https:\/\/www.otiumhome.fi\/index.php\/wp-json\/wp\/v2\/types\/product"}],"replies":[{"embeddable":true,"href":"https:\/\/www.otiumhome.fi\/index.php\/wp-json\/wp\/v2\/comments?post=185344"}],"wp:featuredmedia":[{"embeddable":true,"href":"https:\/\/www.otiumhome.fi\/index.php\/wp-json\/"}],"wp:attachment":[{"href":"https:\/\/www.otiumhome.fi\/index.php\/wp-json\/wp\/v2\/media?parent=185344"}],"wp:term":[{"taxonomy":"product_brand","embeddable":true,"href":"https:\/\/www.otiumhome.fi\/index.php\/wp-json\/wp\/v2\/product_brand?post=185344"},{"taxonomy":"product_cat","embeddable":true,"href":"https:\/\/www.otiumhome.fi\/index.php\/wp-json\/wp\/v2\/product_cat?post=185344"},{"taxonomy":"product_tag","embeddable":true,"href":"https:\/\/www.otiumhome.fi\/index.php\/wp-json\/wp\/v2\/product_tag?post=185344"}],"curies":[{"name":"wp","href":"https:\/\/api.w.org\/{rel}","templated":true}]}}