{"id":185337,"date":"2025-11-04T04:04:41","date_gmt":"2025-11-04T04:04:41","guid":{"rendered":"https:\/\/www.otiumhome.fi\/?p=185337"},"modified":"2025-12-09T07:47:08","modified_gmt":"2025-12-09T07:47:08","slug":"korkea-kaappi-laatikon-kanssa-harmaa-ja-kulta-60-x-33-x-100-cm","status":"publish","type":"product","link":"https:\/\/www.otiumhome.fi\/index.php\/tuote\/korkea-kaappi-laatikon-kanssa-harmaa-ja-kulta-60-x-33-x-100-cm\/","title":{"rendered":"Korkea kaappi laatikon kanssa Harmaa ja kulta 60 x 33 x 100 cm"},"content":{"rendered":"<p>T\u00e4m\u00e4 korkea kaappi on moderni, suorakaiteen muotoinen s\u00e4ilytysyksikk\u00f6, joka nostaa olohuoneen esteettisyytt\u00e4 ja k\u00e4yt\u00e4nn\u00f6llisyytt\u00e4. Valmistettu t\u00e4ysin mangopuusta ja teknisest\u00e4 puusta, t\u00e4m\u00e4 yksikk\u00f6 yhdist\u00e4\u00e4 luonnolliset tekstuurit ja nykyaikaisen suunnittelun. Kaunis kultainen silkscreen-painatus tekee siit\u00e4 huoneen katseenvangitsijan, jolla on hienostunut tyyli. K\u00e4ytt\u00e4j\u00e4t arvostavat sen runsaasti s\u00e4ilytystilaa, joka sopii monenlaisille esineille, kuten ruokailuv\u00e4lineille ja koristeille, samalla kun se toimii tyylikk\u00e4\u00e4n\u00e4 keskipisteen\u00e4 huoneessa.<\/p>\n<ul>\n<li><b>Laadukas rakenne:<\/b> T\u00e4m\u00e4 korkea kaappi on tehty t\u00e4ysin mangopuusta ja teknisest\u00e4 puusta, mik\u00e4 takaa pitk\u00e4n k\u00e4ytt\u00f6i\u00e4n. Mango tuo rikkaan tekstuurin, kun taas tekninen puu lis\u00e4\u00e4 kest\u00e4vyytt\u00e4, tehden kalusteesta luotettavan s\u00e4ilytysratkaisun vuosiksi eteenp\u00e4in.<\/li>\n<li><b>Kultainen silkscreen-painatus:<\/b> Kauniit kultaiset silkscreen-painatukset tuovat ripauksen hienostuneisuutta mihin tahansa tilaan. Modernit ja taiteelliset kuviot tekev\u00e4t siit\u00e4 huomion her\u00e4tt\u00e4v\u00e4n lis\u00e4yksen, joka yhdistyy t\u00e4ydellisesti muiden koriste-elementtien kanssa.<\/li>\n<li><b>Messinkiosat:<\/b> Kaappi on varustettu messinkikahvoilla ja jaloilla, jotka korostavat sen eleganttia tyyli\u00e4. Messinkiosat eiv\u00e4t vain tuo visuaalista kontrastia, vaan tekev\u00e4t ovien avaamisesta ja sulkemisesta sujuvampaa, parantaen kaapin toimivuutta.<\/li>\n<li><b>K\u00e4yt\u00e4nn\u00f6llinen s\u00e4ilytysratkaisu:<\/b> Suunniteltu saranoitujen ovien kanssa, t\u00e4m\u00e4 korkea kaappi tarjoaa runsaasti s\u00e4ilytystilaa, pit\u00e4en samalla modernin ja siistin ilmeen. Se on loistava ratkaisu eri esineiden j\u00e4rjest\u00e4miseen, jolloin olohuone pysyy siistin\u00e4 ja esteettisesti miellytt\u00e4v\u00e4n\u00e4.<\/li>\n<li><b>Helppo hoito:<\/b> Kaappi vaatii vain v\u00e4h\u00e4n hoitoa n\u00e4hd\u00e4kseen kauniina. Pyyhi se vain kuivalla liinalla huolehtiaksesi pinnasta. Kest\u00e4v\u00e4 materiaali on aina esteettisesti miellytt\u00e4v\u00e4 ja varmistaa pitk\u00e4n aikav\u00e4lin vieh\u00e4tyksen. Olipa kyseess\u00e4 j\u00e4rjestetty s\u00e4ilytys tai koristeellinen esittely, t\u00e4m\u00e4 korkea kaappi on kest\u00e4v\u00e4 osa, joka sulautuu vaivattomasti eri sisustustyyleihin.<\/li>\n<\/ul>\n<ul>\n<li>V\u00e4ri: Harmaa ja kulta<\/li>\n<li>Materiaali: Kiinte\u00e4 mango puu<\/li>\n<li>Yleiset mitat: 60 x 33 x 100 cm (P x L x K)<\/li>\n<li>Paino: 23,18 kg<\/li>\n<li>Kanssa kultainen painettu muotoilu<\/li>\n<li>Messinkivetimill\u00e4<\/li>\n<li>Oven kanssa<\/li>\n<li>Yhdell\u00e4 laatikolla<\/li>\n<li>Hyllyll\u00e4<\/li>\n<li>Mukana 2 saranoidut ovet<\/li>\n<li>Vain sis\u00e4k\u00e4ytt\u00f6\u00f6n<\/li>\n<li>Toimitus-:<\/li>\n<li>1 x korkea kaappi<\/li>\n<li>Kokoonpano vaaditaan: Kyll\u00e4<\/li>\n<\/ul>\n","protected":false},"excerpt":{"rendered":"<ul>\n<li>V\u00e4ri: Harmaa ja kulta<\/li>\n<li>Materiaali: Kiinte\u00e4 mango puu<\/li>\n<li>Yleiset mitat: 60 x 33 x 100 cm (P x L x K)<\/li>\n<li>Paino: 23,18 kg<\/li>\n<li>Kanssa kultainen painettu muotoilu<\/li>\n<li>Messinkivetimill\u00e4<\/li>\n<li>Oven kanssa<\/li>\n<li>Yhdell\u00e4 laatikolla<\/li>\n<li>Hyllyll\u00e4<\/li>\n<li>Mukana 2 saranoidut ovet<\/li>\n<li>Vain sis\u00e4k\u00e4ytt\u00f6\u00f6n<\/li>\n<li>Toimitus-:<\/li>\n<li>1 x korkea kaappi<\/li>\n<li>Kokoonpano vaaditaan: Kyll\u00e4<\/li>\n<\/ul>\n","protected":false},"featured_media":100000185337,"comment_status":"closed","ping_status":"closed","template":"","meta":[],"product_brand":[],"product_cat":[84,8567],"product_tag":[],"class_list":{"0":"post-185337","1":"product","2":"type-product","3":"status-publish","4":"has-post-thumbnail","6":"product_cat-huonekalut","7":"product_cat-medialaitekaapit-telineet","9":"first","10":"instock","11":"taxable","12":"shipping-taxable","13":"purchasable","14":"product-type-simple"},"_links":{"self":[{"href":"https:\/\/www.otiumhome.fi\/index.php\/wp-json\/wp\/v2\/product\/185337","targetHints":{"allow":["GET"]}}],"collection":[{"href":"https:\/\/www.otiumhome.fi\/index.php\/wp-json\/wp\/v2\/product"}],"about":[{"href":"https:\/\/www.otiumhome.fi\/index.php\/wp-json\/wp\/v2\/types\/product"}],"replies":[{"embeddable":true,"href":"https:\/\/www.otiumhome.fi\/index.php\/wp-json\/wp\/v2\/comments?post=185337"}],"wp:featuredmedia":[{"embeddable":true,"href":"https:\/\/www.otiumhome.fi\/index.php\/wp-json\/"}],"wp:attachment":[{"href":"https:\/\/www.otiumhome.fi\/index.php\/wp-json\/wp\/v2\/media?parent=185337"}],"wp:term":[{"taxonomy":"product_brand","embeddable":true,"href":"https:\/\/www.otiumhome.fi\/index.php\/wp-json\/wp\/v2\/product_brand?post=185337"},{"taxonomy":"product_cat","embeddable":true,"href":"https:\/\/www.otiumhome.fi\/index.php\/wp-json\/wp\/v2\/product_cat?post=185337"},{"taxonomy":"product_tag","embeddable":true,"href":"https:\/\/www.otiumhome.fi\/index.php\/wp-json\/wp\/v2\/product_tag?post=185337"}],"curies":[{"name":"wp","href":"https:\/\/api.w.org\/{rel}","templated":true}]}}