{"id":185288,"date":"2025-11-04T03:51:29","date_gmt":"2025-11-04T03:51:29","guid":{"rendered":"https:\/\/www.otiumhome.fi\/?p=185288"},"modified":"2025-12-09T07:37:37","modified_gmt":"2025-12-09T07:37:37","slug":"kylpyhuonekaappi-kierratetty-tukeva-puu-ja-valmistettu-puu","status":"publish","type":"product","link":"https:\/\/www.otiumhome.fi\/index.php\/tuote\/kylpyhuonekaappi-kierratetty-tukeva-puu-ja-valmistettu-puu\/","title":{"rendered":"Kylpyhuonekaappi Kierr\u00e4tetty tukeva puu ja valmistettu puu"},"content":{"rendered":"<p>T\u00e4ss\u00e4 on tyylik\u00e4s kylpyhuonekaappi, joka tuo sek\u00e4 tyyli\u00e4 ett\u00e4 k\u00e4yt\u00e4nn\u00f6llisyytt\u00e4 kylpyhuoneeseesi. Sen minimalistinen muotoilu sulautuu helposti nykyaikaiseen sisustukseen ja tarjoaa hienon tilan tavaroiden s\u00e4ilytt\u00e4miseksi.<\/p>\n<ul><\/br><\/p>\n<li><b>Moderni yksinkertaisuus:<\/b> Tyylik\u00e4s muotoilu tuo hienostuneisuutta kylpyhuoneeseen. Minimalistinen tyyli, jossa on puhtaat linjat, sulautuu t\u00e4ydellisesti moderneihin tiloihin ja tekee siit\u00e4 elegantin sisustuselementin.<\/li>\n<p><\/br><\/p>\n<li><b>Tilank\u00e4yt\u00f6n tehokkuus:<\/b> Mitat 60 x 33 x 55 cm, t\u00e4m\u00e4 kompakti kaappi vie v\u00e4h\u00e4n tilaa, mutta tarjoaa silti riitt\u00e4v\u00e4sti tilaa muille kalusteille. Sen \u00e4lyk\u00e4s muotoilu maksimoi s\u00e4ilytyksen pit\u00e4en jalanj\u00e4ljen pienen\u00e4.<\/li>\n<p><\/br><\/p>\n<li><b>Runsaat s\u00e4ilytysmahdollisuudet:<\/b> Monipuoliset hyllyt ja lokerot tarjoavat riitt\u00e4v\u00e4sti tilaa hygieniatuotteille ja pyyhkeille. Muotoilu huomioi erilaiset s\u00e4ilytystarpeet ja auttaa pit\u00e4m\u00e4\u00e4n kylpyhuoneen siistin\u00e4.<\/li>\n<p><\/br><\/p>\n<li><b>Sis\u00e4k\u00e4ytt\u00f6\u00f6n ihanteellinen:<\/b> T\u00e4m\u00e4 kaappi on suunniteltu sis\u00e4tiloihin, ja se yhdist\u00e4\u00e4 k\u00e4yt\u00e4nn\u00f6llisyyden ja tyylin. Se sopii erinomaisesti eri sisustuksiin.<\/li>\n<p><\/br><\/p>\n<li><b>Yksinkertaiset hoito-ohjeet:<\/b> Puhdista kaappi kuivalla liinalla, jotta se pysyy hyv\u00e4ss\u00e4 kunnossa. V\u00e4lt\u00e4 voimakkaita kemikaaleja, jotka voivat vahingoittaa pintaa. T\u00e4m\u00e4 hoitorutiini tekee siit\u00e4 helpon pit\u00e4\u00e4 kaappi siistin\u00e4.<\/li>\n<p><\/br><\/ul>\n<ul>\n<li>V\u00e4ri: Moniv\u00e4rinen<\/li>\n<li>Materiaali: Kierr\u00e4tetty tukeva puu ja valmistettu puu<\/li>\n<li>Yleiset mitat: 60 x 33 x 55 cm (P x L x K)<\/li>\n<li>Paino: 13,94 kg<\/li>\n<li>S\u00e4ilytystila<\/li>\n<li>2 hyllyill\u00e4<\/li>\n<li>2 ovien kanssa<\/li>\n<li>Vain sis\u00e4k\u00e4ytt\u00f6\u00f6n<\/li>\n<li>Toimitus-:<\/li>\n<li>1 x Kylpyhuonekaappi<\/li>\n<li>Kokoonpano vaaditaan: Kyll\u00e4<\/li>\n<\/ul>\n","protected":false},"excerpt":{"rendered":"<ul>\n<li>V\u00e4ri: Moniv\u00e4rinen<\/li>\n<li>Materiaali: Kierr\u00e4tetty tukeva puu ja valmistettu puu<\/li>\n<li>Yleiset mitat: 60 x 33 x 55 cm (P x L x K)<\/li>\n<li>Paino: 13,94 kg<\/li>\n<li>S\u00e4ilytystila<\/li>\n<li>2 hyllyill\u00e4<\/li>\n<li>2 ovien kanssa<\/li>\n<li>Vain sis\u00e4k\u00e4ytt\u00f6\u00f6n<\/li>\n<li>Toimitus-:<\/li>\n<li>1 x Kylpyhuonekaappi<\/li>\n<li>Kokoonpano vaaditaan: Kyll\u00e4<\/li>\n<\/ul>\n","protected":false},"featured_media":100000185288,"comment_status":"closed","ping_status":"closed","template":"","meta":[],"product_brand":[],"product_cat":[84,8561,8562],"product_tag":[],"class_list":{"0":"post-185288","1":"product","2":"type-product","3":"status-publish","4":"has-post-thumbnail","6":"product_cat-huonekalut","7":"product_cat-kampauspoydat","8":"product_cat-kylpyhuoneen-kampauspoydat","10":"first","11":"instock","12":"taxable","13":"shipping-taxable","14":"purchasable","15":"product-type-simple"},"_links":{"self":[{"href":"https:\/\/www.otiumhome.fi\/index.php\/wp-json\/wp\/v2\/product\/185288","targetHints":{"allow":["GET"]}}],"collection":[{"href":"https:\/\/www.otiumhome.fi\/index.php\/wp-json\/wp\/v2\/product"}],"about":[{"href":"https:\/\/www.otiumhome.fi\/index.php\/wp-json\/wp\/v2\/types\/product"}],"replies":[{"embeddable":true,"href":"https:\/\/www.otiumhome.fi\/index.php\/wp-json\/wp\/v2\/comments?post=185288"}],"wp:featuredmedia":[{"embeddable":true,"href":"https:\/\/www.otiumhome.fi\/index.php\/wp-json\/"}],"wp:attachment":[{"href":"https:\/\/www.otiumhome.fi\/index.php\/wp-json\/wp\/v2\/media?parent=185288"}],"wp:term":[{"taxonomy":"product_brand","embeddable":true,"href":"https:\/\/www.otiumhome.fi\/index.php\/wp-json\/wp\/v2\/product_brand?post=185288"},{"taxonomy":"product_cat","embeddable":true,"href":"https:\/\/www.otiumhome.fi\/index.php\/wp-json\/wp\/v2\/product_cat?post=185288"},{"taxonomy":"product_tag","embeddable":true,"href":"https:\/\/www.otiumhome.fi\/index.php\/wp-json\/wp\/v2\/product_tag?post=185288"}],"curies":[{"name":"wp","href":"https:\/\/api.w.org\/{rel}","templated":true}]}}