{"id":185277,"date":"2025-11-04T03:36:57","date_gmt":"2025-11-04T03:36:57","guid":{"rendered":"https:\/\/www.otiumhome.fi\/?p=185277"},"modified":"2025-12-09T07:37:29","modified_gmt":"2025-12-09T07:37:29","slug":"vessakaappi-ovella-vigo-ruskea-ja-hunajaruskea-60-x-27-x-161-cm","status":"publish","type":"product","link":"https:\/\/www.otiumhome.fi\/index.php\/tuote\/vessakaappi-ovella-vigo-ruskea-ja-hunajaruskea-60-x-27-x-161-cm\/","title":{"rendered":"Vessakaappi ovella VIGO Ruskea ja hunajaruskea 60 x 27 x 161 cm"},"content":{"rendered":"<p>T\u00e4m\u00e4 sein\u00e4asennettava kaappi tekee pystysuoran tilan k\u00e4ytt\u00e4misest\u00e4 helppoa ja tehokasta. Se on tarkoitettu asennettavaksi pesukoneen ylle ja muuttaa piilossa olevat tilat toimiviksi s\u00e4ilytysratkaisuiksi. Modernilla muotoilullaan ja sulavilla linjoillaan se lis\u00e4\u00e4 k\u00e4yt\u00e4nn\u00f6llisyytt\u00e4 ja tyyli\u00e4 pyykkihuoneeseen tai kylpyhuoneeseen.<\/p>\n<ul>\n<li><b>T\u00e4ysipuinen rakenne<\/b> T\u00e4m\u00e4 kaappi on valmistettu t\u00e4ysipuusta, joten se on kest\u00e4v\u00e4 ja ajattoman n\u00e4k\u00f6inen. Sen kest\u00e4vyys on t\u00e4ydellinen p\u00e4ivitt\u00e4iseen k\u00e4ytt\u00f6\u00f6n ja se lupaa pitk\u00e4ik\u00e4isyytt\u00e4. Puun sile\u00e4 pinta tuo ripauksen eleganssia sen tukevuuteen, mik\u00e4 tekee siit\u00e4 tyylikk\u00e4\u00e4n ja kest\u00e4v\u00e4n lis\u00e4yksen kotiisi.<\/li>\n<li><b>S\u00e4ilytyskapasiteetti<\/b> Suunniteltu tarjoamaan runsaasti s\u00e4ilytystilaa, kaapissa on lokerot, jotka auttavat pit\u00e4m\u00e4\u00e4n asiat j\u00e4rjestyksess\u00e4. Se on t\u00e4ydellinen pyyhkeille ja pesuaineille. Hyvin suunniteltu asettelu varmistaa, ett\u00e4 tavarat ovat helposti saatavilla mutta siististi j\u00e4rjestettyj\u00e4, parantaen pyykkihuoneesi toimivuutta.<\/li>\n<li><b>Sein\u00e4asennettava muotoilu<\/b> Yll\u00e4 oleva sein\u00e4kiinnitysrakenne antaa tilaa s\u00e4\u00e4st\u00e4v\u00e4n ratkaisun, joka sopii erinomaisesti moderneihin koteihin, joissa tilaa on rajallisesti. T\u00e4m\u00e4 pit\u00e4\u00e4 ymp\u00e4rist\u00f6n siistin\u00e4, poistaa ylim\u00e4\u00e4r\u00e4iset tavarat pinnoilta ja sopii saumattomasti sek\u00e4 perinteisiin ett\u00e4 moderniin sisustukseen.<\/li>\n<li><b>Moderni esteettisyys<\/b> Kaapissa on puhtaat linjat ja minimalistinen muoto, joka ilment\u00e4\u00e4 nykyaikaista tyyli\u00e4. Se t\u00e4ydent\u00e4\u00e4 monenlaisia sisustustyylej\u00e4 ja on todella monik\u00e4ytt\u00f6inen lis\u00e4ys, joka sulautuu eri ymp\u00e4rist\u00f6ihin samalla kun tarjoaa k\u00e4yt\u00e4nn\u00f6llisyytt\u00e4.<\/li>\n<li><b>Helppo huolto<\/b> Kaappi on helppo pit\u00e4\u00e4 hyv\u00e4ss\u00e4 kunnossa. Pyyhkim\u00e4ll\u00e4 p\u00f6lyn s\u00e4\u00e4nn\u00f6llisesti saat sen n\u00e4ytt\u00e4m\u00e4\u00e4n hyv\u00e4lt\u00e4 ja kiillotetulta vuosikausiksi. V\u00e4lt\u00e4 liiallista kosteutta, jotta puun luonnollinen kauneus s\u00e4ilyy.<\/li>\n<\/ul>\n<ul>\n<li>V\u00e4ri: Ruskea ja hunajaruskea<\/li>\n<li>Materiaali: T\u00e4ysi m\u00e4nty<\/li>\n<li>Yleiset mitat: 60 x 27 x 161 cm (P x L x K)<\/li>\n<li>Paino: 14,1 kg<\/li>\n<li>S\u00e4ilytystila<\/li>\n<li>3 hyllyill\u00e4<\/li>\n<li>2 ovien kanssa<\/li>\n<li>Vain sis\u00e4k\u00e4ytt\u00f6\u00f6n<\/li>\n<li>Toimitus-:<\/li>\n<li>1 x WC-kaappi<\/li>\n<li>Kokoonpano vaaditaan: Kyll\u00e4<\/li>\n<li>Alueen nimi: Vigo<\/li>\n<\/ul>\n","protected":false},"excerpt":{"rendered":"<ul>\n<li>V\u00e4ri: Ruskea ja hunajaruskea<\/li>\n<li>Materiaali: T\u00e4ysi m\u00e4nty<\/li>\n<li>Yleiset mitat: 60 x 27 x 161 cm (P x L x K)<\/li>\n<li>Paino: 14,1 kg<\/li>\n<li>S\u00e4ilytystila<\/li>\n<li>3 hyllyill\u00e4<\/li>\n<li>2 ovien kanssa<\/li>\n<li>Vain sis\u00e4k\u00e4ytt\u00f6\u00f6n<\/li>\n<li>Toimitus-:<\/li>\n<li>1 x WC-kaappi<\/li>\n<li>Kokoonpano vaaditaan: Kyll\u00e4<\/li>\n<li>Alueen nimi: Vigo<\/li>\n<\/ul>\n","protected":false},"featured_media":100000185277,"comment_status":"closed","ping_status":"closed","template":"","meta":[],"product_brand":[],"product_cat":[84,8561,8562],"product_tag":[],"class_list":{"0":"post-185277","1":"product","2":"type-product","3":"status-publish","4":"has-post-thumbnail","6":"product_cat-huonekalut","7":"product_cat-kampauspoydat","8":"product_cat-kylpyhuoneen-kampauspoydat","10":"first","11":"instock","12":"taxable","13":"shipping-taxable","14":"purchasable","15":"product-type-simple"},"_links":{"self":[{"href":"https:\/\/www.otiumhome.fi\/index.php\/wp-json\/wp\/v2\/product\/185277","targetHints":{"allow":["GET"]}}],"collection":[{"href":"https:\/\/www.otiumhome.fi\/index.php\/wp-json\/wp\/v2\/product"}],"about":[{"href":"https:\/\/www.otiumhome.fi\/index.php\/wp-json\/wp\/v2\/types\/product"}],"replies":[{"embeddable":true,"href":"https:\/\/www.otiumhome.fi\/index.php\/wp-json\/wp\/v2\/comments?post=185277"}],"wp:featuredmedia":[{"embeddable":true,"href":"https:\/\/www.otiumhome.fi\/index.php\/wp-json\/"}],"wp:attachment":[{"href":"https:\/\/www.otiumhome.fi\/index.php\/wp-json\/wp\/v2\/media?parent=185277"}],"wp:term":[{"taxonomy":"product_brand","embeddable":true,"href":"https:\/\/www.otiumhome.fi\/index.php\/wp-json\/wp\/v2\/product_brand?post=185277"},{"taxonomy":"product_cat","embeddable":true,"href":"https:\/\/www.otiumhome.fi\/index.php\/wp-json\/wp\/v2\/product_cat?post=185277"},{"taxonomy":"product_tag","embeddable":true,"href":"https:\/\/www.otiumhome.fi\/index.php\/wp-json\/wp\/v2\/product_tag?post=185277"}],"curies":[{"name":"wp","href":"https:\/\/api.w.org\/{rel}","templated":true}]}}