{"id":184674,"date":"2025-10-30T04:56:05","date_gmt":"2025-10-30T04:56:05","guid":{"rendered":"https:\/\/www.otiumhome.fi\/?p=184674"},"modified":"2025-10-31T21:12:25","modified_gmt":"2025-10-31T21:12:25","slug":"3-osainen-kylpyhuoneen-kalustesarja-valkoinen-lastulevy","status":"publish","type":"product","link":"https:\/\/www.otiumhome.fi\/index.php\/tuote\/3-osainen-kylpyhuoneen-kalustesarja-valkoinen-lastulevy\/","title":{"rendered":"3-osainen kylpyhuoneen kalustesarja valkoinen lastulevy"},"content":{"rendered":"<p>T\u00e4m\u00e4 tyylik\u00e4s kylpyhuoneen kalustesarja sis\u00e4lt\u00e4\u00e4 1 keskikokoisen kaapin, 1 allaskaapin ja 1 peilikaapin. Se luo lis\u00e4\u00e4 s\u00e4ilytystilaa kylpyhuoneeseesi vaikuttavalla ja siistill\u00e4 ulkon\u00e4\u00f6ll\u00e4\u00e4n.<\/p>\n<\/p>\n<p>T\u00e4m\u00e4 laadukkaasta teknisest\u00e4 puusta valmistettu kalustesarja on vakaa ja tukeva. Tyylik\u00e4s keskikokoinen kaappi sis\u00e4lt\u00e4\u00e4 kolme osastoa ja yhden oven, tarjoten paljon s\u00e4ilytystilaa kylpyhuoneessa tavaroillesi. Allaskaapissa on yksi osasto ja kaksi ovea, tarjoten runsaasti s\u00e4ilytystilaa hygieniatuotteillesi, kauneudenhoitotuotteillesi ja muille erilaisille pienemmille tavaroille. Voit j\u00e4rjest\u00e4\u00e4 kammat, kosmetiikkatuotteet, hammasharjat ja hammastahnan hyllyille k\u00e4tev\u00e4sti k\u00e4den ulottuville. Peili lis\u00e4\u00e4 erinomaista n\u00e4ytt\u00e4vyytt\u00e4 sisustukseesi. Kalustesarja on helppo puhdistaa kostealla liinalla.<\/p>\n<ul>\n<li>V\u00e4ri: valkoinen<\/li>\n<li>Materiaali: tekninen puu<\/li>\n<li>Peilin koko: 60 x 45 cm (P x L)<\/li>\n<li>Keskikokoisen kaapin mitat: 30 x 30 x 95 cm (L x S x K)<\/li>\n<li>Allaskaapin mitat: 60 x 33 x 61 cm (L x S x K)<\/li>\n<li>Asennus vaaditaan: kyll\u00e4<\/li>\n<li><strong>VAROITUS:<\/strong> kaatumisen est\u00e4miseksi on t\u00e4t\u00e4 tuotetta k\u00e4ytett\u00e4v\u00e4 mukana toimitetun sein\u00e4kiinnityslaitteen kanssa.<\/li>\n<li><strong>Toimitus sis\u00e4lt\u00e4\u00e4:<\/strong><\/li>\n<li>1 x peili<\/li>\n<li>1 x keskikokoinen kaappi<\/li>\n<li>1 x allaskaappi<\/li>\n<li>Legal Documents:\n<p><span>Lis\u00e4tietoja huonekalujesi kaatumisen est\u00e4misest\u00e4 voit l\u00f6yt\u00e4\u00e4 <span style=\"text-decoration: underline\"><strong><a title=\"https:\/\/bit.ly\/3bVwkQp\" href=\"https:\/\/bit.ly\/3bVwkQp\" target=\"_blank\">t\u00e4\u00e4lt\u00e4<\/a><\/strong><\/span><\/span><\/p>\n<\/li>\n<\/ul>\n","protected":false},"excerpt":{"rendered":"<ul>\n<li>V\u00e4ri: valkoinen<\/li>\n<li>Materiaali: tekninen puu<\/li>\n<li>Peilin koko: 60 x 45 cm (P x L)<\/li>\n<li>Keskikokoisen kaapin mitat: 30 x 30 x 95 cm (L x S x K)<\/li>\n<li>Allaskaapin mitat: 60 x 33 x 61 cm (L x S x K)<\/li>\n<li>Asennus vaaditaan: kyll\u00e4<\/li>\n<li><strong>VAROITUS:<\/strong> kaatumisen est\u00e4miseksi on t\u00e4t\u00e4 tuotetta k\u00e4ytett\u00e4v\u00e4 mukana toimitetun sein\u00e4kiinnityslaitteen kanssa.<\/li>\n<li><strong>Toimitus sis\u00e4lt\u00e4\u00e4:<\/strong><\/li>\n<li>1 x peili<\/li>\n<li>1 x keskikokoinen kaappi<\/li>\n<li>1 x allaskaappi<\/li>\n<li>Legal Documents:\n<p><span>Lis\u00e4tietoja huonekalujesi kaatumisen est\u00e4misest\u00e4 voit l\u00f6yt\u00e4\u00e4 <span style=\"text-decoration: underline\"><strong><a title=\"https:\/\/bit.ly\/3bVwkQp\" href=\"https:\/\/bit.ly\/3bVwkQp\" target=\"_blank\">t\u00e4\u00e4lt\u00e4<\/a><\/strong><\/span><\/span><\/p>\n<\/li>\n<\/ul>\n","protected":false},"featured_media":100000184674,"comment_status":"closed","ping_status":"closed","template":"","meta":[],"product_brand":[],"product_cat":[84,8560],"product_tag":[],"class_list":{"0":"post-184674","1":"product","2":"type-product","3":"status-publish","4":"has-post-thumbnail","6":"product_cat-huonekalut","7":"product_cat-kylpyhuoneen-kalusteet","9":"first","10":"instock","11":"taxable","12":"shipping-taxable","13":"purchasable","14":"product-type-simple"},"_links":{"self":[{"href":"https:\/\/www.otiumhome.fi\/index.php\/wp-json\/wp\/v2\/product\/184674","targetHints":{"allow":["GET"]}}],"collection":[{"href":"https:\/\/www.otiumhome.fi\/index.php\/wp-json\/wp\/v2\/product"}],"about":[{"href":"https:\/\/www.otiumhome.fi\/index.php\/wp-json\/wp\/v2\/types\/product"}],"replies":[{"embeddable":true,"href":"https:\/\/www.otiumhome.fi\/index.php\/wp-json\/wp\/v2\/comments?post=184674"}],"wp:featuredmedia":[{"embeddable":true,"href":"https:\/\/www.otiumhome.fi\/index.php\/wp-json\/"}],"wp:attachment":[{"href":"https:\/\/www.otiumhome.fi\/index.php\/wp-json\/wp\/v2\/media?parent=184674"}],"wp:term":[{"taxonomy":"product_brand","embeddable":true,"href":"https:\/\/www.otiumhome.fi\/index.php\/wp-json\/wp\/v2\/product_brand?post=184674"},{"taxonomy":"product_cat","embeddable":true,"href":"https:\/\/www.otiumhome.fi\/index.php\/wp-json\/wp\/v2\/product_cat?post=184674"},{"taxonomy":"product_tag","embeddable":true,"href":"https:\/\/www.otiumhome.fi\/index.php\/wp-json\/wp\/v2\/product_tag?post=184674"}],"curies":[{"name":"wp","href":"https:\/\/api.w.org\/{rel}","templated":true}]}}