{"id":184628,"date":"2025-10-25T18:43:27","date_gmt":"2025-10-25T18:43:27","guid":{"rendered":"https:\/\/www.otiumhome.fi\/?p=184628"},"modified":"2025-12-23T22:53:47","modified_gmt":"2025-12-23T22:53:47","slug":"tv-tasosetti-musta-40-x-30-x-605-cm-tekninen-puu","status":"publish","type":"product","link":"https:\/\/www.otiumhome.fi\/index.php\/tuote\/tv-tasosetti-musta-40-x-30-x-605-cm-tekninen-puu\/","title":{"rendered":"TV-tasosetti Musta 40 x 30 x 60,5 cm Tekninen puu"},"content":{"rendered":"<p>T\u00e4m\u00e4 moderni TV-kaappisetti on loistava s\u00e4ilytysratkaisu olohuoneeseesi. Sein\u00e4lle asennettuna se luo elegantin ilmeen, yhdist\u00e4en tilaa s\u00e4\u00e4st\u00e4v\u00e4n suunnittelun ja modernin minimalismin kauniisti. Puhtaat linjat ja sulava toiminnallisuus tekev\u00e4t siit\u00e4 tyylikk\u00e4\u00e4n keskipisteen viihdetilassasi ja k\u00e4yt\u00e4nn\u00f6llisen s\u00e4ilytysratkaisun. Suorakaiteen muotoinen rakenne harmonisoituu nykyaikaisen sisustuksen kanssa ja tarjoaa organisoitua tilaa media-laitteille, mik\u00e4 tekee siit\u00e4 t\u00e4ydellisen valinnan. T\u00e4m\u00e4 kaappi sulautuu hienosti eri sisustustyyleihin, yhdist\u00e4m\u00e4ll\u00e4 k\u00e4yt\u00e4nn\u00f6llisyyden ja visuaalisen vetovoiman, mik\u00e4 t\u00e4ytt\u00e4\u00e4 toma j\u00e4rjestely- ja suunnittelutarpeesi.<\/p>\n<ul>\n<li><b>Materiaalikoostumus:<\/b> T\u00e4m\u00e4 TV-kaappisetti on rakennettu teknisest\u00e4 puusta, mik\u00e4 takaa kest\u00e4v\u00e4n rakenteen jokap\u00e4iv\u00e4iseen k\u00e4ytt\u00f6\u00f6n. Materiaalivalinta takaa kevyen rakenteen, joka mahdollistaa turvallisen sein\u00e4kiinnityksen. Puupinta on tyylikk\u00e4\u00e4n n\u00e4k\u00f6inen, t\u00e4ydent\u00e4en monenlaisia tyylej\u00e4, yhdistelee nykyaikaista ja klassista ymp\u00e4rist\u00f6\u00e4.<\/li>\n<li><b>Toimintakomponentit:<\/b> Settiin kuuluu tasapintaisia ovia, joista p\u00e4\u00e4sev\u00e4t helposti piiloon j\u00e4\u00e4v\u00e4t tavarat. T\u00e4m\u00e4 kaappi tarjoaa runsaasti tilaa elektroniikalle, medialle ja muille tavaroille. Ja LED-valaistus? USB:ll\u00e4 toimiva moniv\u00e4rinen LED-nauha luo tunnelmaa, parantaen visuaalista houkuttelevuutta.<\/li>\n<li><b>Suunnittelun ominaisuudet:<\/b> T\u00e4m\u00e4 TV-kaappisetti on esimerkki minimalistisesta ja modernista estetiikasta. Sen muotoilu luo siistin ja j\u00e4rjestettyn ilmeen, joka sopii erinomaisesti kodin huonej\u00e4rjestelyihin. Ter\u00e4ksiset vetimet parantavat k\u00e4ytt\u00f6kokemusta ja tekev\u00e4t siit\u00e4 helppohoitoisen kaapin, samalla kun se s\u00e4ilytt\u00e4\u00e4 elegantin ulkon\u00e4\u00f6n.<\/li>\n<li><b>Monipuolinen k\u00e4ytt\u00f6:<\/b> Suunniteltu olohuoneeseen, t\u00e4m\u00e4 huonekalu on t\u00e4ydellinen viihdealueiden j\u00e4rjest\u00e4miseen. Sen ominaisuudet sopivat monenlaisiin sisustuksiin, oli kyseess\u00e4 moderni, klassinen tai eklektinen tyyli. Olitpa j\u00e4rjest\u00e4m\u00e4ss\u00e4 elokuvailtoja tai vieraita, t\u00e4m\u00e4 TV-setti rikastuttaa kodin tunnelmaa.<\/li>\n<li><b>Hoito- ja kokoamisohjeet:<\/b> TV-kaappisetti vaatii kahden henkil\u00f6n apua kasatessa ruuvimeisseleiden kanssa. Noudattamalla mukana olevia ohjeita, varmistat turvallisen ja oikean asennuksen. S\u00e4\u00e4nn\u00f6llinen puhdistus kuivalla liinalla auttaa s\u00e4ilytt\u00e4m\u00e4\u00e4n pinnan kauneuden ja kest\u00e4vyyden pitk\u00e4ll\u00e4 aikav\u00e4lill\u00e4. Huolellinen kokoaminen ja hoito varmistavat kaapin pitk\u00e4aikaisen k\u00e4yt\u00f6n.<\/li>\n<\/ul>\n<p><strong>T\u00e4rke\u00e4\u00e4 tiet\u00e4\u00e4:<\/strong><\/p>\n<ul>\n<li>Tuotteessa on USB-liit\u00e4nt\u00e4, mutta varmistettu 5V USB-virtal\u00e4hde ei sis\u00e4lly pakettiin<\/li>\n<\/ul>\n<ul>\n<li>V\u00e4ri: Musta<\/li>\n<li>Materiaali: Tekninen puu<\/li>\n<li>Yleiset mitat: 40 x 30 x 60,5 cm (P x L x K)<\/li>\n<li>Mukana 2 tasaiset ovet<\/li>\n<li>Mukana 3 levyhyllyt<\/li>\n<li>Valotyyppi: Led-valonauhat<\/li>\n<li>Kokoonpano vaaditaan: Kyll\u00e4<\/li>\n<li>Toimitus-:<\/li>\n<li>1 x TV-kaappi<\/li>\n<\/ul>\n","protected":false},"excerpt":{"rendered":"<ul>\n<li>V\u00e4ri: Musta<\/li>\n<li>Materiaali: Tekninen puu<\/li>\n<li>Yleiset mitat: 40 x 30 x 60,5 cm (P x L x K)<\/li>\n<li>Mukana 2 tasaiset ovet<\/li>\n<li>Mukana 3 levyhyllyt<\/li>\n<li>Valotyyppi: Led-valonauhat<\/li>\n<li>Kokoonpano vaaditaan: Kyll\u00e4<\/li>\n<li>Toimitus-:<\/li>\n<li>1 x TV-kaappi<\/li>\n<\/ul>\n","protected":false},"featured_media":100000184628,"comment_status":"closed","ping_status":"closed","template":"","meta":[],"product_brand":[],"product_cat":[84],"product_tag":[],"class_list":{"0":"post-184628","1":"product","2":"type-product","3":"status-publish","4":"has-post-thumbnail","6":"product_cat-huonekalut","8":"first","9":"instock","10":"taxable","11":"shipping-taxable","12":"purchasable","13":"product-type-simple"},"_links":{"self":[{"href":"https:\/\/www.otiumhome.fi\/index.php\/wp-json\/wp\/v2\/product\/184628","targetHints":{"allow":["GET"]}}],"collection":[{"href":"https:\/\/www.otiumhome.fi\/index.php\/wp-json\/wp\/v2\/product"}],"about":[{"href":"https:\/\/www.otiumhome.fi\/index.php\/wp-json\/wp\/v2\/types\/product"}],"replies":[{"embeddable":true,"href":"https:\/\/www.otiumhome.fi\/index.php\/wp-json\/wp\/v2\/comments?post=184628"}],"wp:featuredmedia":[{"embeddable":true,"href":"https:\/\/www.otiumhome.fi\/index.php\/wp-json\/"}],"wp:attachment":[{"href":"https:\/\/www.otiumhome.fi\/index.php\/wp-json\/wp\/v2\/media?parent=184628"}],"wp:term":[{"taxonomy":"product_brand","embeddable":true,"href":"https:\/\/www.otiumhome.fi\/index.php\/wp-json\/wp\/v2\/product_brand?post=184628"},{"taxonomy":"product_cat","embeddable":true,"href":"https:\/\/www.otiumhome.fi\/index.php\/wp-json\/wp\/v2\/product_cat?post=184628"},{"taxonomy":"product_tag","embeddable":true,"href":"https:\/\/www.otiumhome.fi\/index.php\/wp-json\/wp\/v2\/product_tag?post=184628"}],"curies":[{"name":"wp","href":"https:\/\/api.w.org\/{rel}","templated":true}]}}