{"id":184603,"date":"2025-10-25T18:19:19","date_gmt":"2025-10-25T18:19:19","guid":{"rendered":"https:\/\/www.otiumhome.fi\/?p=184603"},"modified":"2025-10-26T15:52:31","modified_gmt":"2025-10-26T15:52:31","slug":"tv-taso-oliivinvihrea-99x39x44-cm-teras","status":"publish","type":"product","link":"https:\/\/www.otiumhome.fi\/index.php\/tuote\/tv-taso-oliivinvihrea-99x39x44-cm-teras\/","title":{"rendered":"TV-taso oliivinvihre\u00e4 99x39x44 cm ter\u00e4s"},"content":{"rendered":"<p>T\u00e4st\u00e4 tukevasta ja trendikk\u00e4\u00e4st\u00e4 mutta k\u00e4yt\u00e4nn\u00f6llisest\u00e4 TV-kaapista tulee huoneesi keskipiste.<\/p>\n<\/p>\n<ul>\n<li>Vakaa materiaali: TV-tason runko on valmistettu kylm\u00e4valssatusta ter\u00e4ksest\u00e4. Kylm\u00e4valssattu ter\u00e4s on v\u00e4h\u00e4hiilinen ter\u00e4styyppi, joka on valmistettu l\u00e4hes normaalissa huoneen l\u00e4mm\u00f6ss\u00e4 &#8221;kylm\u00e4valssaamalla&#8221;. Kylm\u00e4valssatun ter\u00e4ksen pinta on sile\u00e4mpi, lujempi ja tarkemmin valmistettu.<\/li>\n<li>Runsaasti s\u00e4ilytystilaa: Sivup\u00f6yt\u00e4 tarjoaa runsaasti k\u00e4tev\u00e4\u00e4 s\u00e4ilytystilaa lehdille, kirjoille, kaukos\u00e4\u00e4timille ja muiden pienesineiden j\u00e4rjestyksess\u00e4 ja k\u00e4den ulottuvilla pit\u00e4miseen.<\/li>\n<li>Helppo huoltaa: P\u00f6yt\u00e4 on helppo puhdistaa kostealla liinalla ja se tarvitsee vain v\u00e4h\u00e4ist\u00e4 huoltoa.<\/li>\n<li>K\u00e4yt\u00e4nn\u00f6lliset kahvat: TV-kaapissa on kolme kahvaa, jotka tekev\u00e4t sen avaamisesta ja sulkemisesta helppoa lis\u00e4ten samalla sen kauneutta.<\/li>\n<\/ul>\n<ul>\n<li>V\u00e4ri: oliivinvihre\u00e4<\/li>\n<li>Materiaali: Kylm\u00e4valssattu ter\u00e4s <\/li>\n<li>Mitat: 99 x 39 x 44 cm (L x S x K)<\/li>\n<li>Sopiva TV koko: 51 &#8211; 76 cm<\/li>\n<li>Maksimikantavuus: 80 kg<\/li>\n<li>3 ovellista lokeroa<\/li>\n<li>3 metallikahvaa<\/li>\n<li>Asennus vaaditaan: Kyll\u00e4<\/li>\n<\/ul>\n","protected":false},"excerpt":{"rendered":"<ul>\n<li>V\u00e4ri: oliivinvihre\u00e4<\/li>\n<li>Materiaali: Kylm\u00e4valssattu ter\u00e4s <\/li>\n<li>Mitat: 99 x 39 x 44 cm (L x S x K)<\/li>\n<li>Sopiva TV koko: 51 &#8211; 76 cm<\/li>\n<li>Maksimikantavuus: 80 kg<\/li>\n<li>3 ovellista lokeroa<\/li>\n<li>3 metallikahvaa<\/li>\n<li>Asennus vaaditaan: Kyll\u00e4<\/li>\n<\/ul>\n","protected":false},"featured_media":100000184603,"comment_status":"closed","ping_status":"closed","template":"","meta":[],"product_brand":[],"product_cat":[84],"product_tag":[],"class_list":{"0":"post-184603","1":"product","2":"type-product","3":"status-publish","4":"has-post-thumbnail","6":"product_cat-huonekalut","8":"first","9":"instock","10":"taxable","11":"shipping-taxable","12":"purchasable","13":"product-type-simple"},"_links":{"self":[{"href":"https:\/\/www.otiumhome.fi\/index.php\/wp-json\/wp\/v2\/product\/184603","targetHints":{"allow":["GET"]}}],"collection":[{"href":"https:\/\/www.otiumhome.fi\/index.php\/wp-json\/wp\/v2\/product"}],"about":[{"href":"https:\/\/www.otiumhome.fi\/index.php\/wp-json\/wp\/v2\/types\/product"}],"replies":[{"embeddable":true,"href":"https:\/\/www.otiumhome.fi\/index.php\/wp-json\/wp\/v2\/comments?post=184603"}],"wp:featuredmedia":[{"embeddable":true,"href":"https:\/\/www.otiumhome.fi\/index.php\/wp-json\/"}],"wp:attachment":[{"href":"https:\/\/www.otiumhome.fi\/index.php\/wp-json\/wp\/v2\/media?parent=184603"}],"wp:term":[{"taxonomy":"product_brand","embeddable":true,"href":"https:\/\/www.otiumhome.fi\/index.php\/wp-json\/wp\/v2\/product_brand?post=184603"},{"taxonomy":"product_cat","embeddable":true,"href":"https:\/\/www.otiumhome.fi\/index.php\/wp-json\/wp\/v2\/product_cat?post=184603"},{"taxonomy":"product_tag","embeddable":true,"href":"https:\/\/www.otiumhome.fi\/index.php\/wp-json\/wp\/v2\/product_tag?post=184603"}],"curies":[{"name":"wp","href":"https:\/\/api.w.org\/{rel}","templated":true}]}}