{"id":184407,"date":"2025-10-25T14:19:45","date_gmt":"2025-10-25T14:19:45","guid":{"rendered":"https:\/\/www.otiumhome.fi\/?p=184407"},"modified":"2025-10-26T16:58:08","modified_gmt":"2025-10-26T16:58:08","slug":"tv-taso-taysi-akasiapuu-110x30x40-cm-valkoinen","status":"publish","type":"product","link":"https:\/\/www.otiumhome.fi\/index.php\/tuote\/tv-taso-taysi-akasiapuu-110x30x40-cm-valkoinen\/","title":{"rendered":"TV-taso t\u00e4ysi akasiapuu 110x30x40 cm valkoinen"},"content":{"rendered":"<p>Kaunis t\u00e4yspuinen TV-taso yhdist\u00e4\u00e4 nykyaikaisen tyylin ja elegantin charmin. Se tulee taatusti olemaan sisustuksesi huomion keskipiste.<\/p>\n<\/p>\n<p>Kolmella vetolaatikolla ja yhdell\u00e4 s\u00e4ilytyslokerolla varustettu TV-taso tarjoaa reilusti tilaa multimedialaitteille, pelikonsoleille tai kirjoille, lehdille ja muille pikkutavaroille. T\u00e4ydest\u00e4 akasiapuusta valmistettu stereokaappi on viimeistelty valkoisella maalilla, joka huokuu modernia tyyli\u00e4. P\u00e4ivit\u00e4 sisustuksesi seuraavalle tasolle modernilla TV-tasollamme!<\/p>\n<ul>\n<li>Materiaali: valkoiseksi maalattu t\u00e4ysi akaasiapuu<\/li>\n<li>Mitat: 110 x 30 x 40 cm (L x S x K)<\/li>\n<li>3 vetolaatikkoa ja 1 suuri lokero<\/li>\n<\/ul>\n","protected":false},"excerpt":{"rendered":"<ul>\n<li>Materiaali: valkoiseksi maalattu t\u00e4ysi akaasiapuu<\/li>\n<li>Mitat: 110 x 30 x 40 cm (L x S x K)<\/li>\n<li>3 vetolaatikkoa ja 1 suuri lokero<\/li>\n<\/ul>\n","protected":false},"featured_media":100000184407,"comment_status":"closed","ping_status":"closed","template":"","meta":[],"product_brand":[],"product_cat":[84],"product_tag":[],"class_list":{"0":"post-184407","1":"product","2":"type-product","3":"status-publish","4":"has-post-thumbnail","6":"product_cat-huonekalut","8":"first","9":"instock","10":"taxable","11":"shipping-taxable","12":"purchasable","13":"product-type-simple"},"_links":{"self":[{"href":"https:\/\/www.otiumhome.fi\/index.php\/wp-json\/wp\/v2\/product\/184407","targetHints":{"allow":["GET"]}}],"collection":[{"href":"https:\/\/www.otiumhome.fi\/index.php\/wp-json\/wp\/v2\/product"}],"about":[{"href":"https:\/\/www.otiumhome.fi\/index.php\/wp-json\/wp\/v2\/types\/product"}],"replies":[{"embeddable":true,"href":"https:\/\/www.otiumhome.fi\/index.php\/wp-json\/wp\/v2\/comments?post=184407"}],"wp:featuredmedia":[{"embeddable":true,"href":"https:\/\/www.otiumhome.fi\/index.php\/wp-json\/"}],"wp:attachment":[{"href":"https:\/\/www.otiumhome.fi\/index.php\/wp-json\/wp\/v2\/media?parent=184407"}],"wp:term":[{"taxonomy":"product_brand","embeddable":true,"href":"https:\/\/www.otiumhome.fi\/index.php\/wp-json\/wp\/v2\/product_brand?post=184407"},{"taxonomy":"product_cat","embeddable":true,"href":"https:\/\/www.otiumhome.fi\/index.php\/wp-json\/wp\/v2\/product_cat?post=184407"},{"taxonomy":"product_tag","embeddable":true,"href":"https:\/\/www.otiumhome.fi\/index.php\/wp-json\/wp\/v2\/product_tag?post=184407"}],"curies":[{"name":"wp","href":"https:\/\/api.w.org\/{rel}","templated":true}]}}