{"id":184362,"date":"2025-10-25T14:19:21","date_gmt":"2025-10-25T14:19:21","guid":{"rendered":"https:\/\/www.otiumhome.fi\/?p=184362"},"modified":"2025-10-26T15:46:33","modified_gmt":"2025-10-26T15:46:33","slug":"tv-taso-korkeakiilto-musta-90x40x485-cm-tekninen-puu","status":"publish","type":"product","link":"https:\/\/www.otiumhome.fi\/index.php\/tuote\/tv-taso-korkeakiilto-musta-90x40x485-cm-tekninen-puu\/","title":{"rendered":"TV-taso korkeakiilto musta 90x40x48,5 cm tekninen puu"},"content":{"rendered":"<p>T\u00e4st\u00e4 TV-tasosta, jossa on trendik\u00e4s mutta k\u00e4yt\u00e4nn\u00f6llinen muotoilu, tulee asuintilasi keskipiste.<\/p>\n<\/p>\n<p>T\u00e4m\u00e4 stereokaappi on tukeva ja vakaa. TV-tasossa on runsaasti s\u00e4ilytystilaa, mik\u00e4 tekee siit\u00e4 ihanteellisen paikan v\u00e4ltt\u00e4m\u00e4tt\u00f6mien tavaroiden s\u00e4ilytt\u00e4miseen ja esittelyyn. Lis\u00e4ksi t\u00e4m\u00e4 Hifi-kaappi on helppo puhdistaa kostealla liinalla.<\/p>\n<ul>\n<li>V\u00e4ri: korkeakiiltoinen musta<\/li>\n<li>Materiaali: tekninen puu<\/li>\n<li>Mitat: 90 x 40 x 48,5 cm (P x L x K)<\/li>\n<li>Asennus vaaditaan: kyll\u00e4<\/li>\n<li>Enimm\u00e4iskantavuus (yhteens\u00e4): 40 kg<\/li>\n<li>Suurin kantavuus (yl\u00e4osa): 30 kg<\/li>\n<li>Enimm\u00e4iskantavuus per lokero: 2,5 kg<\/li>\n<li>Enimm\u00e4iskantavuus per laatikko: 3 kg<\/li>\n<li><strong>VAROITUS:<\/strong> kaatumisen est\u00e4miseksi on t\u00e4t\u00e4 tuotetta k\u00e4ytett\u00e4v\u00e4 mukana toimitetun sein\u00e4kiinnityslaitteen kanssa.<\/li>\n<li>Legal Documents:\n<p><span>Lis\u00e4tietoja huonekalujesi kaatumisen est\u00e4misest\u00e4 voit l\u00f6yt\u00e4\u00e4 <span style=\"text-decoration: underline\"><strong><a title=\"https:\/\/bit.ly\/3bVwkQp\" href=\"https:\/\/bit.ly\/3bVwkQp\" target=\"_blank\">t\u00e4\u00e4lt\u00e4<\/a><\/strong><\/span><\/span><\/p>\n<\/li>\n<\/ul>\n","protected":false},"excerpt":{"rendered":"<ul>\n<li>V\u00e4ri: korkeakiiltoinen musta<\/li>\n<li>Materiaali: tekninen puu<\/li>\n<li>Mitat: 90 x 40 x 48,5 cm (P x L x K)<\/li>\n<li>Asennus vaaditaan: kyll\u00e4<\/li>\n<li>Enimm\u00e4iskantavuus (yhteens\u00e4): 40 kg<\/li>\n<li>Suurin kantavuus (yl\u00e4osa): 30 kg<\/li>\n<li>Enimm\u00e4iskantavuus per lokero: 2,5 kg<\/li>\n<li>Enimm\u00e4iskantavuus per laatikko: 3 kg<\/li>\n<li><strong>VAROITUS:<\/strong> kaatumisen est\u00e4miseksi on t\u00e4t\u00e4 tuotetta k\u00e4ytett\u00e4v\u00e4 mukana toimitetun sein\u00e4kiinnityslaitteen kanssa.<\/li>\n<li>Legal Documents:\n<p><span>Lis\u00e4tietoja huonekalujesi kaatumisen est\u00e4misest\u00e4 voit l\u00f6yt\u00e4\u00e4 <span style=\"text-decoration: underline\"><strong><a title=\"https:\/\/bit.ly\/3bVwkQp\" href=\"https:\/\/bit.ly\/3bVwkQp\" target=\"_blank\">t\u00e4\u00e4lt\u00e4<\/a><\/strong><\/span><\/span><\/p>\n<\/li>\n<\/ul>\n","protected":false},"featured_media":100000184362,"comment_status":"closed","ping_status":"closed","template":"","meta":[],"product_brand":[],"product_cat":[84],"product_tag":[],"class_list":{"0":"post-184362","1":"product","2":"type-product","3":"status-publish","4":"has-post-thumbnail","6":"product_cat-huonekalut","8":"first","9":"instock","10":"taxable","11":"shipping-taxable","12":"purchasable","13":"product-type-simple"},"_links":{"self":[{"href":"https:\/\/www.otiumhome.fi\/index.php\/wp-json\/wp\/v2\/product\/184362","targetHints":{"allow":["GET"]}}],"collection":[{"href":"https:\/\/www.otiumhome.fi\/index.php\/wp-json\/wp\/v2\/product"}],"about":[{"href":"https:\/\/www.otiumhome.fi\/index.php\/wp-json\/wp\/v2\/types\/product"}],"replies":[{"embeddable":true,"href":"https:\/\/www.otiumhome.fi\/index.php\/wp-json\/wp\/v2\/comments?post=184362"}],"wp:featuredmedia":[{"embeddable":true,"href":"https:\/\/www.otiumhome.fi\/index.php\/wp-json\/"}],"wp:attachment":[{"href":"https:\/\/www.otiumhome.fi\/index.php\/wp-json\/wp\/v2\/media?parent=184362"}],"wp:term":[{"taxonomy":"product_brand","embeddable":true,"href":"https:\/\/www.otiumhome.fi\/index.php\/wp-json\/wp\/v2\/product_brand?post=184362"},{"taxonomy":"product_cat","embeddable":true,"href":"https:\/\/www.otiumhome.fi\/index.php\/wp-json\/wp\/v2\/product_cat?post=184362"},{"taxonomy":"product_tag","embeddable":true,"href":"https:\/\/www.otiumhome.fi\/index.php\/wp-json\/wp\/v2\/product_tag?post=184362"}],"curies":[{"name":"wp","href":"https:\/\/api.w.org\/{rel}","templated":true}]}}