{"id":184135,"date":"2025-10-25T13:56:17","date_gmt":"2025-10-25T13:56:17","guid":{"rendered":"https:\/\/www.otiumhome.fi\/?p=184135"},"modified":"2025-10-26T08:26:50","modified_gmt":"2025-10-26T08:26:50","slug":"tv-taso-120x35x35-cm-taysi-tiikki","status":"publish","type":"product","link":"https:\/\/www.otiumhome.fi\/index.php\/tuote\/tv-taso-120x35x35-cm-taysi-tiikki\/","title":{"rendered":"TV-taso 120x35x35 cm T\u00e4ysi tiikki"},"content":{"rendered":"<p>T\u00e4m\u00e4 siirtomaatyylinen t\u00e4ydest\u00e4 tiikist\u00e4 valmistettu TV-kaappi lis\u00e4\u00e4 hieman maalaismaista vieh\u00e4tysvoimaa sisustukseesi. Sit\u00e4 voidaan k\u00e4ytt\u00e4\u00e4 my\u00f6s sivukaappina, Hi-Fi kaappina tai matalana p\u00f6yt\u00e4n\u00e4.<\/p>\n<\/p>\n<p>TV-tasossa on tukeva kovapuinen p\u00f6yt\u00e4taso, johon voit asettaa TV:n, reitittimen, multimedialaitteet tai esitell\u00e4 koriste-esineit\u00e4, kuten hedelm\u00e4koreja, valokuvia tai maljakoita. 2 laatikkoa ja 1 avoin osasto tarjoavat runsaasti tilaa kaikenlaisten pienempien tavaroiden j\u00e4rjest\u00e4miseen sek\u00e4 pit\u00e4miseen k\u00e4den ulottuvilla. T\u00e4m\u00e4 TV-taso lep\u00e4\u00e4 kest\u00e4vien rautajalkojen varassa. Todella helppo koota.<\/p>\n<\/p>\n<p>T\u00e4rke\u00e4 huomio: V\u00e4rit vaihtelevat kappaleesta toiseen, mik\u00e4 tekee jokaisesta TV-tasosta ainutlaatuisen; toimitus on sattumanvarainen.<\/p>\n<ul>\n<li>Materiaali: kierr\u00e4tetty kiinte\u00e4 tiikki + takorautajalat<\/li>\n<li>Mitat: 120 x 35 x 35 cm (P x L x K)<\/li>\n<li>2 laatikkoa ja 1 s\u00e4ilytyslokero<\/li>\n<li>Helppo koota<\/li>\n<\/ul>\n","protected":false},"excerpt":{"rendered":"<ul>\n<li>Materiaali: kierr\u00e4tetty kiinte\u00e4 tiikki + takorautajalat<\/li>\n<li>Mitat: 120 x 35 x 35 cm (P x L x K)<\/li>\n<li>2 laatikkoa ja 1 s\u00e4ilytyslokero<\/li>\n<li>Helppo koota<\/li>\n<\/ul>\n","protected":false},"featured_media":100000184135,"comment_status":"closed","ping_status":"closed","template":"","meta":[],"product_brand":[],"product_cat":[84],"product_tag":[],"class_list":{"0":"post-184135","1":"product","2":"type-product","3":"status-publish","4":"has-post-thumbnail","6":"product_cat-huonekalut","8":"first","9":"instock","10":"taxable","11":"shipping-taxable","12":"purchasable","13":"product-type-simple"},"_links":{"self":[{"href":"https:\/\/www.otiumhome.fi\/index.php\/wp-json\/wp\/v2\/product\/184135","targetHints":{"allow":["GET"]}}],"collection":[{"href":"https:\/\/www.otiumhome.fi\/index.php\/wp-json\/wp\/v2\/product"}],"about":[{"href":"https:\/\/www.otiumhome.fi\/index.php\/wp-json\/wp\/v2\/types\/product"}],"replies":[{"embeddable":true,"href":"https:\/\/www.otiumhome.fi\/index.php\/wp-json\/wp\/v2\/comments?post=184135"}],"wp:featuredmedia":[{"embeddable":true,"href":"https:\/\/www.otiumhome.fi\/index.php\/wp-json\/"}],"wp:attachment":[{"href":"https:\/\/www.otiumhome.fi\/index.php\/wp-json\/wp\/v2\/media?parent=184135"}],"wp:term":[{"taxonomy":"product_brand","embeddable":true,"href":"https:\/\/www.otiumhome.fi\/index.php\/wp-json\/wp\/v2\/product_brand?post=184135"},{"taxonomy":"product_cat","embeddable":true,"href":"https:\/\/www.otiumhome.fi\/index.php\/wp-json\/wp\/v2\/product_cat?post=184135"},{"taxonomy":"product_tag","embeddable":true,"href":"https:\/\/www.otiumhome.fi\/index.php\/wp-json\/wp\/v2\/product_tag?post=184135"}],"curies":[{"name":"wp","href":"https:\/\/api.w.org\/{rel}","templated":true}]}}