{"id":183872,"date":"2025-10-25T12:38:42","date_gmt":"2025-10-25T12:38:42","guid":{"rendered":"https:\/\/www.otiumhome.fi\/?p=183872"},"modified":"2025-10-26T13:35:54","modified_gmt":"2025-10-26T13:35:54","slug":"tv-taso-138x30x46-cm-mangopuu","status":"publish","type":"product","link":"https:\/\/www.otiumhome.fi\/index.php\/tuote\/tv-taso-138x30x46-cm-mangopuu\/","title":{"rendered":"TV-taso 138x30x46 cm mangopuu"},"content":{"rendered":"<p>Tuo vuosisadan puoliv\u00e4lin inspiroimaa ylellisyytt\u00e4 sisustukseesi tyylikk\u00e4\u00e4ll\u00e4, puisella TV-tasollamme!<\/p>\n<\/p>\n<p>T\u00e4m\u00e4n stereokaapin etuosassa on k\u00e4sin kaiverretut osat. Senkki on valmistettu t\u00e4ydest\u00e4 mangopuusta, joka on tihe\u00e4 ja tukeva kovapuu, jonka pinnassa on kauniita ruskean ja kullan v\u00e4risi\u00e4 raitoja ja kuvioita. Valmistuksen jokainen vaihe on suoritettu todella huolellisesti, olipa se sitten kiillotus tai lakkaus; k\u00e4sity\u00f6n taito lis\u00e4\u00e4 sen upeaa retrotyyli\u00e4. Kauniit puun kuviot tekev\u00e4t jokaisesta huonekalusta ainutlaatuisen ja hieman toisista poikkeavan. Jauhemaalattu ter\u00e4srunko lis\u00e4\u00e4 senkkiin teollista tyyli\u00e4. Vintagetyylisess\u00e4 plasmakaapissa on kaksi ovea ja kaksi osastoa, joiden takaa l\u00f6ytyy runsaasti tilaa pienten esineiden s\u00e4ilytt\u00e4miseen. Tuote on helppo koota.<\/p>\n<\/p>\n<p>T\u00e4rke\u00e4 huomio: V\u00e4rit ja puunsyyt vaihtelevat kappaleittain, mik\u00e4 tekee jokaisesta huonekalusta ainutlaatuisen. Toimitus on sattumanvarainen, t\u00e4m\u00e4 takaa tuotteesi ainutlaatuisuuden.<\/p>\n<ul>\n<li>Materiaali: t\u00e4ysi mangopuu + ter\u00e4s<\/li>\n<li>Kokonaismitat: 138 x 30 x 46 cm (L x S x K)<\/li>\n<li>Laatikon mitat: 138 x 30 x 30 cm (L x S x K)<\/li>\n<li>Kahdella ovella ja kahdella lokerolla<\/li>\n<li>K\u00e4sin veistetty<\/li>\n<li>Hiottu, maalattu ja lakattu<\/li>\n<li>Asennus vaaditaan: kyll\u00e4<\/li>\n<\/ul>\n","protected":false},"excerpt":{"rendered":"<ul>\n<li>Materiaali: t\u00e4ysi mangopuu + ter\u00e4s<\/li>\n<li>Kokonaismitat: 138 x 30 x 46 cm (L x S x K)<\/li>\n<li>Laatikon mitat: 138 x 30 x 30 cm (L x S x K)<\/li>\n<li>Kahdella ovella ja kahdella lokerolla<\/li>\n<li>K\u00e4sin veistetty<\/li>\n<li>Hiottu, maalattu ja lakattu<\/li>\n<li>Asennus vaaditaan: kyll\u00e4<\/li>\n<\/ul>\n","protected":false},"featured_media":100000183872,"comment_status":"closed","ping_status":"closed","template":"","meta":[],"product_brand":[],"product_cat":[84],"product_tag":[],"class_list":{"0":"post-183872","1":"product","2":"type-product","3":"status-publish","4":"has-post-thumbnail","6":"product_cat-huonekalut","8":"first","9":"instock","10":"taxable","11":"shipping-taxable","12":"purchasable","13":"product-type-simple"},"_links":{"self":[{"href":"https:\/\/www.otiumhome.fi\/index.php\/wp-json\/wp\/v2\/product\/183872","targetHints":{"allow":["GET"]}}],"collection":[{"href":"https:\/\/www.otiumhome.fi\/index.php\/wp-json\/wp\/v2\/product"}],"about":[{"href":"https:\/\/www.otiumhome.fi\/index.php\/wp-json\/wp\/v2\/types\/product"}],"replies":[{"embeddable":true,"href":"https:\/\/www.otiumhome.fi\/index.php\/wp-json\/wp\/v2\/comments?post=183872"}],"wp:featuredmedia":[{"embeddable":true,"href":"https:\/\/www.otiumhome.fi\/index.php\/wp-json\/"}],"wp:attachment":[{"href":"https:\/\/www.otiumhome.fi\/index.php\/wp-json\/wp\/v2\/media?parent=183872"}],"wp:term":[{"taxonomy":"product_brand","embeddable":true,"href":"https:\/\/www.otiumhome.fi\/index.php\/wp-json\/wp\/v2\/product_brand?post=183872"},{"taxonomy":"product_cat","embeddable":true,"href":"https:\/\/www.otiumhome.fi\/index.php\/wp-json\/wp\/v2\/product_cat?post=183872"},{"taxonomy":"product_tag","embeddable":true,"href":"https:\/\/www.otiumhome.fi\/index.php\/wp-json\/wp\/v2\/product_tag?post=183872"}],"curies":[{"name":"wp","href":"https:\/\/api.w.org\/{rel}","templated":true}]}}