{"id":183866,"date":"2025-10-25T12:32:52","date_gmt":"2025-10-25T12:32:52","guid":{"rendered":"https:\/\/www.otiumhome.fi\/?p=183866"},"modified":"2025-10-26T09:03:48","modified_gmt":"2025-10-26T09:03:48","slug":"tilanjakaja-6-paneelia-harmaa-polyrottinki","status":"publish","type":"product","link":"https:\/\/www.otiumhome.fi\/index.php\/tuote\/tilanjakaja-6-paneelia-harmaa-polyrottinki\/","title":{"rendered":"Tilanjakaja 6 paneelia harmaa polyrottinki"},"content":{"rendered":"<p>Sisusta kotisi ja jaa tilasi t\u00e4ll\u00e4 polyrottinkisella tilanjakajalla.<\/p>\n<\/p>\n<ul>\n<li>Kest\u00e4v\u00e4 ja helppo puhdistaa: Jokainen tilanjakajan paneeli on punottu s\u00e4\u00e4nkest\u00e4vist\u00e4 ja kest\u00e4vist\u00e4 polyrottinkinauhoista, jotka tarjoavat kauniin ulkon\u00e4\u00f6n ja helpottavat puhdistusta.<\/li>\n<li>Vakaa runko: Jauhemaalattu ter\u00e4srunko takaa tukevuuden ja vakauden.<\/li>\n<li>Joustava ja helppo taittaa: Jokainen osio on yhdistetty toisiinsa galvanoiduilla saranoilla. Ne voidaan helposti taittaa jonkin verran tilan s\u00e4\u00e4st\u00f6tarpeidesi mukaan.<\/li>\n<li>Monik\u00e4ytt\u00f6inen: Tilanjakaja sopii erinomaisesti yksityisen tilan, kuten makuuhuoneen, olohuoneen, toimiston ja vastaavien luomiseen sek\u00e4 sis\u00e4ll\u00e4 ett\u00e4 ulkona.<\/li>\n<\/ul>\n<p>T\u00e4rke\u00e4 huomautus:<\/p>\n<ul>\n<li>Jotta voit taittaa kokonaan tasaiseksi, sinun on purettava galvanoidut saranat.<\/li>\n<\/ul>\n<ul>\n<li>V\u00e4ri: Harmaa<\/li>\n<li>Materiaali: Polyrottinki (PE-rottinki), jauhemaalattu ter\u00e4s<\/li>\n<li>Maksimi koko (avattuna): 294 x 180 cm (L x K)<\/li>\n<li>Paneelin koko (kukin): 49 x 180 cm (L x K)<\/li>\n<li>Paneelien m\u00e4\u00e4r\u00e4: 6<\/li>\n<li>T\u00e4ysin punottu<\/li>\n<li>Asennus vaaditaan: Kyll\u00e4<\/li>\n<\/ul>\n","protected":false},"excerpt":{"rendered":"<ul>\n<li>V\u00e4ri: Harmaa<\/li>\n<li>Materiaali: Polyrottinki (PE-rottinki), jauhemaalattu ter\u00e4s<\/li>\n<li>Maksimi koko (avattuna): 294 x 180 cm (L x K)<\/li>\n<li>Paneelin koko (kukin): 49 x 180 cm (L x K)<\/li>\n<li>Paneelien m\u00e4\u00e4r\u00e4: 6<\/li>\n<li>T\u00e4ysin punottu<\/li>\n<li>Asennus vaaditaan: Kyll\u00e4<\/li>\n<\/ul>\n","protected":false},"featured_media":100000183866,"comment_status":"closed","ping_status":"closed","template":"","meta":[],"product_brand":[],"product_cat":[84],"product_tag":[],"class_list":{"0":"post-183866","1":"product","2":"type-product","3":"status-publish","4":"has-post-thumbnail","6":"product_cat-huonekalut","8":"first","9":"instock","10":"taxable","11":"shipping-taxable","12":"purchasable","13":"product-type-simple"},"_links":{"self":[{"href":"https:\/\/www.otiumhome.fi\/index.php\/wp-json\/wp\/v2\/product\/183866","targetHints":{"allow":["GET"]}}],"collection":[{"href":"https:\/\/www.otiumhome.fi\/index.php\/wp-json\/wp\/v2\/product"}],"about":[{"href":"https:\/\/www.otiumhome.fi\/index.php\/wp-json\/wp\/v2\/types\/product"}],"replies":[{"embeddable":true,"href":"https:\/\/www.otiumhome.fi\/index.php\/wp-json\/wp\/v2\/comments?post=183866"}],"wp:featuredmedia":[{"embeddable":true,"href":"https:\/\/www.otiumhome.fi\/index.php\/wp-json\/"}],"wp:attachment":[{"href":"https:\/\/www.otiumhome.fi\/index.php\/wp-json\/wp\/v2\/media?parent=183866"}],"wp:term":[{"taxonomy":"product_brand","embeddable":true,"href":"https:\/\/www.otiumhome.fi\/index.php\/wp-json\/wp\/v2\/product_brand?post=183866"},{"taxonomy":"product_cat","embeddable":true,"href":"https:\/\/www.otiumhome.fi\/index.php\/wp-json\/wp\/v2\/product_cat?post=183866"},{"taxonomy":"product_tag","embeddable":true,"href":"https:\/\/www.otiumhome.fi\/index.php\/wp-json\/wp\/v2\/product_tag?post=183866"}],"curies":[{"name":"wp","href":"https:\/\/api.w.org\/{rel}","templated":true}]}}