{"id":183808,"date":"2025-10-25T12:10:53","date_gmt":"2025-10-25T12:10:53","guid":{"rendered":"https:\/\/www.otiumhome.fi\/?p=183808"},"modified":"2025-10-26T06:27:31","modified_gmt":"2025-10-26T06:27:31","slug":"5-paneelinen-tilanjakaja-bambu-200x180-cm","status":"publish","type":"product","link":"https:\/\/www.otiumhome.fi\/index.php\/tuote\/5-paneelinen-tilanjakaja-bambu-200x180-cm\/","title":{"rendered":"5-paneelinen tilanjakaja bambu 200&#215;180 cm"},"content":{"rendered":"<p>T\u00e4t\u00e4 tyylik\u00e4st\u00e4 ja k\u00e4yt\u00e4nn\u00f6llist\u00e4 5-paneelista tilanjakajaa voidaan k\u00e4ytt\u00e4\u00e4 koristeena tai v\u00e4lisein\u00e4n\u00e4.<\/p>\n<\/p>\n<ul>\n<li>K\u00e4yt\u00e4nn\u00f6llinen materiaali: Yksityisyydensuoja on valmistettu korkealaatuisesta bambusta, joka on todella s\u00e4\u00e4nkest\u00e4v\u00e4 ja kest\u00e4v\u00e4. Se on helppo pit\u00e4\u00e4 puhtaana kostealla liinalla pyyhkien.<\/li>\n<li>Joustava muotoilu: Paneeli on taitettava ja se voidaan helposti laittaa s\u00e4il\u00f6\u00f6n, kun se ei ole k\u00e4yt\u00f6ss\u00e4.<\/li>\n<li>Monitoiminen huoneenjakaja: Se sopii t\u00e4ydellisesti alueiden jakamiseen tai erottamiseen ylim\u00e4\u00e4r\u00e4isen tilan luomiseksi. Lis\u00e4ksi autenttinen bambun v\u00e4ri luo sisustukseesi trooppista tunnelmaa.<\/li>\n<\/ul>\n<ul>\n<li>Materiaali: bambu <\/li>\n<li>Kokonaismitat: 200 x 180 cm (L x K)<\/li>\n<li>Kunkin paneelin leveys: 40 cm<\/li>\n<li>Asennus vaaditaan: kyll\u00e4<\/li>\n<\/ul>\n","protected":false},"excerpt":{"rendered":"<ul>\n<li>Materiaali: bambu <\/li>\n<li>Kokonaismitat: 200 x 180 cm (L x K)<\/li>\n<li>Kunkin paneelin leveys: 40 cm<\/li>\n<li>Asennus vaaditaan: kyll\u00e4<\/li>\n<\/ul>\n","protected":false},"featured_media":100000183808,"comment_status":"closed","ping_status":"closed","template":"","meta":[],"product_brand":[],"product_cat":[84],"product_tag":[],"class_list":{"0":"post-183808","1":"product","2":"type-product","3":"status-publish","4":"has-post-thumbnail","6":"product_cat-huonekalut","8":"first","9":"instock","10":"taxable","11":"shipping-taxable","12":"purchasable","13":"product-type-simple"},"_links":{"self":[{"href":"https:\/\/www.otiumhome.fi\/index.php\/wp-json\/wp\/v2\/product\/183808","targetHints":{"allow":["GET"]}}],"collection":[{"href":"https:\/\/www.otiumhome.fi\/index.php\/wp-json\/wp\/v2\/product"}],"about":[{"href":"https:\/\/www.otiumhome.fi\/index.php\/wp-json\/wp\/v2\/types\/product"}],"replies":[{"embeddable":true,"href":"https:\/\/www.otiumhome.fi\/index.php\/wp-json\/wp\/v2\/comments?post=183808"}],"wp:featuredmedia":[{"embeddable":true,"href":"https:\/\/www.otiumhome.fi\/index.php\/wp-json\/"}],"wp:attachment":[{"href":"https:\/\/www.otiumhome.fi\/index.php\/wp-json\/wp\/v2\/media?parent=183808"}],"wp:term":[{"taxonomy":"product_brand","embeddable":true,"href":"https:\/\/www.otiumhome.fi\/index.php\/wp-json\/wp\/v2\/product_brand?post=183808"},{"taxonomy":"product_cat","embeddable":true,"href":"https:\/\/www.otiumhome.fi\/index.php\/wp-json\/wp\/v2\/product_cat?post=183808"},{"taxonomy":"product_tag","embeddable":true,"href":"https:\/\/www.otiumhome.fi\/index.php\/wp-json\/wp\/v2\/product_tag?post=183808"}],"curies":[{"name":"wp","href":"https:\/\/api.w.org\/{rel}","templated":true}]}}