{"id":183669,"date":"2025-10-25T11:55:53","date_gmt":"2025-10-25T11:55:53","guid":{"rendered":"https:\/\/www.otiumhome.fi\/?p=183669"},"modified":"2025-10-26T06:46:29","modified_gmt":"2025-10-26T06:46:29","slug":"5-paneelinen-tilanjakaja-193x160-cm-vesihyasintti-musta","status":"publish","type":"product","link":"https:\/\/www.otiumhome.fi\/index.php\/tuote\/5-paneelinen-tilanjakaja-193x160-cm-vesihyasintti-musta\/","title":{"rendered":"5-Paneelinen tilanjakaja 193&#215;160 cm vesihyasintti musta"},"content":{"rendered":"<p>T\u00e4m\u00e4 5-paneelien tilanjakaja, sen ajattomalla punotulla tyylill\u00e4, on k\u00e4yt\u00e4nn\u00f6llinen sek\u00e4 koristeellinen lis\u00e4 huoneesi sisustukseen.<\/p>\n<\/p>\n<p>Paneelijakaja koostu metallirungosta ja vesihyasintista, joka tekee siit\u00e4 eritt\u00e4in vakaan sek\u00e4 kest\u00e4v\u00e4n. Se on t\u00e4ydellinen asetettavaksi makuuhuoneeseen, luomaan erillisen, yksityisen pukeutumisalueen, tai vain jakamaan huoneen. Lis\u00e4ksi se on helppo taittaa kokoon, kun se ei ole k\u00e4yt\u00f6ss\u00e4. Kaunis punottu tyyli lis\u00e4\u00e4 jakajan maalaischarmia.<\/p>\n<ul>\n<li>V\u00e4ri: musta<\/li>\n<li>Materiaali: vesihyasintti + rautarunko<\/li>\n<li>Koko: 193 x 160 cm (P x K)<\/li>\n<li>5 paneelia<\/li>\n<\/ul>\n","protected":false},"excerpt":{"rendered":"<ul>\n<li>V\u00e4ri: musta<\/li>\n<li>Materiaali: vesihyasintti + rautarunko<\/li>\n<li>Koko: 193 x 160 cm (P x K)<\/li>\n<li>5 paneelia<\/li>\n<\/ul>\n","protected":false},"featured_media":100000183669,"comment_status":"closed","ping_status":"closed","template":"","meta":[],"product_brand":[],"product_cat":[84],"product_tag":[],"class_list":{"0":"post-183669","1":"product","2":"type-product","3":"status-publish","4":"has-post-thumbnail","6":"product_cat-huonekalut","8":"first","9":"instock","10":"taxable","11":"shipping-taxable","12":"purchasable","13":"product-type-simple"},"_links":{"self":[{"href":"https:\/\/www.otiumhome.fi\/index.php\/wp-json\/wp\/v2\/product\/183669","targetHints":{"allow":["GET"]}}],"collection":[{"href":"https:\/\/www.otiumhome.fi\/index.php\/wp-json\/wp\/v2\/product"}],"about":[{"href":"https:\/\/www.otiumhome.fi\/index.php\/wp-json\/wp\/v2\/types\/product"}],"replies":[{"embeddable":true,"href":"https:\/\/www.otiumhome.fi\/index.php\/wp-json\/wp\/v2\/comments?post=183669"}],"wp:featuredmedia":[{"embeddable":true,"href":"https:\/\/www.otiumhome.fi\/index.php\/wp-json\/"}],"wp:attachment":[{"href":"https:\/\/www.otiumhome.fi\/index.php\/wp-json\/wp\/v2\/media?parent=183669"}],"wp:term":[{"taxonomy":"product_brand","embeddable":true,"href":"https:\/\/www.otiumhome.fi\/index.php\/wp-json\/wp\/v2\/product_brand?post=183669"},{"taxonomy":"product_cat","embeddable":true,"href":"https:\/\/www.otiumhome.fi\/index.php\/wp-json\/wp\/v2\/product_cat?post=183669"},{"taxonomy":"product_tag","embeddable":true,"href":"https:\/\/www.otiumhome.fi\/index.php\/wp-json\/wp\/v2\/product_tag?post=183669"}],"curies":[{"name":"wp","href":"https:\/\/api.w.org\/{rel}","templated":true}]}}