{"id":183666,"date":"2025-10-25T11:55:52","date_gmt":"2025-10-25T11:55:52","guid":{"rendered":"https:\/\/www.otiumhome.fi\/?p=183666"},"modified":"2025-10-26T08:39:19","modified_gmt":"2025-10-26T08:39:19","slug":"tilanjakaja-kirjahylly-kasityolainen-tammi-100x24x140-cm","status":"publish","type":"product","link":"https:\/\/www.otiumhome.fi\/index.php\/tuote\/tilanjakaja-kirjahylly-kasityolainen-tammi-100x24x140-cm\/","title":{"rendered":"Tilanjakaja\/kirjahylly k\u00e4sity\u00f6l\u00e4inen tammi 100x24x140 cm"},"content":{"rendered":"<p>T\u00e4m\u00e4 klassinen huoneenjakaja, jossa on tyylik\u00e4s muotoilu, on sek\u00e4 koristeellinen ett\u00e4 k\u00e4yt\u00e4nn\u00f6llinen lis\u00e4 nykyiseen sisustukseesi.<\/p>\n<ul>\n<li>Kest\u00e4v\u00e4 materiaali: Tekninen puu on poikkeuksellisen laadukasta ja sile\u00e4pintaista. Se on luja, vakaa ja kosteudelle vastustuskykyinen.<\/li>\n<li>Runsaasti s\u00e4ilytystilaa: Suunniteltu 13 erikokoisella lokerolla, jakaja tarjoaa runsaasti s\u00e4ilytystilaa lehtien, kirjojen, DVD-levyjen, multimedialaitteiden ja muiden koriste-esineiden pit\u00e4miseen hyvin j\u00e4rjestyksess\u00e4 ja k\u00e4den ulottuvilla.<\/li>\n<li>Monipuolinen hylly: Toimistonjakaja voi toimia my\u00f6s kirjahyllyn\u00e4, joten se on t\u00e4ydellinen valinta asuintilaasi.<\/li>\n<li>Helppo huoltaa: Sile\u00e4n pinnan ansiosta kirjahylly\/huoneenjakaja on helppo puhdistaa kostealla liinalla ja se tarvitsee vain v\u00e4h\u00e4ist\u00e4 huoltoa.<\/li>\n<\/ul>\n<p>Varoitus:<\/p>\n<ul>\n<li>Kaatumisen est\u00e4miseksi t\u00e4t\u00e4 tuotetta on k\u00e4ytett\u00e4v\u00e4 mukana toimitetun sein\u00e4kiinnityslaitteen kanssa.<\/li>\n<\/ul>\n<ul>\n<li>V\u00e4ri: artisaanitammi<\/li>\n<li>Materiaali: Tekninen puu<\/li>\n<li>Mitat: 100 x 24 x 140 cm (L x S x K)<\/li>\n<li>13 osastolla<\/li>\n<li>Voidaan k\u00e4ytt\u00e4\u00e4 my\u00f6s kirjahyllyn\u00e4.<\/li>\n<li>Asennus vaaditaan: Kyll\u00e4<\/li>\n<\/ul>\n","protected":false},"excerpt":{"rendered":"<ul>\n<li>V\u00e4ri: artisaanitammi<\/li>\n<li>Materiaali: Tekninen puu<\/li>\n<li>Mitat: 100 x 24 x 140 cm (L x S x K)<\/li>\n<li>13 osastolla<\/li>\n<li>Voidaan k\u00e4ytt\u00e4\u00e4 my\u00f6s kirjahyllyn\u00e4.<\/li>\n<li>Asennus vaaditaan: Kyll\u00e4<\/li>\n<\/ul>\n","protected":false},"featured_media":100000183666,"comment_status":"closed","ping_status":"closed","template":"","meta":[],"product_brand":[],"product_cat":[84],"product_tag":[],"class_list":{"0":"post-183666","1":"product","2":"type-product","3":"status-publish","4":"has-post-thumbnail","6":"product_cat-huonekalut","8":"first","9":"instock","10":"taxable","11":"shipping-taxable","12":"purchasable","13":"product-type-simple"},"_links":{"self":[{"href":"https:\/\/www.otiumhome.fi\/index.php\/wp-json\/wp\/v2\/product\/183666","targetHints":{"allow":["GET"]}}],"collection":[{"href":"https:\/\/www.otiumhome.fi\/index.php\/wp-json\/wp\/v2\/product"}],"about":[{"href":"https:\/\/www.otiumhome.fi\/index.php\/wp-json\/wp\/v2\/types\/product"}],"replies":[{"embeddable":true,"href":"https:\/\/www.otiumhome.fi\/index.php\/wp-json\/wp\/v2\/comments?post=183666"}],"wp:featuredmedia":[{"embeddable":true,"href":"https:\/\/www.otiumhome.fi\/index.php\/wp-json\/"}],"wp:attachment":[{"href":"https:\/\/www.otiumhome.fi\/index.php\/wp-json\/wp\/v2\/media?parent=183666"}],"wp:term":[{"taxonomy":"product_brand","embeddable":true,"href":"https:\/\/www.otiumhome.fi\/index.php\/wp-json\/wp\/v2\/product_brand?post=183666"},{"taxonomy":"product_cat","embeddable":true,"href":"https:\/\/www.otiumhome.fi\/index.php\/wp-json\/wp\/v2\/product_cat?post=183666"},{"taxonomy":"product_tag","embeddable":true,"href":"https:\/\/www.otiumhome.fi\/index.php\/wp-json\/wp\/v2\/product_tag?post=183666"}],"curies":[{"name":"wp","href":"https:\/\/api.w.org\/{rel}","templated":true}]}}