{"id":183341,"date":"2025-10-25T11:31:46","date_gmt":"2025-10-25T11:31:46","guid":{"rendered":"https:\/\/www.otiumhome.fi\/?p=183341"},"modified":"2025-12-09T14:16:55","modified_gmt":"2025-12-09T14:16:55","slug":"sangyn-runko-vaaleanharmaa-90-x-200-cm-massiivinen-manty","status":"publish","type":"product","link":"https:\/\/www.otiumhome.fi\/index.php\/tuote\/sangyn-runko-vaaleanharmaa-90-x-200-cm-massiivinen-manty\/","title":{"rendered":"S\u00e4ngyn runko Vaaleanharmaa 90 x 200 cm Massiivinen m\u00e4nty"},"content":{"rendered":"<p>T\u00e4m\u00e4 moderni s\u00e4nkykehys tuo tyylikkyytt\u00e4 ja ajankohtaisuutta mihin tahansa makuuhuoneeseen. Siin\u00e4 on siistit linjat ja selke\u00e4 muoto, joten se sopii t\u00e4ydellisesti niin minimalistisiin kuin elegantteihin sisustuksiin. T\u00e4ysm\u00e4ntyinen runko takaa kest\u00e4vyyden, ja se tarjoaa turvallisen paikan rauhallisille \u00f6ille. Pehme\u00e4 polyesteriverhoilu tasapainottaa tyylin ja k\u00e4yt\u00e4nn\u00f6llisyyden, luoden mukautuvan lev\u00e4hdyspaikan talven viileydess\u00e4 ja kes\u00e4n l\u00e4mp\u00f6isess\u00e4.<\/p>\n<ul><\/br><\/p>\n<li><b>T\u00e4ysm\u00e4ntyinen runko<\/b> Vankka t\u00e4ysm\u00e4ntyinen runko luo erinomaisen tuen rauhalliseen nukkumiseen. Puun luonnollinen kest\u00e4vyys takaa pitk\u00e4n k\u00e4ytt\u00f6i\u00e4n, ja t\u00e4m\u00e4 on luotettava valinta makuuhuoneeseesi vuosiksi.<\/li>\n<p><\/br><\/p>\n<li><b>Tyylik\u00e4s polyesterip\u00e4\u00e4ty<\/b> S\u00e4ngyss\u00e4 on tyylik\u00e4s p\u00e4\u00e4ty, verhoiltu korkealaatuisella polyesterilla, tuoden ripauksen hienostuneisuutta ja mukavuutta. Moderni lis\u00e4ys, p\u00e4\u00e4ty tarjoaa pehme\u00e4\u00e4 tukea luku- tai rentoutumishetkiin s\u00e4ngyss\u00e4, sulautuen t\u00e4ydellisesti mihin tahansa sisustukseen.<\/li>\n<p><\/br><\/p>\n<li><b>Kiinte\u00e4 s\u00e4lepohja<\/b> Varustettu kiinte\u00e4ll\u00e4 s\u00e4lepohjalla, t\u00e4m\u00e4 s\u00e4nky antaa tasaisen tuen patjalle, mik\u00e4 parantaa sen k\u00e4ytt\u00f6ik\u00e4\u00e4. J\u00e4yk\u00e4t s\u00e4leet lis\u00e4\u00e4v\u00e4t napakkuutta, maksimoiden mukavuutta ja selk\u00e4tukea.<\/li>\n<p><\/br><\/p>\n<li><b>Monik\u00e4ytt\u00f6iset neliskulmajalat<\/b> Tukeva t\u00e4ysm\u00e4ntyjalka on muotoiltu neli\u00f6ksi, varmistaen vakauden ja lis\u00e4\u00e4m\u00e4ll\u00e4 modernia tyyli\u00e4. Ne ovat erityisesti valmistettu tukemaan rungon painoa ja tarjoamaan kest\u00e4vyytt\u00e4, sopien monenlaisiin sisustustyyleihin.<\/li>\n<p><\/br><\/p>\n<li><b>Hoito ja yll\u00e4pito<\/b> P\u00e4ivit\u00e4 s\u00e4ngyn ilme pyyhkim\u00e4ll\u00e4 sen pinta kostealla liinalla. S\u00e4\u00e4nn\u00f6llinen huolto yll\u00e4pit\u00e4\u00e4 s\u00e4ngyn ulkon\u00e4k\u00f6\u00e4 ja rakennetta pitk\u00e4\u00e4n.<\/li>\n<p><\/br><\/ul>\n<ul>\n<li>V\u00e4ri: Vaaleanharmaa<\/li>\n<li>Materiaali: Massiivinen m\u00e4nty<\/li>\n<li>Kehysmateriaali: T\u00e4ysi m\u00e4nty<\/li>\n<li>Yleiset mitat: 210,5 x 95,5 x 85,5 cm (P x L x K)<\/li>\n<li>Patjan koko: Yhden hengen s\u00e4nky (90 cm x 200 cm \/ 35&#8243; x 79&#8243;)<\/li>\n<li>Enimm\u00e4ispaino: 100 kg<\/li>\n<li>Onko slated kehys: Kyll\u00e4<\/li>\n<li>Enimm\u00e4ism\u00e4\u00e4r\u00e4 ihmisi\u00e4: 1<\/li>\n<li>Kest\u00e4v\u00e4<\/li>\n<li>Helppo puhdistaa<\/li>\n<li>Helppo kokoaminen<\/li>\n<li>S\u00e4ngyn korkeus: 31 cm<\/li>\n<li>Kankaan koostumus: 100% polyesteri<\/li>\n<li>Verhoiltu p\u00e4\u00e4ty<\/li>\n<li>Kokoonpano vaaditaan: Kyll\u00e4<\/li>\n<li>Toimitus-:<\/li>\n<li>1 x s\u00e4ngynrunko<\/li>\n<li>1 x s\u00e4ngynp\u00e4\u00e4ty<\/li>\n<\/ul>\n","protected":false},"excerpt":{"rendered":"<ul>\n<li>V\u00e4ri: Vaaleanharmaa<\/li>\n<li>Materiaali: Massiivinen m\u00e4nty<\/li>\n<li>Kehysmateriaali: T\u00e4ysi m\u00e4nty<\/li>\n<li>Yleiset mitat: 210,5 x 95,5 x 85,5 cm (P x L x K)<\/li>\n<li>Patjan koko: Yhden hengen s\u00e4nky (90 cm x 200 cm \/ 35&#8243; x 79&#8243;)<\/li>\n<li>Enimm\u00e4ispaino: 100 kg<\/li>\n<li>Onko slated kehys: Kyll\u00e4<\/li>\n<li>Enimm\u00e4ism\u00e4\u00e4r\u00e4 ihmisi\u00e4: 1<\/li>\n<li>Kest\u00e4v\u00e4<\/li>\n<li>Helppo puhdistaa<\/li>\n<li>Helppo kokoaminen<\/li>\n<li>S\u00e4ngyn korkeus: 31 cm<\/li>\n<li>Kankaan koostumus: 100% polyesteri<\/li>\n<li>Verhoiltu p\u00e4\u00e4ty<\/li>\n<li>Kokoonpano vaaditaan: Kyll\u00e4<\/li>\n<li>Toimitus-:<\/li>\n<li>1 x s\u00e4ngynrunko<\/li>\n<li>1 x s\u00e4ngynp\u00e4\u00e4ty<\/li>\n<\/ul>\n","protected":false},"featured_media":100000183341,"comment_status":"closed","ping_status":"closed","template":"","meta":[],"product_brand":[],"product_cat":[84,8638],"product_tag":[],"class_list":{"0":"post-183341","1":"product","2":"type-product","3":"status-publish","4":"has-post-thumbnail","6":"product_cat-huonekalut","7":"product_cat-sangyt-sangynrungot","9":"first","10":"instock","11":"taxable","12":"shipping-taxable","13":"purchasable","14":"product-type-simple"},"_links":{"self":[{"href":"https:\/\/www.otiumhome.fi\/index.php\/wp-json\/wp\/v2\/product\/183341","targetHints":{"allow":["GET"]}}],"collection":[{"href":"https:\/\/www.otiumhome.fi\/index.php\/wp-json\/wp\/v2\/product"}],"about":[{"href":"https:\/\/www.otiumhome.fi\/index.php\/wp-json\/wp\/v2\/types\/product"}],"replies":[{"embeddable":true,"href":"https:\/\/www.otiumhome.fi\/index.php\/wp-json\/wp\/v2\/comments?post=183341"}],"wp:featuredmedia":[{"embeddable":true,"href":"https:\/\/www.otiumhome.fi\/index.php\/wp-json\/"}],"wp:attachment":[{"href":"https:\/\/www.otiumhome.fi\/index.php\/wp-json\/wp\/v2\/media?parent=183341"}],"wp:term":[{"taxonomy":"product_brand","embeddable":true,"href":"https:\/\/www.otiumhome.fi\/index.php\/wp-json\/wp\/v2\/product_brand?post=183341"},{"taxonomy":"product_cat","embeddable":true,"href":"https:\/\/www.otiumhome.fi\/index.php\/wp-json\/wp\/v2\/product_cat?post=183341"},{"taxonomy":"product_tag","embeddable":true,"href":"https:\/\/www.otiumhome.fi\/index.php\/wp-json\/wp\/v2\/product_tag?post=183341"}],"curies":[{"name":"wp","href":"https:\/\/api.w.org\/{rel}","templated":true}]}}