{"id":181819,"date":"2025-10-25T01:16:58","date_gmt":"2025-10-25T01:16:58","guid":{"rendered":"https:\/\/www.otiumhome.fi\/?p=181819"},"modified":"2025-12-14T04:51:28","modified_gmt":"2025-12-14T04:51:28","slug":"peilikaappi-led-valoilla-tammi-76x15x55-cm-tekninen-puu","status":"publish","type":"product","link":"https:\/\/www.otiumhome.fi\/index.php\/tuote\/peilikaappi-led-valoilla-tammi-76x15x55-cm-tekninen-puu\/","title":{"rendered":"Peilikaappi LED-valoilla tammi 76x15x55 cm tekninen puu"},"content":{"rendered":"<p>Pid\u00e4 meikkitarvikkeet siistiss\u00e4 j\u00e4rjestyksess\u00e4 t\u00e4m\u00e4n trendikk\u00e4\u00e4n LED-valoilla varustetun peilikaapin avulla!<\/p>\n<\/p>\n<ul>\n<li> Vakaa ja kest\u00e4v\u00e4 materiaali: Tekninen puu on kest\u00e4v\u00e4 ja vakaa materiaali, jonka sile\u00e4 pinta kest\u00e4\u00e4 kosteutta, v\u00e4\u00e4ntymist\u00e4 ja halkeilua, joten se on luotettava valinta erilaisiin projekteihin. <\/li>\n<li>Meikkipeili: Kaunis meikkipeili takaa selke\u00e4n n\u00e4kym\u00e4n meikkauksen aikana. Se lis\u00e4\u00e4 my\u00f6s tyylikk\u00e4\u00e4n ilmeen kylpyhuoneen meikkipeilille. <\/li>\n<li>LED-valot: Sein\u00e4kaapissa on LED-valot, jotka on varustettu USB-k\u00e4ytt\u00f6liittym\u00e4ll\u00e4, tehden siit\u00e4 eritt\u00e4in k\u00e4tev\u00e4n k\u00e4ytt\u00e4\u00e4. <\/li>\n<li>Reilusti s\u00e4ilytystilaa: T\u00e4m\u00e4 peilillinen korukaappi sis\u00e4lt\u00e4\u00e4 kuusi lokeroa, jotka tarjoavat tilaa esineillesi ja pit\u00e4\u00e4 kaiken paikallaan. <\/li>\n<li>Sein\u00e4lle kiinnitett\u00e4v\u00e4 malli: Kylpyhuoneen LED peilikaappi voidaan kiinnitt\u00e4\u00e4 sein\u00e4lle. Voit t\u00e4ll\u00e4 tavoin maksimoida lattiatilasi ja pit\u00e4\u00e4 alueen siistin\u00e4. <\/li>\n<\/ul>\n<p>Hyv\u00e4 tiet\u00e4\u00e4:<\/p>\n<ul>\n<li> Sein\u00e4\u00e4n kiinnitett\u00e4v\u00e4t ruuvit ja tulpat eiv\u00e4t sis\u00e4lly toimitukseen. Suosittelemme etsim\u00e4\u00e4n ja k\u00e4ytt\u00e4m\u00e4\u00e4n sein\u00e4\u00e4si sopivia ruuveja ja tulppia. Jos olet ep\u00e4varma, kysy ammattilaisen neuvoa. Lue ja noudata ohjeiden jokaista vaihetta. <\/li>\n<li>Tuotteessa on USB-liitin, joka vaatii 5 V USB virtal\u00e4hteen (ei mukana).<\/li>\n<\/ul>\n<ul>\n<li>V\u00e4ri: artisaanitammi<\/li>\n<li>Materiaali: Tekninen puu, akryyli<\/li>\n<li>Mitat: 76 x 15 x 55 cm (P x L x K)<\/li>\n<li>Maksimikantavuus (yhteens\u00e4): 60 kg<\/li>\n<li>Asennus vaaditaan: Kyll\u00e4<\/li>\n<\/ul>\n","protected":false},"excerpt":{"rendered":"<ul>\n<li>V\u00e4ri: artisaanitammi<\/li>\n<li>Materiaali: Tekninen puu, akryyli<\/li>\n<li>Mitat: 76 x 15 x 55 cm (P x L x K)<\/li>\n<li>Maksimikantavuus (yhteens\u00e4): 60 kg<\/li>\n<li>Asennus vaaditaan: Kyll\u00e4<\/li>\n<\/ul>\n","protected":false},"featured_media":100000181819,"comment_status":"closed","ping_status":"closed","template":"","meta":[],"product_brand":[],"product_cat":[84],"product_tag":[],"class_list":{"0":"post-181819","1":"product","2":"type-product","3":"status-publish","4":"has-post-thumbnail","6":"product_cat-huonekalut","8":"first","9":"instock","10":"taxable","11":"shipping-taxable","12":"purchasable","13":"product-type-simple"},"_links":{"self":[{"href":"https:\/\/www.otiumhome.fi\/index.php\/wp-json\/wp\/v2\/product\/181819","targetHints":{"allow":["GET"]}}],"collection":[{"href":"https:\/\/www.otiumhome.fi\/index.php\/wp-json\/wp\/v2\/product"}],"about":[{"href":"https:\/\/www.otiumhome.fi\/index.php\/wp-json\/wp\/v2\/types\/product"}],"replies":[{"embeddable":true,"href":"https:\/\/www.otiumhome.fi\/index.php\/wp-json\/wp\/v2\/comments?post=181819"}],"wp:featuredmedia":[{"embeddable":true,"href":"https:\/\/www.otiumhome.fi\/index.php\/wp-json\/"}],"wp:attachment":[{"href":"https:\/\/www.otiumhome.fi\/index.php\/wp-json\/wp\/v2\/media?parent=181819"}],"wp:term":[{"taxonomy":"product_brand","embeddable":true,"href":"https:\/\/www.otiumhome.fi\/index.php\/wp-json\/wp\/v2\/product_brand?post=181819"},{"taxonomy":"product_cat","embeddable":true,"href":"https:\/\/www.otiumhome.fi\/index.php\/wp-json\/wp\/v2\/product_cat?post=181819"},{"taxonomy":"product_tag","embeddable":true,"href":"https:\/\/www.otiumhome.fi\/index.php\/wp-json\/wp\/v2\/product_tag?post=181819"}],"curies":[{"name":"wp","href":"https:\/\/api.w.org\/{rel}","templated":true}]}}