{"id":181317,"date":"2025-10-20T09:44:26","date_gmt":"2025-10-20T09:44:26","guid":{"rendered":"https:\/\/www.otiumhome.fi\/?p=181317"},"modified":"2025-10-20T17:48:55","modified_gmt":"2025-10-20T17:48:55","slug":"tv-kaappi-pyorilla-kasityolainen-tammi-80x40x45-cm-tekninen-puu","status":"publish","type":"product","link":"https:\/\/www.otiumhome.fi\/index.php\/tuote\/tv-kaappi-pyorilla-kasityolainen-tammi-80x40x45-cm-tekninen-puu\/","title":{"rendered":"TV-kaappi py\u00f6rill\u00e4 k\u00e4sity\u00f6l\u00e4inen tammi 80x40x45 cm tekninen puu"},"content":{"rendered":"<p>Tyylik\u00e4s ja k\u00e4yt\u00e4nn\u00f6llisesti muotoiltu sek\u00e4 jykev\u00e4 TV-taso tulee varmasti olemaan huoneesi keskipiste.<\/p>\n<\/p>\n<ul>\n<li>Kest\u00e4v\u00e4 materiaali: Tekninen puu on poikkeuksellisen laadukasta ja sile\u00e4pintaista. Se on luja, vakaa ja kosteudelle vastustuskykyinen. Teknisest\u00e4 puusta valmistettu TV-taso on tukeva ja kest\u00e4v\u00e4. <\/li>\n<li>Runsaasti s\u00e4ilytystilaa: 4 avoimella hyllyll\u00e4 suunnitellussa TV-yksik\u00f6ss\u00e4 on runsaasti s\u00e4ilytystilaa DVD-soittimien, vastaanottimien, levyjen ja muiden pienten esineiden pit\u00e4miseen hyvin j\u00e4rjestyksess\u00e4 ja k\u00e4den ulottuvilla. <\/li>\n<li>Esittelytoiminto: Mediayksik\u00f6n tukeva yl\u00e4taso on t\u00e4ydellinen paikka ruukkukasveille, valokuvakehyksille ja muille koriste-esineille. <\/li>\n<li>K\u00e4tev\u00e4t rullapy\u00f6r\u00e4t: 360 astetta k\u00e4\u00e4ntyvill\u00e4 rullapy\u00f6rill\u00e4 varustettua mediakaappia voidaan siirt\u00e4\u00e4 joustavasti.<\/li>\n<\/ul>\n<ul>\n<li>V\u00e4ri: artisaanitammi<\/li>\n<li>Materiaali: Tekninen puu<\/li>\n<li>Mitat: 80 x 40 x 45 cm (L x S x K)<\/li>\n<li>Avohyllyill\u00e4<\/li>\n<li>Helppo siirt\u00e4\u00e4 nelj\u00e4n pehme\u00e4sti liikkuvan rullapy\u00f6r\u00e4n ansiosta<\/li>\n<li>2 rullapy\u00f6r\u00e4\u00e4 lukittavissa<\/li>\n<li>Asennus vaaditaan: Kyll\u00e4<\/li>\n<\/ul>\n","protected":false},"excerpt":{"rendered":"<ul>\n<li>V\u00e4ri: artisaanitammi<\/li>\n<li>Materiaali: Tekninen puu<\/li>\n<li>Mitat: 80 x 40 x 45 cm (L x S x K)<\/li>\n<li>Avohyllyill\u00e4<\/li>\n<li>Helppo siirt\u00e4\u00e4 nelj\u00e4n pehme\u00e4sti liikkuvan rullapy\u00f6r\u00e4n ansiosta<\/li>\n<li>2 rullapy\u00f6r\u00e4\u00e4 lukittavissa<\/li>\n<li>Asennus vaaditaan: Kyll\u00e4<\/li>\n<\/ul>\n","protected":false},"featured_media":100000181317,"comment_status":"closed","ping_status":"closed","template":"","meta":[],"product_brand":[],"product_cat":[84],"product_tag":[],"class_list":{"0":"post-181317","1":"product","2":"type-product","3":"status-publish","4":"has-post-thumbnail","6":"product_cat-huonekalut","8":"first","9":"instock","10":"taxable","11":"shipping-taxable","12":"purchasable","13":"product-type-simple"},"_links":{"self":[{"href":"https:\/\/www.otiumhome.fi\/index.php\/wp-json\/wp\/v2\/product\/181317","targetHints":{"allow":["GET"]}}],"collection":[{"href":"https:\/\/www.otiumhome.fi\/index.php\/wp-json\/wp\/v2\/product"}],"about":[{"href":"https:\/\/www.otiumhome.fi\/index.php\/wp-json\/wp\/v2\/types\/product"}],"replies":[{"embeddable":true,"href":"https:\/\/www.otiumhome.fi\/index.php\/wp-json\/wp\/v2\/comments?post=181317"}],"wp:featuredmedia":[{"embeddable":true,"href":"https:\/\/www.otiumhome.fi\/index.php\/wp-json\/"}],"wp:attachment":[{"href":"https:\/\/www.otiumhome.fi\/index.php\/wp-json\/wp\/v2\/media?parent=181317"}],"wp:term":[{"taxonomy":"product_brand","embeddable":true,"href":"https:\/\/www.otiumhome.fi\/index.php\/wp-json\/wp\/v2\/product_brand?post=181317"},{"taxonomy":"product_cat","embeddable":true,"href":"https:\/\/www.otiumhome.fi\/index.php\/wp-json\/wp\/v2\/product_cat?post=181317"},{"taxonomy":"product_tag","embeddable":true,"href":"https:\/\/www.otiumhome.fi\/index.php\/wp-json\/wp\/v2\/product_tag?post=181317"}],"curies":[{"name":"wp","href":"https:\/\/api.w.org\/{rel}","templated":true}]}}