{"id":181241,"date":"2025-10-20T09:39:17","date_gmt":"2025-10-20T09:39:17","guid":{"rendered":"https:\/\/www.otiumhome.fi\/?p=181241"},"modified":"2025-10-20T20:48:48","modified_gmt":"2025-10-20T20:48:48","slug":"tv-kaappi-valkoinen-1005x39x605-cm-kylmavalssattu-teras","status":"publish","type":"product","link":"https:\/\/www.otiumhome.fi\/index.php\/tuote\/tv-kaappi-valkoinen-1005x39x605-cm-kylmavalssattu-teras\/","title":{"rendered":"TV Kaappi Valkoinen 100,5x39x60,5 cm Kylm\u00e4valssattu ter\u00e4s"},"content":{"rendered":"<p>T\u00e4m\u00e4 TV-kaappi tarjoaa sek\u00e4 koristeellisen vieh\u00e4tyksen ett\u00e4 k\u00e4yt\u00e4nn\u00f6llisen s\u00e4ilytystilan, joten se on t\u00e4ydellinen lis\u00e4 kotiisi.<\/p>\n<\/p>\n<ul>\n<li>Vakaa ja pitk\u00e4ik\u00e4inen runko: Ter\u00e4s on luja, vakaa ja kest\u00e4v\u00e4 materiaali, joka tekee siit\u00e4 ihanteellisen valinnan monenlaisiin tarkoituksiin aina huonekalujen valmistuksesta rakentamiseen.<\/li>\n<li>K\u00e4yt\u00e4nn\u00f6lliset kahvat: TV-telineen mukana tulee kahvat, jotka tarjoavat mukavan otteen ja auttavat avaamaan ja sulkemaan kaapin helposti ja lis\u00e4\u00e4v\u00e4t samalla kauneutta.<\/li>\n<li>Runsaasti s\u00e4ilytystilaa: TV-penkiss\u00e4 on runsaasti s\u00e4ilytystilaa ruokailuv\u00e4lineille ja muille taloustavaroille, jotta ne pysyv\u00e4t j\u00e4rjestyksess\u00e4 ja k\u00e4den ulottuvilla.<\/li>\n<li>Metallijalat: Metallijalat lis\u00e4\u00e4v\u00e4t rauhallista tyyli\u00e4 sisustukseesi ja takaavat samalla vakauden.<\/li>\n<li>Laajat sovellukset: Voit k\u00e4ytt\u00e4\u00e4 t\u00e4t\u00e4 tv-sekki\u00e4 kylpyhuoneen kaapina tai keitti\u00f6n kaappina tai vain tyylikk\u00e4\u00e4n\u00e4 s\u00e4ilytyskaapina makuuhuoneissa, wc-huoneissa, sis\u00e4\u00e4nk\u00e4yt\u00e4viss\u00e4, k\u00e4yt\u00e4vill\u00e4 ja toimistoissa, ruokailuhuoneissa ja muissa oleskelutiloissa.<\/li>\n<\/ul>\n<p>Varoitus:<\/p>\n<ul>\n<li>Kaatumisen est\u00e4miseksi t\u00e4t\u00e4 tuotetta on k\u00e4ytett\u00e4v\u00e4 mukana toimitetun sein\u00e4kiinnityslaitteen kanssa.<\/li>\n<\/ul>\n<ul>\n<li>V\u00e4ri: Valkoinen<\/li>\n<li>Materiaali: Kylm\u00e4valssattu ter\u00e4s<\/li>\n<li>Mitat: 100,5 x 39 x 60,5 cm (P x L x K)<\/li>\n<li>Asennus vaaditaan: Kyll\u00e4<\/li>\n<\/ul>\n","protected":false},"excerpt":{"rendered":"<ul>\n<li>V\u00e4ri: Valkoinen<\/li>\n<li>Materiaali: Kylm\u00e4valssattu ter\u00e4s<\/li>\n<li>Mitat: 100,5 x 39 x 60,5 cm (P x L x K)<\/li>\n<li>Asennus vaaditaan: Kyll\u00e4<\/li>\n<\/ul>\n","protected":false},"featured_media":100000181241,"comment_status":"closed","ping_status":"closed","template":"","meta":[],"product_brand":[],"product_cat":[84],"product_tag":[],"class_list":{"0":"post-181241","1":"product","2":"type-product","3":"status-publish","4":"has-post-thumbnail","6":"product_cat-huonekalut","8":"first","9":"instock","10":"taxable","11":"shipping-taxable","12":"purchasable","13":"product-type-simple"},"_links":{"self":[{"href":"https:\/\/www.otiumhome.fi\/index.php\/wp-json\/wp\/v2\/product\/181241","targetHints":{"allow":["GET"]}}],"collection":[{"href":"https:\/\/www.otiumhome.fi\/index.php\/wp-json\/wp\/v2\/product"}],"about":[{"href":"https:\/\/www.otiumhome.fi\/index.php\/wp-json\/wp\/v2\/types\/product"}],"replies":[{"embeddable":true,"href":"https:\/\/www.otiumhome.fi\/index.php\/wp-json\/wp\/v2\/comments?post=181241"}],"wp:featuredmedia":[{"embeddable":true,"href":"https:\/\/www.otiumhome.fi\/index.php\/wp-json\/"}],"wp:attachment":[{"href":"https:\/\/www.otiumhome.fi\/index.php\/wp-json\/wp\/v2\/media?parent=181241"}],"wp:term":[{"taxonomy":"product_brand","embeddable":true,"href":"https:\/\/www.otiumhome.fi\/index.php\/wp-json\/wp\/v2\/product_brand?post=181241"},{"taxonomy":"product_cat","embeddable":true,"href":"https:\/\/www.otiumhome.fi\/index.php\/wp-json\/wp\/v2\/product_cat?post=181241"},{"taxonomy":"product_tag","embeddable":true,"href":"https:\/\/www.otiumhome.fi\/index.php\/wp-json\/wp\/v2\/product_tag?post=181241"}],"curies":[{"name":"wp","href":"https:\/\/api.w.org\/{rel}","templated":true}]}}

TV Kaappi Valkoinen 100,5x39x60,5 cm Kylmävalssattu teräs

<p>Tämä TV-kaappi tarjoaa sekä koristeellisen viehätyksen että käytännöllisen säilytystilan, joten se on täydellinen lisä kotiisi.</p>
</p>
<ul>
<li>Vakaa ja pitkäikäinen runko: Teräs on luja, vakaa ja kestävä materiaali, joka tekee siitä ihanteellisen valinnan monenlaisiin tarkoituksiin aina huonekalujen valmistuksesta rakentamiseen.</li>
<li>Käytännölliset kahvat: TV-telineen mukana tulee kahvat, jotka tarjoavat mukavan otteen ja auttavat avaamaan ja sulkemaan kaapin helposti ja lisäävät samalla kauneutta.</li>
<li>Runsaasti säilytystilaa: TV-penkissä on runsaasti säilytystilaa ruokailuvälineille ja muille taloustavaroille, jotta ne pysyvät järjestyksessä ja käden ulottuvilla.</li>
<li>Metallijalat: Metallijalat lisäävät rauhallista tyyliä sisustukseesi ja takaavat samalla vakauden.</li>
<li>Laajat sovellukset: Voit käyttää tätä tv-sekkiä kylpyhuoneen kaapina tai keittiön kaappina tai vain tyylikkäänä säilytyskaapina makuuhuoneissa, wc-huoneissa, sisäänkäytävissä, käytävillä ja toimistoissa, ruokailuhuoneissa ja muissa oleskelutiloissa.</li>
</ul>
<p>Varoitus:</p>
<ul>
<li>Kaatumisen estämiseksi tätä tuotetta on käytettävä mukana toimitetun seinäkiinnityslaitteen kanssa.</li>
</ul>
<ul>
<li>Väri: Valkoinen</li>
<li>Materiaali: Kylmävalssattu teräs</li>
<li>Mitat: 100,5 x 39 x 60,5 cm (P x L x K)</li>
<li>Asennus vaaditaan: Kyllä</li>
</ul>

<ul>
<li>Väri: Valkoinen</li>
<li>Materiaali: Kylmävalssattu teräs</li>
<li>Mitat: 100,5 x 39 x 60,5 cm (P x L x K)</li>
<li>Asennus vaaditaan: Kyllä</li>
</ul>
