{"id":180918,"date":"2025-10-20T09:05:32","date_gmt":"2025-10-20T09:05:32","guid":{"rendered":"https:\/\/www.otiumhome.fi\/?p=180918"},"modified":"2025-10-20T18:49:46","modified_gmt":"2025-10-20T18:49:46","slug":"nayttoteline-musta-tammi-100x24x13-cm-tekopuu","status":"publish","type":"product","link":"https:\/\/www.otiumhome.fi\/index.php\/tuote\/nayttoteline-musta-tammi-100x24x13-cm-tekopuu\/","title":{"rendered":"N\u00e4ytt\u00f6teline musta tammi 100x24x13 cm tekopuu"},"content":{"rendered":"<p>N\u00e4yt\u00f6n jalusta on ihanteellinen pit\u00e4m\u00e4\u00e4n ty\u00f6p\u00f6yt\u00e4si j\u00e4rjestyksess\u00e4 ja parantamaan katselukokemustasi.<\/p>\n<\/p>\n<ul>\n<li>Vakaa ja kest\u00e4v\u00e4 materiaali: Puu on kest\u00e4v\u00e4 ja vakaa materiaali, jonka sile\u00e4 pinta on kosteutta, v\u00e4\u00e4ntymist\u00e4 ja halkeilua kest\u00e4v\u00e4, joten se on luotettava valinta monenlaisiin projekteihin.<\/li>\n<li>Stressin v\u00e4hent\u00e4minen: T\u00e4m\u00e4 n\u00e4yt\u00f6n jalusta toimii n\u00e4ytt\u00f6jen ja muiden multimedialaitteiden pohjana ja auttaa lievitt\u00e4m\u00e4\u00e4n sel\u00e4n ja niskan rasitusta tietokoneella ty\u00f6skennelt\u00e4ess\u00e4.<\/li>\n<li>S\u00e4ilytystila: N\u00e4ytt\u00f6jalusta tarjoaa tilaa n\u00e4pp\u00e4imist\u00f6lle, hiirelle, DVD-soittimelle, pelikonsolille, suoratoistolaitteille, vastaanottimille, mediasovittimille, muistikirjoille, kynille ja vastaaville.<\/li>\n<li>Laaja k\u00e4ytt\u00f6alue: Tyylik\u00e4s ja tyylik\u00e4s ulkon\u00e4k\u00f6 lis\u00e4\u00e4 ripauksen eleganssia mihin tahansa kotiteatteriin, asuntoon, toimistoon ja muuhun. T\u00e4m\u00e4 parantaa estetiikkaa ja tarjoaa ergonomisen katselukokemuksen pitk\u00e4aikaiseen mukavuuteen.<\/li>\n<\/ul>\n<ul>\n<li>V\u00e4ri: Musta tammi<\/li>\n<li>Materiaali: Puusep\u00e4nty\u00f6t<\/li>\n<li>Mitat: 100 x 24 x 13 cm (P x L x K)<\/li>\n<li>Kokoaminen vaaditaan: Kyll\u00e4<\/li>\n<\/ul>\n","protected":false},"excerpt":{"rendered":"<ul>\n<li>V\u00e4ri: Musta tammi<\/li>\n<li>Materiaali: Puusep\u00e4nty\u00f6t<\/li>\n<li>Mitat: 100 x 24 x 13 cm (P x L x K)<\/li>\n<li>Kokoaminen vaaditaan: Kyll\u00e4<\/li>\n<\/ul>\n","protected":false},"featured_media":100000180918,"comment_status":"closed","ping_status":"closed","template":"","meta":[],"product_brand":[],"product_cat":[84],"product_tag":[],"class_list":{"0":"post-180918","1":"product","2":"type-product","3":"status-publish","4":"has-post-thumbnail","6":"product_cat-huonekalut","8":"first","9":"instock","10":"taxable","11":"shipping-taxable","12":"purchasable","13":"product-type-simple"},"_links":{"self":[{"href":"https:\/\/www.otiumhome.fi\/index.php\/wp-json\/wp\/v2\/product\/180918","targetHints":{"allow":["GET"]}}],"collection":[{"href":"https:\/\/www.otiumhome.fi\/index.php\/wp-json\/wp\/v2\/product"}],"about":[{"href":"https:\/\/www.otiumhome.fi\/index.php\/wp-json\/wp\/v2\/types\/product"}],"replies":[{"embeddable":true,"href":"https:\/\/www.otiumhome.fi\/index.php\/wp-json\/wp\/v2\/comments?post=180918"}],"wp:featuredmedia":[{"embeddable":true,"href":"https:\/\/www.otiumhome.fi\/index.php\/wp-json\/"}],"wp:attachment":[{"href":"https:\/\/www.otiumhome.fi\/index.php\/wp-json\/wp\/v2\/media?parent=180918"}],"wp:term":[{"taxonomy":"product_brand","embeddable":true,"href":"https:\/\/www.otiumhome.fi\/index.php\/wp-json\/wp\/v2\/product_brand?post=180918"},{"taxonomy":"product_cat","embeddable":true,"href":"https:\/\/www.otiumhome.fi\/index.php\/wp-json\/wp\/v2\/product_cat?post=180918"},{"taxonomy":"product_tag","embeddable":true,"href":"https:\/\/www.otiumhome.fi\/index.php\/wp-json\/wp\/v2\/product_tag?post=180918"}],"curies":[{"name":"wp","href":"https:\/\/api.w.org\/{rel}","templated":true}]}}