{"id":180781,"date":"2025-10-20T09:02:23","date_gmt":"2025-10-20T09:02:23","guid":{"rendered":"https:\/\/www.otiumhome.fi\/?p=180781"},"modified":"2025-10-20T18:13:03","modified_gmt":"2025-10-20T18:13:03","slug":"tv-taso-musta-tammi-120x30x305-cm-tekninen-puu","status":"publish","type":"product","link":"https:\/\/www.otiumhome.fi\/index.php\/tuote\/tv-taso-musta-tammi-120x30x305-cm-tekninen-puu\/","title":{"rendered":"TV-taso musta tammi 120x30x30,5 cm tekninen puu"},"content":{"rendered":"<p>Tyylik\u00e4st\u00e4 ja k\u00e4yt\u00e4nn\u00f6llist\u00e4 muotoilua edustava TV-taso tulee olemaan huoneesi keskipiste.<\/p>\n<\/p>\n<ul>\n<li>Vakaa ja kest\u00e4v\u00e4 materiaali: Tekninen puu on kest\u00e4v\u00e4 ja vakaa materiaali, jonka sile\u00e4 pinta kest\u00e4\u00e4 kosteutta, v\u00e4\u00e4ntymist\u00e4 ja halkeilua, joten se on luotettava valinta erilaisiin projekteihin.<\/li>\n<li>Runsaasti s\u00e4ilytystilaa: T\u00e4m\u00e4 TV-taso tarjoaa runsaasti s\u00e4ilytystilaa lehtien, kirjojen, DVD-levyjen ja multimedialaitteiden pit\u00e4miseen hyvin j\u00e4rjestyksess\u00e4 ja k\u00e4den ulottuvilla.<\/li>\n<li>Tilaa s\u00e4\u00e4st\u00e4v\u00e4: Mediakaappi voidaan kiinnitt\u00e4\u00e4 sein\u00e4\u00e4n lis\u00e4\u00e4m\u00e4\u00e4n tallennustilaa. N\u00e4in voit maksimoida lattiatilan ja pit\u00e4\u00e4 alueen puhtaana.<\/li>\n<li>Helppo huoltaa: T\u00e4m\u00e4 TV-konsoli on helppo puhdistaa kostealla liinalla ja vaatii v\u00e4hemm\u00e4n huoltoa.<\/li>\n<\/ul>\n<p>Hyv\u00e4 tiet\u00e4\u00e4:<\/p>\n<ul>\n<li>Sein\u00e4\u00e4n kiinnitett\u00e4v\u00e4t ruuvit ja tulpat eiv\u00e4t sis\u00e4lly toimitukseen. Suosittelemme etsim\u00e4\u00e4n ja k\u00e4ytt\u00e4m\u00e4\u00e4n sein\u00e4\u00e4si sopivia ruuveja ja tulppia. Jos olet ep\u00e4varma, kysy ammattilaisen neuvoa. Lue ja noudata ohjeiden jokaista vaihetta.<\/li>\n<\/ul>\n<ul>\n<li>V\u00e4ri: Musta tammi<\/li>\n<li>Materiaali: Tekninen puu<\/li>\n<li>Mitat: 120 x 30 x 30,5 cm (P x L x K)<\/li>\n<li>Maksimipainokapasiteetti (yhteens\u00e4): 60 kg<\/li>\n<li>Sis\u00e4lt\u00e4\u00e4 kaksi alas vedett\u00e4v\u00e4\u00e4 ovea<\/li>\n<li>Asennus vaaditaan: Kyll\u00e4<\/li>\n<\/ul>\n","protected":false},"excerpt":{"rendered":"<ul>\n<li>V\u00e4ri: Musta tammi<\/li>\n<li>Materiaali: Tekninen puu<\/li>\n<li>Mitat: 120 x 30 x 30,5 cm (P x L x K)<\/li>\n<li>Maksimipainokapasiteetti (yhteens\u00e4): 60 kg<\/li>\n<li>Sis\u00e4lt\u00e4\u00e4 kaksi alas vedett\u00e4v\u00e4\u00e4 ovea<\/li>\n<li>Asennus vaaditaan: Kyll\u00e4<\/li>\n<\/ul>\n","protected":false},"featured_media":100000180781,"comment_status":"closed","ping_status":"closed","template":"","meta":[],"product_brand":[],"product_cat":[84],"product_tag":[],"class_list":{"0":"post-180781","1":"product","2":"type-product","3":"status-publish","4":"has-post-thumbnail","6":"product_cat-huonekalut","8":"first","9":"instock","10":"taxable","11":"shipping-taxable","12":"purchasable","13":"product-type-simple"},"_links":{"self":[{"href":"https:\/\/www.otiumhome.fi\/index.php\/wp-json\/wp\/v2\/product\/180781","targetHints":{"allow":["GET"]}}],"collection":[{"href":"https:\/\/www.otiumhome.fi\/index.php\/wp-json\/wp\/v2\/product"}],"about":[{"href":"https:\/\/www.otiumhome.fi\/index.php\/wp-json\/wp\/v2\/types\/product"}],"replies":[{"embeddable":true,"href":"https:\/\/www.otiumhome.fi\/index.php\/wp-json\/wp\/v2\/comments?post=180781"}],"wp:featuredmedia":[{"embeddable":true,"href":"https:\/\/www.otiumhome.fi\/index.php\/wp-json\/"}],"wp:attachment":[{"href":"https:\/\/www.otiumhome.fi\/index.php\/wp-json\/wp\/v2\/media?parent=180781"}],"wp:term":[{"taxonomy":"product_brand","embeddable":true,"href":"https:\/\/www.otiumhome.fi\/index.php\/wp-json\/wp\/v2\/product_brand?post=180781"},{"taxonomy":"product_cat","embeddable":true,"href":"https:\/\/www.otiumhome.fi\/index.php\/wp-json\/wp\/v2\/product_cat?post=180781"},{"taxonomy":"product_tag","embeddable":true,"href":"https:\/\/www.otiumhome.fi\/index.php\/wp-json\/wp\/v2\/product_tag?post=180781"}],"curies":[{"name":"wp","href":"https:\/\/api.w.org\/{rel}","templated":true}]}}

<p>Tyylikästä ja käytännöllistä muotoilua edustava TV-taso tulee olemaan huoneesi keskipiste.</p>
</p>
<ul>
<li>Vakaa ja kestävä materiaali: Tekninen puu on kestävä ja vakaa materiaali, jonka sileä pinta kestää kosteutta, vääntymistä ja halkeilua, joten se on luotettava valinta erilaisiin projekteihin.</li>
<li>Runsaasti säilytystilaa: Tämä TV-taso tarjoaa runsaasti säilytystilaa lehtien, kirjojen, DVD-levyjen ja multimedialaitteiden pitämiseen hyvin järjestyksessä ja käden ulottuvilla.</li>
<li>Tilaa säästävä: Mediakaappi voidaan kiinnittää seinään lisäämään tallennustilaa. Näin voit maksimoida lattiatilan ja pitää alueen puhtaana.</li>
<li>Helppo huoltaa: Tämä TV-konsoli on helppo puhdistaa kostealla liinalla ja vaatii vähemmän huoltoa.</li>
</ul>
<p>Hyvä tietää:</p>
<ul>
<li>Seinään kiinnitettävät ruuvit ja tulpat eivät sisälly toimitukseen. Suosittelemme etsimään ja käyttämään seinääsi sopivia ruuveja ja tulppia. Jos olet epävarma, kysy ammattilaisen neuvoa. Lue ja noudata ohjeiden jokaista vaihetta.</li>
</ul>
<ul>
<li>Väri: Musta tammi</li>
<li>Materiaali: Tekninen puu</li>
<li>Mitat: 120 x 30 x 30,5 cm (P x L x K)</li>
<li>Maksimipainokapasiteetti (yhteensä): 60 kg</li>
<li>Sisältää kaksi alas vedettävää ovea</li>
<li>Asennus vaaditaan: Kyllä</li>
</ul>

<ul>
<li>Väri: Musta tammi</li>
<li>Materiaali: Tekninen puu</li>
<li>Mitat: 120 x 30 x 30,5 cm (P x L x K)</li>
<li>Maksimipainokapasiteetti (yhteensä): 60 kg</li>
<li>Sisältää kaksi alas vedettävää ovea</li>
<li>Asennus vaaditaan: Kyllä</li>
</ul>
