{"id":180359,"date":"2025-10-20T08:42:41","date_gmt":"2025-10-20T08:42:41","guid":{"rendered":"https:\/\/www.otiumhome.fi\/?p=180359"},"modified":"2025-10-20T18:00:23","modified_gmt":"2025-10-20T18:00:23","slug":"tv-taso-harmaa-sonoma-103x38x465-cm-tekninen-puu-ja-teras","status":"publish","type":"product","link":"https:\/\/www.otiumhome.fi\/index.php\/tuote\/tv-taso-harmaa-sonoma-103x38x465-cm-tekninen-puu-ja-teras\/","title":{"rendered":"TV-taso harmaa Sonoma 103x38x46,5 cm tekninen puu ja ter\u00e4s"},"content":{"rendered":"<p>T\u00e4st\u00e4 tukevasta ja trendikk\u00e4\u00e4st\u00e4 mutta k\u00e4yt\u00e4nn\u00f6llisest\u00e4 TV-kaapista tulee huoneesi keskipiste.<\/p>\n<\/p>\n<ul>\n<li>Kest\u00e4v\u00e4 materiaali: Tekninen puu on poikkeuksellisen laadukasta ja sile\u00e4pintaista. Se on luja, vakaa ja kosteudelle vastustuskykyinen.<\/li>\n<li>Vakaa runko: TV-tason runko on valmistettu ter\u00e4ksest\u00e4. Ter\u00e4s on poikkeuksellisen kova ja vahva materiaali. Se tarjoaa tukevuutta ja vakautta.<\/li>\n<li>Runsaasti s\u00e4ilytystilaa: TV-yksikk\u00f6 tarjoaa runsaasti tilaa DVD-soittimien, pelikonsolien, suoratoistolaitteiden ja medialaitteiden pit\u00e4miseen k\u00e4den ulottuvilla ja hyv\u00e4ss\u00e4 j\u00e4rjestyksess\u00e4.<\/li>\n<li>Tukeva yl\u00e4taso: Mediatason tukeva yl\u00e4taso on ihanteellinen paikka TV:n ja stereoj\u00e4rjestelmien tai joidenkin koristeiden, kuten maljakoiden ja ruukkukasvien sijoittamiseen.<\/li>\n<li>Teollinen tyyli: Mediayksikk\u00f6 lis\u00e4\u00e4 vieh\u00e4tt\u00e4v\u00e4\u00e4 teollista tyyli\u00e4 nykyiseen sisustukseesi. Se tuo vanhojen tehtaiden ja teollisuustilojen inspiroimaa tyyli\u00e4 olohuoneeseesi.<\/li>\n<\/ul>\n<ul>\n<li>V\u00e4ri: harmaa Sonoma<\/li>\n<li>Materiaali: tekninen puu, ter\u00e4s<\/li>\n<li>Mitat: 103 x 38 x 46,5 cm (L x S x K)<\/li>\n<li>Asennus vaaditaan: kyll\u00e4<\/li>\n<\/ul>\n","protected":false},"excerpt":{"rendered":"<ul>\n<li>V\u00e4ri: harmaa Sonoma<\/li>\n<li>Materiaali: tekninen puu, ter\u00e4s<\/li>\n<li>Mitat: 103 x 38 x 46,5 cm (L x S x K)<\/li>\n<li>Asennus vaaditaan: kyll\u00e4<\/li>\n<\/ul>\n","protected":false},"featured_media":100000180359,"comment_status":"closed","ping_status":"closed","template":"","meta":[],"product_brand":[],"product_cat":[84],"product_tag":[],"class_list":{"0":"post-180359","1":"product","2":"type-product","3":"status-publish","4":"has-post-thumbnail","6":"product_cat-huonekalut","8":"first","9":"instock","10":"taxable","11":"shipping-taxable","12":"purchasable","13":"product-type-simple"},"_links":{"self":[{"href":"https:\/\/www.otiumhome.fi\/index.php\/wp-json\/wp\/v2\/product\/180359","targetHints":{"allow":["GET"]}}],"collection":[{"href":"https:\/\/www.otiumhome.fi\/index.php\/wp-json\/wp\/v2\/product"}],"about":[{"href":"https:\/\/www.otiumhome.fi\/index.php\/wp-json\/wp\/v2\/types\/product"}],"replies":[{"embeddable":true,"href":"https:\/\/www.otiumhome.fi\/index.php\/wp-json\/wp\/v2\/comments?post=180359"}],"wp:featuredmedia":[{"embeddable":true,"href":"https:\/\/www.otiumhome.fi\/index.php\/wp-json\/"}],"wp:attachment":[{"href":"https:\/\/www.otiumhome.fi\/index.php\/wp-json\/wp\/v2\/media?parent=180359"}],"wp:term":[{"taxonomy":"product_brand","embeddable":true,"href":"https:\/\/www.otiumhome.fi\/index.php\/wp-json\/wp\/v2\/product_brand?post=180359"},{"taxonomy":"product_cat","embeddable":true,"href":"https:\/\/www.otiumhome.fi\/index.php\/wp-json\/wp\/v2\/product_cat?post=180359"},{"taxonomy":"product_tag","embeddable":true,"href":"https:\/\/www.otiumhome.fi\/index.php\/wp-json\/wp\/v2\/product_tag?post=180359"}],"curies":[{"name":"wp","href":"https:\/\/api.w.org\/{rel}","templated":true}]}}

TV-taso harmaa Sonoma 103x38x46,5 cm tekninen puu ja teräs

<p>Tästä tukevasta ja trendikkäästä mutta käytännöllisestä TV-kaapista tulee huoneesi keskipiste.</p>
</p>
<ul>
<li>Kestävä materiaali: Tekninen puu on poikkeuksellisen laadukasta ja sileäpintaista. Se on luja, vakaa ja kosteudelle vastustuskykyinen.</li>
<li>Vakaa runko: TV-tason runko on valmistettu teräksestä. Teräs on poikkeuksellisen kova ja vahva materiaali. Se tarjoaa tukevuutta ja vakautta.</li>
<li>Runsaasti säilytystilaa: TV-yksikkö tarjoaa runsaasti tilaa DVD-soittimien, pelikonsolien, suoratoistolaitteiden ja medialaitteiden pitämiseen käden ulottuvilla ja hyvässä järjestyksessä.</li>
<li>Tukeva ylätaso: Mediatason tukeva ylätaso on ihanteellinen paikka TV:n ja stereojärjestelmien tai joidenkin koristeiden, kuten maljakoiden ja ruukkukasvien sijoittamiseen.</li>
<li>Teollinen tyyli: Mediayksikkö lisää viehättävää teollista tyyliä nykyiseen sisustukseesi. Se tuo vanhojen tehtaiden ja teollisuustilojen inspiroimaa tyyliä olohuoneeseesi.</li>
</ul>
<ul>
<li>Väri: harmaa Sonoma</li>
<li>Materiaali: tekninen puu, teräs</li>
<li>Mitat: 103 x 38 x 46,5 cm (L x S x K)</li>
<li>Asennus vaaditaan: kyllä</li>
</ul>

<ul>
<li>Väri: harmaa Sonoma</li>
<li>Materiaali: tekninen puu, teräs</li>
<li>Mitat: 103 x 38 x 46,5 cm (L x S x K)</li>
<li>Asennus vaaditaan: kyllä</li>
</ul>
