{"id":179634,"date":"2025-10-20T08:21:18","date_gmt":"2025-10-20T08:21:18","guid":{"rendered":"https:\/\/www.otiumhome.fi\/?p=179634"},"modified":"2025-10-20T19:11:41","modified_gmt":"2025-10-20T19:11:41","slug":"nayttoteline-musta-37x28x115-cm","status":"publish","type":"product","link":"https:\/\/www.otiumhome.fi\/index.php\/tuote\/nayttoteline-musta-37x28x115-cm\/","title":{"rendered":"N\u00e4ytt\u00f6teline musta 37x28x11,5 cm"},"content":{"rendered":"<p>T\u00e4m\u00e4 k\u00e4yt\u00e4nn\u00f6llinen ja minimalistinen n\u00e4ytt\u00f6koroke tuo asuintilaasi modernia ilmett\u00e4.<\/p>\n<\/p>\n<ul>\n<li>Kest\u00e4v\u00e4 materiaali: N\u00e4ytt\u00f6teline on valmistettu HIPS:st\u00e4 (iskunkest\u00e4v\u00e4 polystyreeni) ja metallista, joka tekee siit\u00e4 tukevan ja vakaan.<\/li>\n<li>S\u00e4ilytystila: Alla olevaan tilaan mahtuu n\u00e4pp\u00e4imist\u00f6, DVD-soitin, pelikonsoli, suoratoistolaite, vastaanottimet, mediav\u00e4lineet, muistikirjat, kyn\u00e4t ja muut vastaavat esineet.<\/li>\n<li>Stressi\u00e4 v\u00e4hent\u00e4v\u00e4 toiminto: T\u00e4t\u00e4 monitoritelinett\u00e4 voidaan k\u00e4ytt\u00e4\u00e4 n\u00e4yt\u00f6n ja muiden multimedialaitteiden korottamiseen. N\u00e4yt\u00f6n korottaminen v\u00e4hent\u00e4\u00e4 niskan ja sel\u00e4n rasitusta.<\/li>\n<\/ul>\n<p>Huomioi:<\/p>\n<ul>\n<li>Jokaisen tuotteen mukana on laatikossa kokoonpano-ohje helppoa asennusta varten.<\/li>\n<\/ul>\n<ul>\n<li>V\u00e4ri: Musta<\/li>\n<li>Materiaali: HIPS (iskunkest\u00e4v\u00e4 polystyreeni), metalli<\/li>\n<li>Mitat: 37 x 28 x 11,5 cm (L x S x K)<\/li>\n<\/ul>\n","protected":false},"excerpt":{"rendered":"<ul>\n<li>V\u00e4ri: Musta<\/li>\n<li>Materiaali: HIPS (iskunkest\u00e4v\u00e4 polystyreeni), metalli<\/li>\n<li>Mitat: 37 x 28 x 11,5 cm (L x S x K)<\/li>\n<\/ul>\n","protected":false},"featured_media":100000179634,"comment_status":"closed","ping_status":"closed","template":"","meta":[],"product_brand":[],"product_cat":[84],"product_tag":[],"class_list":{"0":"post-179634","1":"product","2":"type-product","3":"status-publish","4":"has-post-thumbnail","6":"product_cat-huonekalut","8":"first","9":"instock","10":"taxable","11":"shipping-taxable","12":"purchasable","13":"product-type-simple"},"_links":{"self":[{"href":"https:\/\/www.otiumhome.fi\/index.php\/wp-json\/wp\/v2\/product\/179634","targetHints":{"allow":["GET"]}}],"collection":[{"href":"https:\/\/www.otiumhome.fi\/index.php\/wp-json\/wp\/v2\/product"}],"about":[{"href":"https:\/\/www.otiumhome.fi\/index.php\/wp-json\/wp\/v2\/types\/product"}],"replies":[{"embeddable":true,"href":"https:\/\/www.otiumhome.fi\/index.php\/wp-json\/wp\/v2\/comments?post=179634"}],"wp:featuredmedia":[{"embeddable":true,"href":"https:\/\/www.otiumhome.fi\/index.php\/wp-json\/"}],"wp:attachment":[{"href":"https:\/\/www.otiumhome.fi\/index.php\/wp-json\/wp\/v2\/media?parent=179634"}],"wp:term":[{"taxonomy":"product_brand","embeddable":true,"href":"https:\/\/www.otiumhome.fi\/index.php\/wp-json\/wp\/v2\/product_brand?post=179634"},{"taxonomy":"product_cat","embeddable":true,"href":"https:\/\/www.otiumhome.fi\/index.php\/wp-json\/wp\/v2\/product_cat?post=179634"},{"taxonomy":"product_tag","embeddable":true,"href":"https:\/\/www.otiumhome.fi\/index.php\/wp-json\/wp\/v2\/product_tag?post=179634"}],"curies":[{"name":"wp","href":"https:\/\/api.w.org\/{rel}","templated":true}]}}