{"id":179118,"date":"2025-10-20T07:56:14","date_gmt":"2025-10-20T07:56:14","guid":{"rendered":"https:\/\/www.otiumhome.fi\/?p=179118"},"modified":"2025-10-20T20:47:21","modified_gmt":"2025-10-20T20:47:21","slug":"tv-taso-ovilla-sonoma-tammi-60x35x45-cm-keinopuu","status":"publish","type":"product","link":"https:\/\/www.otiumhome.fi\/index.php\/tuote\/tv-taso-ovilla-sonoma-tammi-60x35x45-cm-keinopuu\/","title":{"rendered":"TV-taso ovilla Sonoma-tammi 60x35x45 cm keinopuu"},"content":{"rendered":"<p>Tyylikk\u00e4\u00e4n mutta k\u00e4yt\u00e4nn\u00f6llisen muotoilunsa ansiosta t\u00e4m\u00e4 TV-taso on tarkoitettu huoneesi keskipisteeksi.<\/p>\n<\/p>\n<ul>\n<li>Kest\u00e4v\u00e4 materiaali: Puu on poikkeuksellisen laadukasta ja sile\u00e4pintaista. Se on my\u00f6s kest\u00e4v\u00e4, vakaa ja kest\u00e4\u00e4 kosteutta.<\/li>\n<li>Runsaasti s\u00e4ilytystilaa: Kahdella lokerolla varustettu TV-taso tarjoaa runsaasti s\u00e4ilytystilaa lehtien, DVD-levyjen ja muiden tavaroiden j\u00e4rjestyksess\u00e4 pit\u00e4miseen.<\/li>\n<li>Tukeva kansilevy: TV-tason kansi tarjoaa turvallisen pinnan koriste-esineiden, valokuvakehysten tai ruukkukasvien esillepanoon.<\/li>\n<li>K\u00e4yt\u00e4nn\u00f6lliset ovet: Pid\u00e4 t\u00e4rke\u00e4t tavarasi p\u00f6lytt\u00f6min\u00e4 piilottamalla ne mediakaapin ovien taakse.<\/li>\n<li>Metallijalat: Metallijalat lis\u00e4\u00e4v\u00e4t sisustukseen rauhallista tyyli\u00e4 ja varmistavat samalla vakauden.<\/li>\n<\/ul>\n<p>Hyv\u00e4 tiet\u00e4\u00e4:<\/p>\n<ul>\n<li>Jotta kokoaminen olisi mahdollisimman helppoa, jokaisen tuotteen mukana toimitetaan k\u00e4ytt\u00f6ohje.<\/li>\n<\/ul>\n<ul>\n<li>V\u00e4ri: Sonoma-tammi<\/li>\n<li>Materiaali: Puusep\u00e4nty\u00f6t, ter\u00e4s<\/li>\n<li>Mitat: 60 x 35 x 45 cm (L x S x K)<\/li>\n<\/ul>\n","protected":false},"excerpt":{"rendered":"<ul>\n<li>V\u00e4ri: Sonoma-tammi<\/li>\n<li>Materiaali: Puusep\u00e4nty\u00f6t, ter\u00e4s<\/li>\n<li>Mitat: 60 x 35 x 45 cm (L x S x K)<\/li>\n<\/ul>\n","protected":false},"featured_media":100000179118,"comment_status":"closed","ping_status":"closed","template":"","meta":[],"product_brand":[],"product_cat":[84],"product_tag":[],"class_list":{"0":"post-179118","1":"product","2":"type-product","3":"status-publish","4":"has-post-thumbnail","6":"product_cat-huonekalut","8":"first","9":"instock","10":"taxable","11":"shipping-taxable","12":"purchasable","13":"product-type-simple"},"_links":{"self":[{"href":"https:\/\/www.otiumhome.fi\/index.php\/wp-json\/wp\/v2\/product\/179118","targetHints":{"allow":["GET"]}}],"collection":[{"href":"https:\/\/www.otiumhome.fi\/index.php\/wp-json\/wp\/v2\/product"}],"about":[{"href":"https:\/\/www.otiumhome.fi\/index.php\/wp-json\/wp\/v2\/types\/product"}],"replies":[{"embeddable":true,"href":"https:\/\/www.otiumhome.fi\/index.php\/wp-json\/wp\/v2\/comments?post=179118"}],"wp:featuredmedia":[{"embeddable":true,"href":"https:\/\/www.otiumhome.fi\/index.php\/wp-json\/"}],"wp:attachment":[{"href":"https:\/\/www.otiumhome.fi\/index.php\/wp-json\/wp\/v2\/media?parent=179118"}],"wp:term":[{"taxonomy":"product_brand","embeddable":true,"href":"https:\/\/www.otiumhome.fi\/index.php\/wp-json\/wp\/v2\/product_brand?post=179118"},{"taxonomy":"product_cat","embeddable":true,"href":"https:\/\/www.otiumhome.fi\/index.php\/wp-json\/wp\/v2\/product_cat?post=179118"},{"taxonomy":"product_tag","embeddable":true,"href":"https:\/\/www.otiumhome.fi\/index.php\/wp-json\/wp\/v2\/product_tag?post=179118"}],"curies":[{"name":"wp","href":"https:\/\/api.w.org\/{rel}","templated":true}]}}