{"id":178835,"date":"2025-10-20T07:45:31","date_gmt":"2025-10-20T07:45:31","guid":{"rendered":"https:\/\/www.otiumhome.fi\/?p=178835"},"modified":"2025-12-14T18:08:37","modified_gmt":"2025-12-14T18:08:37","slug":"tv-taso-led-valoilla-harmaa-sonoma-160x35x40-cm","status":"publish","type":"product","link":"https:\/\/www.otiumhome.fi\/index.php\/tuote\/tv-taso-led-valoilla-harmaa-sonoma-160x35x40-cm\/","title":{"rendered":"TV-taso LED-valoilla harmaa Sonoma 160x35x40 cm"},"content":{"rendered":"<p>Tyylik\u00e4s ja k\u00e4yt\u00e4nn\u00f6llisesti muotoiltu TV-taso LED-valoilla tulee varmasti olemaan huoneesi keskipiste.<\/p>\n<\/p>\n<ul>\n<li>K\u00e4yt\u00e4nn\u00f6llinen materiaali: Tekninen puu on poikkeuksellisen laadukasta ja sile\u00e4pintaista. Se on my\u00f6s luja, vakaa ja kosteudelle vastustuskykyinen. Teknisest\u00e4 puusta valmistettu, LED-valoilla varustettu TV-taso on helppo puhdistaa.<\/li>\n<li>Runsaasti s\u00e4ilytystilaa: Runsas s\u00e4ilytystila helpottaa tavaroiden j\u00e4rjest\u00e4mist\u00e4.<\/li>\n<li>RGB LED-valot: T\u00e4ss\u00e4 TV-tasossa on RGB LED-valot eri s\u00e4\u00e4d\u00f6ill\u00e4, jotka muuttavat valojen v\u00e4ri\u00e4 ja mahdollistavat v\u00e4rin s\u00e4\u00e4t\u00e4misen niin, ett\u00e4 ne vaihtavat automaattisesti v\u00e4ri\u00e4. LED-valot korostavat modernia ilmett\u00e4 ja edist\u00e4v\u00e4t trendik\u00e4st\u00e4 tuntumaa.<\/li>\n<li>Tyylik\u00e4s ulkon\u00e4k\u00f6: Puhtaat linjat ja tyylik\u00e4s muotoilu saavat t\u00e4m\u00e4n TV-yksik\u00f6n sulautumaan sisustukseesi t\u00e4ydellisesti.<\/li>\n<\/ul>\n<p>Huomioi:<\/p>\n<ul>\n<li> Jokaisen tuotteen mukana on laatikossa kokoonpano-ohje helppoa asennusta varten.<\/li>\n<li>Tuotteessa on USB-liitin, mutta sertifioitu 5 V USB virtal\u00e4hde ei sis\u00e4lly toimitukseen.<\/li>\n<\/ul>\n<ul>\n<li>V\u00e4ri: harmaa Sonoma-tammi<\/li>\n<li>Materiaali: tekninen puu<\/li>\n<li>Mitat: 160 x 35 x 40 cm (P x L x K)<\/li>\n<li>RGB LED-valoilla<\/li>\n<\/ul>\n","protected":false},"excerpt":{"rendered":"<ul>\n<li>V\u00e4ri: harmaa Sonoma-tammi<\/li>\n<li>Materiaali: tekninen puu<\/li>\n<li>Mitat: 160 x 35 x 40 cm (P x L x K)<\/li>\n<li>RGB LED-valoilla<\/li>\n<\/ul>\n","protected":false},"featured_media":100000178835,"comment_status":"closed","ping_status":"closed","template":"","meta":[],"product_brand":[],"product_cat":[84],"product_tag":[],"class_list":{"0":"post-178835","1":"product","2":"type-product","3":"status-publish","4":"has-post-thumbnail","6":"product_cat-huonekalut","8":"first","9":"instock","10":"taxable","11":"shipping-taxable","12":"purchasable","13":"product-type-simple"},"_links":{"self":[{"href":"https:\/\/www.otiumhome.fi\/index.php\/wp-json\/wp\/v2\/product\/178835","targetHints":{"allow":["GET"]}}],"collection":[{"href":"https:\/\/www.otiumhome.fi\/index.php\/wp-json\/wp\/v2\/product"}],"about":[{"href":"https:\/\/www.otiumhome.fi\/index.php\/wp-json\/wp\/v2\/types\/product"}],"replies":[{"embeddable":true,"href":"https:\/\/www.otiumhome.fi\/index.php\/wp-json\/wp\/v2\/comments?post=178835"}],"wp:featuredmedia":[{"embeddable":true,"href":"https:\/\/www.otiumhome.fi\/index.php\/wp-json\/"}],"wp:attachment":[{"href":"https:\/\/www.otiumhome.fi\/index.php\/wp-json\/wp\/v2\/media?parent=178835"}],"wp:term":[{"taxonomy":"product_brand","embeddable":true,"href":"https:\/\/www.otiumhome.fi\/index.php\/wp-json\/wp\/v2\/product_brand?post=178835"},{"taxonomy":"product_cat","embeddable":true,"href":"https:\/\/www.otiumhome.fi\/index.php\/wp-json\/wp\/v2\/product_cat?post=178835"},{"taxonomy":"product_tag","embeddable":true,"href":"https:\/\/www.otiumhome.fi\/index.php\/wp-json\/wp\/v2\/product_tag?post=178835"}],"curies":[{"name":"wp","href":"https:\/\/api.w.org\/{rel}","templated":true}]}}