{"id":178596,"date":"2025-10-20T07:38:41","date_gmt":"2025-10-20T07:38:41","guid":{"rendered":"https:\/\/www.otiumhome.fi\/?p=178596"},"modified":"2025-12-09T15:28:49","modified_gmt":"2025-12-09T15:28:49","slug":"tv-yksikot-ruskea-80-x-33-x-46-cm-tekninen-puu","status":"publish","type":"product","link":"https:\/\/www.otiumhome.fi\/index.php\/tuote\/tv-yksikot-ruskea-80-x-33-x-46-cm-tekninen-puu\/","title":{"rendered":"TV-yksik\u00f6t Ruskea 80 x 33 x 46 cm Tekninen puu"},"content":{"rendered":"<p>T\u00e4m\u00e4 puinen TV-yksikk\u00f6 yhdist\u00e4\u00e4 modernin muotoilun ja tilaa s\u00e4\u00e4st\u00e4v\u00e4n eleganssin, mik\u00e4 tekee siit\u00e4 t\u00e4ydellisen mihin tahansa olohuoneeseen. Suorakaiteen muoto sopii moniin sisustusstyyleihin, ja sen yksinkertainen k\u00e4ytett\u00e4vyys helpottaa integroimista erilaisiin asetelmiin, tarjoten runsaasti tilaa viihdej\u00e4rjestelmille ja koriste-esineille.<\/p>\n<ul><\/br> <\/p>\n<li><b>Teknologiapuun materiaali<\/b> T\u00e4m\u00e4 TV-yksikk\u00f6 on valmistettu teknologiapuusta, joka tarjoaa tyylikk\u00e4\u00e4n ja modernin ilmeen ja erinomaista kest\u00e4vyytt\u00e4. Rakenne takaa pitk\u00e4n k\u00e4ytt\u00f6i\u00e4n, joten t\u00e4m\u00e4 kest\u00e4\u00e4 p\u00e4ivitt\u00e4ist\u00e4 k\u00e4ytt\u00f6\u00e4 oikein hyvin.<\/li>\n<p><\/br> <\/p>\n<li><b>Vankat rautajalat<\/b> Tukevat rautajalat tarjoavat vakautta ja tyyli\u00e4. Musta v\u00e4ri luo kontrastia vaalean puun s\u00e4vyihin, lis\u00e4ten tasapainoa ja visuaalista kiinnostavuutta olohuoneeseesi.<\/li>\n<p><\/br> <\/p>\n<li><b>Levyhyllyt<\/b> Varustettu teknologiapuista valmistetuilla levyhyllyill\u00e4, t\u00e4m\u00e4 yksikk\u00f6 tarjoaa monipuolisia s\u00e4ilytysratkaisuja. Ihanteellinen erilaisten esineiden, kuten elektroniikan, kirjojen ja koriste-esineiden, j\u00e4rjest\u00e4miseen, hyllyt pit\u00e4v\u00e4t kaiken siistin\u00e4.<\/li>\n<p><\/br> <\/p>\n<li><b>Kokoaminen vaaditaan<\/b> Kokoaminen tapahtuu selkeiden ohjeiden avulla, jotka vaativat kahta henkil\u00f6\u00e4 ja ruuvimeisselin, jotta rakenne on tukeva ja turvallinen. Suositellaan ammattilaisen apua sein\u00e4kiinnikkeiden ja piikkien osalta.<\/li>\n<p><\/br> <\/p>\n<li><b>Kausiluonteinen monipuolisuus<\/b> Sopii k\u00e4ytett\u00e4v\u00e4ksi talviaikaan tai kev\u00e4\u00e4ll\u00e4, valmistajan suunnittelu vastaa kauden muuttuviin tarpeisiin, mik\u00e4 tekee siit\u00e4 k\u00e4ytt\u00f6kelpoisen ymp\u00e4ri vuoden.<\/li>\n<p><\/br><\/ul>\n<ul>\n<li>V\u00e4ri: Ruskea<\/li>\n<li>Materiaali: Tekninen puu<\/li>\n<li>Yleiset mitat: 80 x 33 x 46 cm (P x L x K)<\/li>\n<li>1 ovella<\/li>\n<li>2 hyllyill\u00e4<\/li>\n<li>Kokoonpano vaaditaan: Kyll\u00e4<\/li>\n<li>Toimitus-:<\/li>\n<li>1 x TV-taso<\/li>\n<\/ul>\n","protected":false},"excerpt":{"rendered":"<ul>\n<li>V\u00e4ri: Ruskea<\/li>\n<li>Materiaali: Tekninen puu<\/li>\n<li>Yleiset mitat: 80 x 33 x 46 cm (P x L x K)<\/li>\n<li>1 ovella<\/li>\n<li>2 hyllyill\u00e4<\/li>\n<li>Kokoonpano vaaditaan: Kyll\u00e4<\/li>\n<li>Toimitus-:<\/li>\n<li>1 x TV-taso<\/li>\n<\/ul>\n","protected":false},"featured_media":100000178596,"comment_status":"closed","ping_status":"closed","template":"","meta":[],"product_brand":[],"product_cat":[84],"product_tag":[],"class_list":{"0":"post-178596","1":"product","2":"type-product","3":"status-publish","4":"has-post-thumbnail","6":"product_cat-huonekalut","8":"first","9":"instock","10":"taxable","11":"shipping-taxable","12":"purchasable","13":"product-type-simple"},"_links":{"self":[{"href":"https:\/\/www.otiumhome.fi\/index.php\/wp-json\/wp\/v2\/product\/178596","targetHints":{"allow":["GET"]}}],"collection":[{"href":"https:\/\/www.otiumhome.fi\/index.php\/wp-json\/wp\/v2\/product"}],"about":[{"href":"https:\/\/www.otiumhome.fi\/index.php\/wp-json\/wp\/v2\/types\/product"}],"replies":[{"embeddable":true,"href":"https:\/\/www.otiumhome.fi\/index.php\/wp-json\/wp\/v2\/comments?post=178596"}],"wp:featuredmedia":[{"embeddable":true,"href":"https:\/\/www.otiumhome.fi\/index.php\/wp-json\/"}],"wp:attachment":[{"href":"https:\/\/www.otiumhome.fi\/index.php\/wp-json\/wp\/v2\/media?parent=178596"}],"wp:term":[{"taxonomy":"product_brand","embeddable":true,"href":"https:\/\/www.otiumhome.fi\/index.php\/wp-json\/wp\/v2\/product_brand?post=178596"},{"taxonomy":"product_cat","embeddable":true,"href":"https:\/\/www.otiumhome.fi\/index.php\/wp-json\/wp\/v2\/product_cat?post=178596"},{"taxonomy":"product_tag","embeddable":true,"href":"https:\/\/www.otiumhome.fi\/index.php\/wp-json\/wp\/v2\/product_tag?post=178596"}],"curies":[{"name":"wp","href":"https:\/\/api.w.org\/{rel}","templated":true}]}}