{"id":178571,"date":"2025-10-20T07:38:31","date_gmt":"2025-10-20T07:38:31","guid":{"rendered":"https:\/\/www.otiumhome.fi\/?p=178571"},"modified":"2025-12-14T17:54:26","modified_gmt":"2025-12-14T17:54:26","slug":"tv-tasosetti-3-pcs-musta-300-x-35-x-40-cm-tekninen-puu","status":"publish","type":"product","link":"https:\/\/www.otiumhome.fi\/index.php\/tuote\/tv-tasosetti-3-pcs-musta-300-x-35-x-40-cm-tekninen-puu\/","title":{"rendered":"TV-tasosetti 3 pcs Musta 300 x 35 x 40 cm Tekninen puu"},"content":{"rendered":"<p>T\u00e4m\u00e4 moderni sein\u00e4kiinnitett\u00e4v\u00e4 TV-kaappi on upea lis\u00e4 mihin tahansa olohuoneeseen. Sen pitk\u00e4 suorakaiteen muoto tarjoaa sek\u00e4 visuaalista miellytt\u00e4vyytt\u00e4 ett\u00e4 k\u00e4yt\u00e4nn\u00f6n ratkaisuja viihteen s\u00e4ilytt\u00e4miseen. Suunniteltu sopimaan moderniin sisustukseen, se tuo tyylin ja toiminnallisuuden yhteen ja nostaa koko huoneen ilmett\u00e4.<\/p>\n<ul>\n<li><b>Tekninen puurakenne:<\/b> Kaappi on tehty korkealaatuisesta teknisest\u00e4 puusta, mik\u00e4 takaa kest\u00e4v\u00e4n ja vakaan rakenteen vuosiksi eteenp\u00e4in. Materiaali on valittu sen kest\u00e4vyysominaisuuksien takia; se est\u00e4\u00e4 v\u00e4\u00e4ntymist\u00e4 ja n\u00e4ytt\u00e4\u00e4 hienolta moderneissa kodeissa.<\/li>\n<li><b>Monipuolinen LED-valaistus:<\/b> Varustettu moniv\u00e4risill\u00e4 LED-nauhoilla, jotka toimivat USB:n kautta, t\u00e4m\u00e4 kaappi tarjoaa joustavaa valaistusta erilaisiin tunnelmiin. Painonappi tekee valojen k\u00e4yt\u00f6st\u00e4 helppoa, t\u00e4ydent\u00e4en elokuvailtoja tai rentoutumista.<\/li>\n<li><b>Tehokas s\u00e4ilytysratkaisu:<\/b> Levyt tekev\u00e4t TV-kaapista k\u00e4yt\u00e4nn\u00f6llisen valinnan: se tarjoaa paljon tilaa mediavarusteille ja koriste-esineille. Huomaamattomat ovet s\u00e4\u00e4st\u00e4v\u00e4t tilaa ja varmistavat, ett\u00e4 s\u00e4ilytys pysyy siistin\u00e4.<\/li>\n<li><b>Siro sein\u00e4kiinnitys:<\/b> Asennettuna sein\u00e4lle, t\u00e4m\u00e4 kaappi s\u00e4\u00e4st\u00e4\u00e4 lattiatilaa, luoden siisti\u00e4 ja j\u00e4rjestetty\u00e4 tunnelmaa kotiin. Sein\u00e4ll\u00e4 kiinnitett\u00e4v\u00e4n\u00e4 se soveltuu erilaisiin huonej\u00e4rjestelyihin, parantaen tilank\u00e4yt\u00f6n tehokkuutta.<\/li>\n<li><b>Helppo kokoaminen ja huolto:<\/b> T\u00e4m\u00e4 sarja vaatii kahden henkil\u00f6n apua kokoamisessa, selkeit\u00e4 ohjeita noudattaen. Mukaan tarvitaan vain ruuvimeisseli. Helppo huolto, kuten p\u00f6lyn pyyhkiminen ja irtonaisien kiinnittimien tiukentaminen, auttavat pit\u00e4m\u00e4\u00e4n kaapin n\u00e4ytt\u00e4v\u00e4n\u00e4.<\/li>\n<\/ul>\n<ul>\n<li>V\u00e4ri: Musta<\/li>\n<li>Materiaali: Tekninen puu<\/li>\n<li>Yleiset mitat: 300 x 35 x 40 cm (P x L x K)<\/li>\n<li>2 ovien kanssa<\/li>\n<li>Hyllyll\u00e4<\/li>\n<li>Valotyyppi: Led-valonauhat<\/li>\n<li>Kokoonpano vaaditaan: Kyll\u00e4<\/li>\n<li>Toimitus-:<\/li>\n<li>3 x TV-kaappi<\/li>\n<\/ul>\n","protected":false},"excerpt":{"rendered":"<ul>\n<li>V\u00e4ri: Musta<\/li>\n<li>Materiaali: Tekninen puu<\/li>\n<li>Yleiset mitat: 300 x 35 x 40 cm (P x L x K)<\/li>\n<li>2 ovien kanssa<\/li>\n<li>Hyllyll\u00e4<\/li>\n<li>Valotyyppi: Led-valonauhat<\/li>\n<li>Kokoonpano vaaditaan: Kyll\u00e4<\/li>\n<li>Toimitus-:<\/li>\n<li>3 x TV-kaappi<\/li>\n<\/ul>\n","protected":false},"featured_media":100000178571,"comment_status":"closed","ping_status":"closed","template":"","meta":[],"product_brand":[],"product_cat":[84],"product_tag":[],"class_list":{"0":"post-178571","1":"product","2":"type-product","3":"status-publish","4":"has-post-thumbnail","6":"product_cat-huonekalut","8":"first","9":"outofstock","10":"taxable","11":"shipping-taxable","12":"purchasable","13":"product-type-simple"},"_links":{"self":[{"href":"https:\/\/www.otiumhome.fi\/index.php\/wp-json\/wp\/v2\/product\/178571","targetHints":{"allow":["GET"]}}],"collection":[{"href":"https:\/\/www.otiumhome.fi\/index.php\/wp-json\/wp\/v2\/product"}],"about":[{"href":"https:\/\/www.otiumhome.fi\/index.php\/wp-json\/wp\/v2\/types\/product"}],"replies":[{"embeddable":true,"href":"https:\/\/www.otiumhome.fi\/index.php\/wp-json\/wp\/v2\/comments?post=178571"}],"wp:featuredmedia":[{"embeddable":true,"href":"https:\/\/www.otiumhome.fi\/index.php\/wp-json\/"}],"wp:attachment":[{"href":"https:\/\/www.otiumhome.fi\/index.php\/wp-json\/wp\/v2\/media?parent=178571"}],"wp:term":[{"taxonomy":"product_brand","embeddable":true,"href":"https:\/\/www.otiumhome.fi\/index.php\/wp-json\/wp\/v2\/product_brand?post=178571"},{"taxonomy":"product_cat","embeddable":true,"href":"https:\/\/www.otiumhome.fi\/index.php\/wp-json\/wp\/v2\/product_cat?post=178571"},{"taxonomy":"product_tag","embeddable":true,"href":"https:\/\/www.otiumhome.fi\/index.php\/wp-json\/wp\/v2\/product_tag?post=178571"}],"curies":[{"name":"wp","href":"https:\/\/api.w.org\/{rel}","templated":true}]}}