{"id":178442,"date":"2025-10-20T07:30:36","date_gmt":"2025-10-20T07:30:36","guid":{"rendered":"https:\/\/www.otiumhome.fi\/?p=178442"},"modified":"2025-10-20T19:55:55","modified_gmt":"2025-10-20T19:55:55","slug":"tv-taso-115x30x39-cm-taysi-akaasiapuu","status":"publish","type":"product","link":"https:\/\/www.otiumhome.fi\/index.php\/tuote\/tv-taso-115x30x39-cm-taysi-akaasiapuu\/","title":{"rendered":"TV-taso 115x30x39 cm t\u00e4ysi akaasiapuu"},"content":{"rendered":"<p>T\u00e4m\u00e4 puinen TV-taso lis\u00e4\u00e4 modernia vieh\u00e4tysvoimaa ja se on hieno lis\u00e4 elintilaasi.<\/p>\n<\/p>\n<p>T\u00e4m\u00e4 hifi-kaappi on valmistettu t\u00e4ydest\u00e4 akaasiapuusta, s\u00e4\u00e4nkest\u00e4v\u00e4st\u00e4 ja pitk\u00e4ik\u00e4isest\u00e4 trooppisesta lehtipuusta. TV-tasossa on kaksi hylly\u00e4 ja kaksi ovea, jotka tarjoavat runsaasti tilaa multimedialaitteillesi, kirjoillesi ja muille tavaroillesi.<\/p>\n<ul>\n<li>Materiaali: luonnollisesti pintak\u00e4sitelty t\u00e4ysi akaasiapuu, tekninen puu<\/li>\n<li>Mitat: 115 x 30 x 39 cm (L x S x K)<\/li>\n<li>Etuovi mustalla maaliviimeistelyll\u00e4<\/li>\n<li>Asennus vaaditaan: kyll\u00e4<\/li>\n<\/ul>\n","protected":false},"excerpt":{"rendered":"<ul>\n<li>Materiaali: luonnollisesti pintak\u00e4sitelty t\u00e4ysi akaasiapuu, tekninen puu<\/li>\n<li>Mitat: 115 x 30 x 39 cm (L x S x K)<\/li>\n<li>Etuovi mustalla maaliviimeistelyll\u00e4<\/li>\n<li>Asennus vaaditaan: kyll\u00e4<\/li>\n<\/ul>\n","protected":false},"featured_media":100000178442,"comment_status":"closed","ping_status":"closed","template":"","meta":[],"product_brand":[],"product_cat":[84],"product_tag":[],"class_list":{"0":"post-178442","1":"product","2":"type-product","3":"status-publish","4":"has-post-thumbnail","6":"product_cat-huonekalut","8":"first","9":"instock","10":"taxable","11":"shipping-taxable","12":"purchasable","13":"product-type-simple"},"_links":{"self":[{"href":"https:\/\/www.otiumhome.fi\/index.php\/wp-json\/wp\/v2\/product\/178442","targetHints":{"allow":["GET"]}}],"collection":[{"href":"https:\/\/www.otiumhome.fi\/index.php\/wp-json\/wp\/v2\/product"}],"about":[{"href":"https:\/\/www.otiumhome.fi\/index.php\/wp-json\/wp\/v2\/types\/product"}],"replies":[{"embeddable":true,"href":"https:\/\/www.otiumhome.fi\/index.php\/wp-json\/wp\/v2\/comments?post=178442"}],"wp:featuredmedia":[{"embeddable":true,"href":"https:\/\/www.otiumhome.fi\/index.php\/wp-json\/"}],"wp:attachment":[{"href":"https:\/\/www.otiumhome.fi\/index.php\/wp-json\/wp\/v2\/media?parent=178442"}],"wp:term":[{"taxonomy":"product_brand","embeddable":true,"href":"https:\/\/www.otiumhome.fi\/index.php\/wp-json\/wp\/v2\/product_brand?post=178442"},{"taxonomy":"product_cat","embeddable":true,"href":"https:\/\/www.otiumhome.fi\/index.php\/wp-json\/wp\/v2\/product_cat?post=178442"},{"taxonomy":"product_tag","embeddable":true,"href":"https:\/\/www.otiumhome.fi\/index.php\/wp-json\/wp\/v2\/product_tag?post=178442"}],"curies":[{"name":"wp","href":"https:\/\/api.w.org\/{rel}","templated":true}]}}