{"id":178339,"date":"2025-10-20T07:23:42","date_gmt":"2025-10-20T07:23:42","guid":{"rendered":"https:\/\/www.otiumhome.fi\/?p=178339"},"modified":"2025-12-09T15:05:28","modified_gmt":"2025-12-09T15:05:28","slug":"seina-tv-kaappi-seinakiinnitettava-3-pcs-vanha-puu-tekninen-puu","status":"publish","type":"product","link":"https:\/\/www.otiumhome.fi\/index.php\/tuote\/seina-tv-kaappi-seinakiinnitettava-3-pcs-vanha-puu-tekninen-puu\/","title":{"rendered":"Sein\u00e4 TV Kaappi Sein\u00e4kiinnitett\u00e4v\u00e4 3 pcs Vanha Puu Tekninen puu"},"content":{"rendered":"<p>T\u00e4m\u00e4 innovatiivinen sein\u00e4teline-TV-kaappi on t\u00e4ydellinen kumppani moderniin olohuoneeseen. Se on suunniteltu tilaa s\u00e4\u00e4st\u00e4v\u00e4ksi ja tarjoaa elegantin ratkaisun median s\u00e4ilytt\u00e4miseen ja sisustukseen. Tekninen puu on kest\u00e4v\u00e4 ja laadukas, joten se on fiksu valinta viihdekeitaasi j\u00e4rjest\u00e4miseen.<\/p>\n<ul>\n<li><b>Kest\u00e4v\u00e4 tekninen puu:<\/b> Valmistettu laadukkaasta, kulutusta kest\u00e4v\u00e4st\u00e4 teknisest\u00e4 puusta, joka takaa pitk\u00e4n k\u00e4ytt\u00f6i\u00e4n. Materiaalin j\u00e4m\u00e4kk\u00e4 rakenne pit\u00e4\u00e4 huolta siit\u00e4, ett\u00e4 elektroniikka, kirjat ja muut t\u00e4rke\u00e4t esineet pysyv\u00e4t turvallisesti paikoillaan.<\/li>\n<li><b>Sein\u00e4lle asennettava muotoilu:<\/b> T\u00e4m\u00e4 innovaatio vapauttaa lattiatilaa ja luo tyylikk\u00e4\u00e4n ilmeen huoneeseen. Se sopii mainiosti sek\u00e4 pieniin ett\u00e4 suuriin tiloihin.<\/li>\n<li><b>K\u00e4ytt\u00e4j\u00e4yst\u00e4v\u00e4llinen kokoaminen:<\/b> Asennus on nopeaa, ja tarvitset vain kaksi henkil\u00f6\u00e4 ja ruuvimeisselin. Muista valita oikeat ruuvit sein\u00e4tyypin mukaan varmistaaksesi turvallisuuden k\u00e4yt\u00f6ss\u00e4.<\/li>\n<li><b>Runsas toiminnallinen s\u00e4ilytys:<\/b> Kaapin sis\u00e4ll\u00e4 on osastoja, jotka auttavat j\u00e4rjest\u00e4m\u00e4\u00e4n mediapelaimet, ohjaimet ja koriste-esineet. T\u00e4m\u00e4 k\u00e4yt\u00e4nn\u00f6llinen s\u00e4ilytysratkaisu pit\u00e4\u00e4 asiat j\u00e4rjestyksess\u00e4 ja pinnat siistein\u00e4.<\/li>\n<li><b>V\u00e4h\u00e4inen yll\u00e4pito:<\/b> Helppojen huolto-ohjeiden ansiosta kaapin pit\u00e4minen puhtaana on vaivatonta. Pyyhi vain kostealla liinalla, niin se pysyy tyylikk\u00e4\u00e4n\u00e4 vuosia.<\/li>\n<\/ul>\n<ul>\n<li>V\u00e4ri: Vanha puu<\/li>\n<li>Materiaali: Tekninen puu<\/li>\n<li>Yleiset mitat: 100 x 30 x 30 cm (P x L x K)<\/li>\n<li>Saranoitu ovi ovella<\/li>\n<li>8 hyllyill\u00e4<\/li>\n<li>Enimm\u00e4ispaino: 30 kg<\/li>\n<li>Kokoonpano vaaditaan: Kyll\u00e4<\/li>\n<li>Toimitus-:<\/li>\n<li>1 x Sein\u00e4lle kiinnitett\u00e4v\u00e4 TV-kaappi: 60 x 30 x 30,5 cm (PxLxK)<\/li>\n<li>1 x Sein\u00e4lle kiinnitett\u00e4v\u00e4 TV-kaappi: 30,5 x 30 x 60 cm (PxLxK)<\/li>\n<li>1 x Sein\u00e4lle kiinnitett\u00e4v\u00e4 TV-kaappi: 100 x 30 x 30,5 cm (PxLxK)<\/li>\n<\/ul>\n","protected":false},"excerpt":{"rendered":"<ul>\n<li>V\u00e4ri: Vanha puu<\/li>\n<li>Materiaali: Tekninen puu<\/li>\n<li>Yleiset mitat: 100 x 30 x 30 cm (P x L x K)<\/li>\n<li>Saranoitu ovi ovella<\/li>\n<li>8 hyllyill\u00e4<\/li>\n<li>Enimm\u00e4ispaino: 30 kg<\/li>\n<li>Kokoonpano vaaditaan: Kyll\u00e4<\/li>\n<li>Toimitus-:<\/li>\n<li>1 x Sein\u00e4lle kiinnitett\u00e4v\u00e4 TV-kaappi: 60 x 30 x 30,5 cm (PxLxK)<\/li>\n<li>1 x Sein\u00e4lle kiinnitett\u00e4v\u00e4 TV-kaappi: 30,5 x 30 x 60 cm (PxLxK)<\/li>\n<li>1 x Sein\u00e4lle kiinnitett\u00e4v\u00e4 TV-kaappi: 100 x 30 x 30,5 cm (PxLxK)<\/li>\n<\/ul>\n","protected":false},"featured_media":100000178339,"comment_status":"closed","ping_status":"closed","template":"","meta":[],"product_brand":[],"product_cat":[84],"product_tag":[],"class_list":{"0":"post-178339","1":"product","2":"type-product","3":"status-publish","4":"has-post-thumbnail","6":"product_cat-huonekalut","8":"first","9":"instock","10":"taxable","11":"shipping-taxable","12":"purchasable","13":"product-type-simple"},"_links":{"self":[{"href":"https:\/\/www.otiumhome.fi\/index.php\/wp-json\/wp\/v2\/product\/178339","targetHints":{"allow":["GET"]}}],"collection":[{"href":"https:\/\/www.otiumhome.fi\/index.php\/wp-json\/wp\/v2\/product"}],"about":[{"href":"https:\/\/www.otiumhome.fi\/index.php\/wp-json\/wp\/v2\/types\/product"}],"replies":[{"embeddable":true,"href":"https:\/\/www.otiumhome.fi\/index.php\/wp-json\/wp\/v2\/comments?post=178339"}],"wp:featuredmedia":[{"embeddable":true,"href":"https:\/\/www.otiumhome.fi\/index.php\/wp-json\/"}],"wp:attachment":[{"href":"https:\/\/www.otiumhome.fi\/index.php\/wp-json\/wp\/v2\/media?parent=178339"}],"wp:term":[{"taxonomy":"product_brand","embeddable":true,"href":"https:\/\/www.otiumhome.fi\/index.php\/wp-json\/wp\/v2\/product_brand?post=178339"},{"taxonomy":"product_cat","embeddable":true,"href":"https:\/\/www.otiumhome.fi\/index.php\/wp-json\/wp\/v2\/product_cat?post=178339"},{"taxonomy":"product_tag","embeddable":true,"href":"https:\/\/www.otiumhome.fi\/index.php\/wp-json\/wp\/v2\/product_tag?post=178339"}],"curies":[{"name":"wp","href":"https:\/\/api.w.org\/{rel}","templated":true}]}}