{"id":178103,"date":"2025-10-20T07:11:55","date_gmt":"2025-10-20T07:11:55","guid":{"rendered":"https:\/\/www.otiumhome.fi\/?p=178103"},"modified":"2025-10-20T18:44:29","modified_gmt":"2025-10-20T18:44:29","slug":"tv-taso-musta-110x35x48-cm-taysi-manty","status":"publish","type":"product","link":"https:\/\/www.otiumhome.fi\/index.php\/tuote\/tv-taso-musta-110x35x48-cm-taysi-manty\/","title":{"rendered":"TV-taso musta 110x35x48 cm t\u00e4ysi m\u00e4nty"},"content":{"rendered":"<p>T\u00e4m\u00e4 puinen TV-kaappi on suunniteltu huoneesi keskipisteeksi trendikk\u00e4\u00e4ll\u00e4 mutta k\u00e4yt\u00e4nn\u00f6llisell\u00e4 muotoilullaan.<\/p>\n<\/p>\n<ul>\n<li>T\u00e4ysi m\u00e4nty: TV-taso on valmistettu t\u00e4ydest\u00e4 m\u00e4nnyst\u00e4, jossa on karkeita reunoja, vikoja ja naarmuja, mik\u00e4 antaa sille vintagemaisen teollisen ilmeen.<\/li>\n<li>Reilu s\u00e4ilytystila: TV-tasossa on nelj\u00e4 lokeroa, mik\u00e4 tekee siit\u00e4 ihanteellisen paikan aikakauslehtien, DVD-levyjen tai muiden esineiden s\u00e4ilytt\u00e4miseen.<\/li>\n<li>K\u00e4yt\u00e4nn\u00f6lliset ovet: Pid\u00e4 t\u00e4rke\u00e4t tavarasi p\u00f6lytt\u00f6min\u00e4 piilottamalla ne t\u00e4m\u00e4n mediakaapin ovien taakse.<\/li>\n<li>Esittelytoiminto: Mediayksik\u00f6ss\u00e4 on tukeva yl\u00e4taso, jolle voit asettaa koristeita, kuten valokuvakehyksi\u00e4 ja ruukkukasveja.<\/li>\n<\/ul>\n<p>Huomioi:<\/p>\n<ul>\n<li>Jokaisen tuotteen mukana on laatikossa kokoonpano-ohje helppoa asennusta varten.<\/li>\n<\/ul>\n<ul>\n<li>V\u00e4ri: Musta<\/li>\n<li>Materiaali: t\u00e4ysi m\u00e4nty, metalli<\/li>\n<li>Mitat: 110 x 35 x 48 cm (L x S x K)<\/li>\n<\/ul>\n","protected":false},"excerpt":{"rendered":"<ul>\n<li>V\u00e4ri: Musta<\/li>\n<li>Materiaali: t\u00e4ysi m\u00e4nty, metalli<\/li>\n<li>Mitat: 110 x 35 x 48 cm (L x S x K)<\/li>\n<\/ul>\n","protected":false},"featured_media":100000178103,"comment_status":"closed","ping_status":"closed","template":"","meta":[],"product_brand":[],"product_cat":[84],"product_tag":[],"class_list":{"0":"post-178103","1":"product","2":"type-product","3":"status-publish","4":"has-post-thumbnail","6":"product_cat-huonekalut","8":"first","9":"instock","10":"taxable","11":"shipping-taxable","12":"purchasable","13":"product-type-simple"},"_links":{"self":[{"href":"https:\/\/www.otiumhome.fi\/index.php\/wp-json\/wp\/v2\/product\/178103","targetHints":{"allow":["GET"]}}],"collection":[{"href":"https:\/\/www.otiumhome.fi\/index.php\/wp-json\/wp\/v2\/product"}],"about":[{"href":"https:\/\/www.otiumhome.fi\/index.php\/wp-json\/wp\/v2\/types\/product"}],"replies":[{"embeddable":true,"href":"https:\/\/www.otiumhome.fi\/index.php\/wp-json\/wp\/v2\/comments?post=178103"}],"wp:featuredmedia":[{"embeddable":true,"href":"https:\/\/www.otiumhome.fi\/index.php\/wp-json\/"}],"wp:attachment":[{"href":"https:\/\/www.otiumhome.fi\/index.php\/wp-json\/wp\/v2\/media?parent=178103"}],"wp:term":[{"taxonomy":"product_brand","embeddable":true,"href":"https:\/\/www.otiumhome.fi\/index.php\/wp-json\/wp\/v2\/product_brand?post=178103"},{"taxonomy":"product_cat","embeddable":true,"href":"https:\/\/www.otiumhome.fi\/index.php\/wp-json\/wp\/v2\/product_cat?post=178103"},{"taxonomy":"product_tag","embeddable":true,"href":"https:\/\/www.otiumhome.fi\/index.php\/wp-json\/wp\/v2\/product_tag?post=178103"}],"curies":[{"name":"wp","href":"https:\/\/api.w.org\/{rel}","templated":true}]}}