{"id":178072,"date":"2025-10-20T07:11:48","date_gmt":"2025-10-20T07:11:48","guid":{"rendered":"https:\/\/www.otiumhome.fi\/?p=178072"},"modified":"2025-10-20T18:34:48","modified_gmt":"2025-10-20T18:34:48","slug":"tv-taso-musta-80x30x40-cm-taysi-manty-ja-luonnonrottinki","status":"publish","type":"product","link":"https:\/\/www.otiumhome.fi\/index.php\/tuote\/tv-taso-musta-80x30x40-cm-taysi-manty-ja-luonnonrottinki\/","title":{"rendered":"TV-taso musta 80x30x40 cm t\u00e4ysi m\u00e4nty ja luonnonrottinki"},"content":{"rendered":"<p>T\u00e4m\u00e4 klassinen TV-taso on k\u00e4yt\u00e4nn\u00f6llinen ja katseet vangitseva lis\u00e4 sisustukseesi.<\/p>\n<\/p>\n<ul>\n<li>Kest\u00e4v\u00e4 materiaali: Tekninen puu on poikkeuksellisen laadukasta ja sile\u00e4pintaista. Se on luja, vakaa ja kosteudelle vastustuskykyinen.<\/li>\n<li>Runsaasti s\u00e4ilytystilaa: Kolmella lokerolla varustettu TV-taso tarjoaa runsaasti s\u00e4ilytystilaa lehtien, DVD-levyjen ja muiden esineiden hyv\u00e4ss\u00e4 j\u00e4rjestyksess\u00e4 pit\u00e4miseen. Lis\u00e4ksi ovessa oleva luontorottinkipunos tuo lis\u00e4\u00e4 kauneutta.<\/li>\n<li>T\u00e4ysm\u00e4ntyiset jalat: Puiset jalat antavat TV-yksik\u00f6lle luonnollisen ja miellytt\u00e4v\u00e4n ulkon\u00e4\u00f6n ja takaavat samalla vakauden. Se sulautuu helposti mihin tahansa sisustukseen.<\/li>\n<li>Tukeva yl\u00e4taso: Voit asettaa mediakaapin p\u00e4\u00e4lle my\u00f6s suosikkikuvasi, koristeesi tai kukkasi tuomaan kauneutta ymp\u00e4rist\u00f6\u00f6si.<\/li>\n<\/ul>\n<p>Huomioi:<\/p>\n<ul>\n<li>Jokaisen tuotteen mukana on laatikossa kokoonpano-ohje helppoa asennusta varten.<\/li>\n<\/ul>\n<ul>\n<li>V\u00e4ri: Musta<\/li>\n<li>Materiaali: Tekninen puu, t\u00e4ysi m\u00e4nty, luonnonrottinki<\/li>\n<li>Mitat: 80 x 30 x 40 cm (L x S x K)<\/li>\n<li>Kaapin sis\u00e4mitat: 37,5 x 28 x 27,5 cm (L x S x K)<\/li>\n<li>Hyllyn sis\u00e4mitat: 38 x 28 x 13 cm (L x S x K)<\/li>\n<li>Enimm\u00e4iskantavuus (yhteens\u00e4): 70 kg<\/li>\n<li>Enimm\u00e4iskantavuus per hylly: 10 kg<\/li>\n<\/ul>\n","protected":false},"excerpt":{"rendered":"<ul>\n<li>V\u00e4ri: Musta<\/li>\n<li>Materiaali: Tekninen puu, t\u00e4ysi m\u00e4nty, luonnonrottinki<\/li>\n<li>Mitat: 80 x 30 x 40 cm (L x S x K)<\/li>\n<li>Kaapin sis\u00e4mitat: 37,5 x 28 x 27,5 cm (L x S x K)<\/li>\n<li>Hyllyn sis\u00e4mitat: 38 x 28 x 13 cm (L x S x K)<\/li>\n<li>Enimm\u00e4iskantavuus (yhteens\u00e4): 70 kg<\/li>\n<li>Enimm\u00e4iskantavuus per hylly: 10 kg<\/li>\n<\/ul>\n","protected":false},"featured_media":100000178072,"comment_status":"closed","ping_status":"closed","template":"","meta":[],"product_brand":[],"product_cat":[84],"product_tag":[],"class_list":{"0":"post-178072","1":"product","2":"type-product","3":"status-publish","4":"has-post-thumbnail","6":"product_cat-huonekalut","8":"first","9":"instock","10":"taxable","11":"shipping-taxable","12":"purchasable","13":"product-type-simple"},"_links":{"self":[{"href":"https:\/\/www.otiumhome.fi\/index.php\/wp-json\/wp\/v2\/product\/178072","targetHints":{"allow":["GET"]}}],"collection":[{"href":"https:\/\/www.otiumhome.fi\/index.php\/wp-json\/wp\/v2\/product"}],"about":[{"href":"https:\/\/www.otiumhome.fi\/index.php\/wp-json\/wp\/v2\/types\/product"}],"replies":[{"embeddable":true,"href":"https:\/\/www.otiumhome.fi\/index.php\/wp-json\/wp\/v2\/comments?post=178072"}],"wp:featuredmedia":[{"embeddable":true,"href":"https:\/\/www.otiumhome.fi\/index.php\/wp-json\/"}],"wp:attachment":[{"href":"https:\/\/www.otiumhome.fi\/index.php\/wp-json\/wp\/v2\/media?parent=178072"}],"wp:term":[{"taxonomy":"product_brand","embeddable":true,"href":"https:\/\/www.otiumhome.fi\/index.php\/wp-json\/wp\/v2\/product_brand?post=178072"},{"taxonomy":"product_cat","embeddable":true,"href":"https:\/\/www.otiumhome.fi\/index.php\/wp-json\/wp\/v2\/product_cat?post=178072"},{"taxonomy":"product_tag","embeddable":true,"href":"https:\/\/www.otiumhome.fi\/index.php\/wp-json\/wp\/v2\/product_tag?post=178072"}],"curies":[{"name":"wp","href":"https:\/\/api.w.org\/{rel}","templated":true}]}}