{"id":177465,"date":"2025-10-20T06:31:40","date_gmt":"2025-10-20T06:31:40","guid":{"rendered":"https:\/\/www.otiumhome.fi\/?p=177465"},"modified":"2025-10-20T20:48:57","modified_gmt":"2025-10-20T20:48:57","slug":"tv-taso-90x35x48-cm-taystammi","status":"publish","type":"product","link":"https:\/\/www.otiumhome.fi\/index.php\/tuote\/tv-taso-90x35x48-cm-taystammi\/","title":{"rendered":"TV-taso 90x35x48 cm t\u00e4ystammi"},"content":{"rendered":"<p>Korkealaatuinen puinen TV-taso huokuu rustiikkista vieh\u00e4tysvoimaa, ja on t\u00e4ten upea lis\u00e4 olohuoneeseen.<\/p>\n<\/p>\n<p>T\u00e4m\u00e4 tukeva ja lujatekoinen TV-taso on valmistettu tammesta. Kiinte\u00e4 p\u00f6yt\u00e4levy tarjoaa vakaan ja turvallisen pinnan, jonka p\u00e4\u00e4lle voit sijoittaa television, hedelm\u00e4korin, maljakon tai muita koriste-esineit\u00e4. T\u00e4m\u00e4 TV-taso sis\u00e4lt\u00e4\u00e4 yhden suuren laatikon ja yhden avoimen hyllyn, jotka tarjoavat runsaasti tilaa multimedialaitteiden, kirjojen ja monien muiden tavaroiden s\u00e4ilytt\u00e4miseen.<\/p>\n<\/p>\n<p>Se on helppo koota.<\/p>\n<ul>\n<li>V\u00e4ri: ruskea<\/li>\n<li>Materiaali: t\u00e4ysi tammi, tammiviilu MDF<\/li>\n<li>Mitat: 90 x 35 x 48 cm (P x L x K)<\/li>\n<li>1 puinen laatikko kahdella kahvalla<\/li>\n<li>Helppo koota<\/li>\n<\/ul>\n","protected":false},"excerpt":{"rendered":"<ul>\n<li>V\u00e4ri: ruskea<\/li>\n<li>Materiaali: t\u00e4ysi tammi, tammiviilu MDF<\/li>\n<li>Mitat: 90 x 35 x 48 cm (P x L x K)<\/li>\n<li>1 puinen laatikko kahdella kahvalla<\/li>\n<li>Helppo koota<\/li>\n<\/ul>\n","protected":false},"featured_media":100000177465,"comment_status":"closed","ping_status":"closed","template":"","meta":[],"product_brand":[],"product_cat":[84],"product_tag":[],"class_list":{"0":"post-177465","1":"product","2":"type-product","3":"status-publish","4":"has-post-thumbnail","6":"product_cat-huonekalut","8":"first","9":"instock","10":"taxable","11":"shipping-taxable","12":"purchasable","13":"product-type-simple"},"_links":{"self":[{"href":"https:\/\/www.otiumhome.fi\/index.php\/wp-json\/wp\/v2\/product\/177465","targetHints":{"allow":["GET"]}}],"collection":[{"href":"https:\/\/www.otiumhome.fi\/index.php\/wp-json\/wp\/v2\/product"}],"about":[{"href":"https:\/\/www.otiumhome.fi\/index.php\/wp-json\/wp\/v2\/types\/product"}],"replies":[{"embeddable":true,"href":"https:\/\/www.otiumhome.fi\/index.php\/wp-json\/wp\/v2\/comments?post=177465"}],"wp:featuredmedia":[{"embeddable":true,"href":"https:\/\/www.otiumhome.fi\/index.php\/wp-json\/"}],"wp:attachment":[{"href":"https:\/\/www.otiumhome.fi\/index.php\/wp-json\/wp\/v2\/media?parent=177465"}],"wp:term":[{"taxonomy":"product_brand","embeddable":true,"href":"https:\/\/www.otiumhome.fi\/index.php\/wp-json\/wp\/v2\/product_brand?post=177465"},{"taxonomy":"product_cat","embeddable":true,"href":"https:\/\/www.otiumhome.fi\/index.php\/wp-json\/wp\/v2\/product_cat?post=177465"},{"taxonomy":"product_tag","embeddable":true,"href":"https:\/\/www.otiumhome.fi\/index.php\/wp-json\/wp\/v2\/product_tag?post=177465"}],"curies":[{"name":"wp","href":"https:\/\/api.w.org\/{rel}","templated":true}]}}