{"id":176681,"date":"2025-10-20T01:24:52","date_gmt":"2025-10-20T01:24:52","guid":{"rendered":"https:\/\/www.otiumhome.fi\/?p=176681"},"modified":"2025-10-20T21:54:24","modified_gmt":"2025-10-20T21:54:24","slug":"sohvapoyta-musta-65x65x30-cm-taysi-mangopuu","status":"publish","type":"product","link":"https:\/\/www.otiumhome.fi\/index.php\/tuote\/sohvapoyta-musta-65x65x30-cm-taysi-mangopuu\/","title":{"rendered":"Sohvap\u00f6yt\u00e4 musta 65x65x30 cm t\u00e4ysi mangopuu"},"content":{"rendered":"<p>Maalaismaista vieh\u00e4tysvoimaa tihkuva upea puinen sohvap\u00f6yt\u00e4 on ajaton lis\u00e4 sisustukseesi. Sen vankka p\u00f6yt\u00e4levy tarjoaa vakaan ja turvallisen pinnan, jonka p\u00e4\u00e4lle voit asettaa juomia, vaaseja, hedelm\u00e4kulhoja tai muita koristeita.<\/p>\n<\/p>\n<p>T\u00e4m\u00e4 k\u00e4yt\u00e4nn\u00f6llinen sohvap\u00f6yt\u00e4 sopii mainiosti multimedialaitteiden, kirjojen, aikakauslehtien tai pienten esineiden s\u00e4ilytt\u00e4miseen, jotta voit pit\u00e4\u00e4 ne ulottuvillasi. Vahvan rakenteen ja mangopuun ansiosta p\u00f6yt\u00e4 on eritt\u00e4in kest\u00e4v\u00e4. Mangopuu on tihe\u00e4syinen ja lujatekoinen kovapuu, jonka pinnalla on kauniita raitoja ja kuvioita. Jokainen valmistusprosessin vaihe suoritetaan eritt\u00e4in huolellisesti, olipa kyse sitten kiillotuksesta, maalaamisesta tai lakkaamisesta. Siin\u00e4 on 5 vetolaatikkoa ja k\u00e4\u00e4nnett\u00e4v\u00e4 pinta pikkutavaroiden, multimedialaitteiden, pelikonsolien ja aikakauslehtien s\u00e4ilytt\u00e4mist\u00e4 varten.<\/p>\n<\/p>\n<p>Rentoudu ja pid\u00e4 hauskaa perheesi ja yst\u00e4vien kanssa t\u00e4m\u00e4n ainutlaatuisen sohvap\u00f6yd\u00e4n ymp\u00e4rill\u00e4! T\u00e4rke\u00e4 huomio: v\u00e4rit vaihtelevat kappaleittain, mik\u00e4 tekee kustakin kappaleesta ainutlaatuisen; toimitus on satunnainen.<\/p>\n<ul>\n<li>V\u00e4ri: musta<\/li>\n<li>Materiaali: t\u00e4ysi mangopuu mustalla laveerauksella<\/li>\n<li>Mitat: 65 x 65 x 30 cm (P x L x K)<\/li>\n<li>5 vetolaatikkoa<\/li>\n<li>Hiottu, maalattu ja lakattu<\/li>\n<\/ul>\n","protected":false},"excerpt":{"rendered":"<ul>\n<li>V\u00e4ri: musta<\/li>\n<li>Materiaali: t\u00e4ysi mangopuu mustalla laveerauksella<\/li>\n<li>Mitat: 65 x 65 x 30 cm (P x L x K)<\/li>\n<li>5 vetolaatikkoa<\/li>\n<li>Hiottu, maalattu ja lakattu<\/li>\n<\/ul>\n","protected":false},"featured_media":100000176681,"comment_status":"closed","ping_status":"closed","template":"","meta":[],"product_brand":[],"product_cat":[84],"product_tag":[],"class_list":{"0":"post-176681","1":"product","2":"type-product","3":"status-publish","4":"has-post-thumbnail","6":"product_cat-huonekalut","8":"first","9":"instock","10":"taxable","11":"shipping-taxable","12":"purchasable","13":"product-type-simple"},"_links":{"self":[{"href":"https:\/\/www.otiumhome.fi\/index.php\/wp-json\/wp\/v2\/product\/176681","targetHints":{"allow":["GET"]}}],"collection":[{"href":"https:\/\/www.otiumhome.fi\/index.php\/wp-json\/wp\/v2\/product"}],"about":[{"href":"https:\/\/www.otiumhome.fi\/index.php\/wp-json\/wp\/v2\/types\/product"}],"replies":[{"embeddable":true,"href":"https:\/\/www.otiumhome.fi\/index.php\/wp-json\/wp\/v2\/comments?post=176681"}],"wp:featuredmedia":[{"embeddable":true,"href":"https:\/\/www.otiumhome.fi\/index.php\/wp-json\/"}],"wp:attachment":[{"href":"https:\/\/www.otiumhome.fi\/index.php\/wp-json\/wp\/v2\/media?parent=176681"}],"wp:term":[{"taxonomy":"product_brand","embeddable":true,"href":"https:\/\/www.otiumhome.fi\/index.php\/wp-json\/wp\/v2\/product_brand?post=176681"},{"taxonomy":"product_cat","embeddable":true,"href":"https:\/\/www.otiumhome.fi\/index.php\/wp-json\/wp\/v2\/product_cat?post=176681"},{"taxonomy":"product_tag","embeddable":true,"href":"https:\/\/www.otiumhome.fi\/index.php\/wp-json\/wp\/v2\/product_tag?post=176681"}],"curies":[{"name":"wp","href":"https:\/\/api.w.org\/{rel}","templated":true}]}}