{"id":176210,"date":"2025-10-15T01:38:26","date_gmt":"2025-10-15T01:38:26","guid":{"rendered":"https:\/\/www.otiumhome.fi\/?p=176210"},"modified":"2025-10-15T06:52:23","modified_gmt":"2025-10-15T06:52:23","slug":"kelluva-hylly-40x235x4-cm-tekninen-puu","status":"publish","type":"product","link":"https:\/\/www.otiumhome.fi\/index.php\/tuote\/kelluva-hylly-40x235x4-cm-tekninen-puu\/","title":{"rendered":"Kelluva hylly 40&#215;23,5&#215;4 cm tekninen puu"},"content":{"rendered":"<p>Muuta paljas sein\u00e4si koristeelliseksi ja k\u00e4yt\u00e4nn\u00f6lliseksi, tilaa s\u00e4\u00e4st\u00e4v\u00e4ksi elintilasi s\u00e4ilytysalueeksi t\u00e4ll\u00e4 kelluvalla hyllyll\u00e4!<\/p>\n<\/p>\n<ul>\n<li>Vakaa ja kest\u00e4v\u00e4 materiaali: Sein\u00e4hylly on valmistettu teknisest\u00e4 puusta tammiviilulla, joten se on vakaa ja pitk\u00e4ik\u00e4inen. Tekninen puu on kest\u00e4v\u00e4 ja vakaa materiaali, jonka sile\u00e4 pinta kest\u00e4\u00e4 kosteutta, v\u00e4\u00e4ntymist\u00e4 ja halkeilua, joten se on luotettava valinta erilaisiin projekteihin.<\/li>\n<li>Vapaamuotoinen tee-se-itse: Voit j\u00e4rjest\u00e4\u00e4 hyllyt satunnaiseen kuvioon, kuten oikealta vasemmalle, ylh\u00e4\u00e4lt\u00e4 alas tai tikapuumaisesti. Useampia hyllyj\u00e4 k\u00e4ytt\u00e4m\u00e4ll\u00e4 voit luoda ainutlaatuisia ja persoonallisia kuvioita.<\/li>\n<li>Tilaa s\u00e4\u00e4st\u00e4v\u00e4: T\u00e4m\u00e4 kelluva hylly maksimoi k\u00e4ytt\u00e4m\u00e4tt\u00f6m\u00e4n sein\u00e4tilan, muuttaen sen kompaktiksi ja tehokkaaksi s\u00e4ilytystilaksi.<\/li>\n<li>Laaja k\u00e4ytt\u00f6: T\u00e4t\u00e4 monipuolista sein\u00e4asennettavaa hylly\u00e4 voidaan k\u00e4ytt\u00e4\u00e4 erilaisissa ymp\u00e4rist\u00f6iss\u00e4, kuten keitti\u00f6ss\u00e4, kylpyhuoneessa, olohuoneessa, makuuhuoneessa, ty\u00f6huoneessa, autotallissa, jne.<\/li>\n<\/ul>\n<p>Hyv\u00e4 tiet\u00e4\u00e4:<\/p>\n<ul>\n<li>Toimitus sis\u00e4lt\u00e4\u00e4 vain yhden sein\u00e4hyllyn ja kiinnikkeen. Ruuvit eiv\u00e4t sis\u00e4lly toimitukseen.<\/li>\n<\/ul>\n<ul>\n<li>Materiaali: Tekninen puu tammiviilulla, metalli<\/li>\n<li>Mitat: 40 x 23,5 x 4 cm (P x L x Paks.)<\/li>\n<li>Maksimikantavuus: 5 kg<\/li>\n<li>N\u00e4kym\u00e4t\u00f6n sein\u00e4liit\u00e4nt\u00e4<\/li>\n<li>Muoto: Suorakulmainen<\/li>\n<li>Asennus vaaditaan: Kyll\u00e4<\/li>\n<\/ul>\n","protected":false},"excerpt":{"rendered":"<ul>\n<li>Materiaali: Tekninen puu tammiviilulla, metalli<\/li>\n<li>Mitat: 40 x 23,5 x 4 cm (P x L x Paks.)<\/li>\n<li>Maksimikantavuus: 5 kg<\/li>\n<li>N\u00e4kym\u00e4t\u00f6n sein\u00e4liit\u00e4nt\u00e4<\/li>\n<li>Muoto: Suorakulmainen<\/li>\n<li>Asennus vaaditaan: Kyll\u00e4<\/li>\n<\/ul>\n","protected":false},"featured_media":100000176210,"comment_status":"closed","ping_status":"closed","template":"","meta":[],"product_brand":[],"product_cat":[84,8634],"product_tag":[],"class_list":{"0":"post-176210","1":"product","2":"type-product","3":"status-publish","4":"has-post-thumbnail","6":"product_cat-huonekalut","7":"product_cat-seinahyllyt","9":"first","10":"instock","11":"taxable","12":"shipping-taxable","13":"purchasable","14":"product-type-simple"},"_links":{"self":[{"href":"https:\/\/www.otiumhome.fi\/index.php\/wp-json\/wp\/v2\/product\/176210","targetHints":{"allow":["GET"]}}],"collection":[{"href":"https:\/\/www.otiumhome.fi\/index.php\/wp-json\/wp\/v2\/product"}],"about":[{"href":"https:\/\/www.otiumhome.fi\/index.php\/wp-json\/wp\/v2\/types\/product"}],"replies":[{"embeddable":true,"href":"https:\/\/www.otiumhome.fi\/index.php\/wp-json\/wp\/v2\/comments?post=176210"}],"wp:featuredmedia":[{"embeddable":true,"href":"https:\/\/www.otiumhome.fi\/index.php\/wp-json\/"}],"wp:attachment":[{"href":"https:\/\/www.otiumhome.fi\/index.php\/wp-json\/wp\/v2\/media?parent=176210"}],"wp:term":[{"taxonomy":"product_brand","embeddable":true,"href":"https:\/\/www.otiumhome.fi\/index.php\/wp-json\/wp\/v2\/product_brand?post=176210"},{"taxonomy":"product_cat","embeddable":true,"href":"https:\/\/www.otiumhome.fi\/index.php\/wp-json\/wp\/v2\/product_cat?post=176210"},{"taxonomy":"product_tag","embeddable":true,"href":"https:\/\/www.otiumhome.fi\/index.php\/wp-json\/wp\/v2\/product_tag?post=176210"}],"curies":[{"name":"wp","href":"https:\/\/api.w.org\/{rel}","templated":true}]}}