{"id":175485,"date":"2025-10-05T01:50:11","date_gmt":"2025-10-05T01:50:11","guid":{"rendered":"https:\/\/www.otiumhome.fi\/?p=175485"},"modified":"2025-10-05T07:18:09","modified_gmt":"2025-10-05T07:18:09","slug":"teollinen-sailytysarkku-valkoinen-90x40x100-cm-teras","status":"publish","type":"product","link":"https:\/\/www.otiumhome.fi\/index.php\/tuote\/teollinen-sailytysarkku-valkoinen-90x40x100-cm-teras\/","title":{"rendered":"Teollinen s\u00e4ilytysarkku valkoinen 90x40x100 cm ter\u00e4s"},"content":{"rendered":"<p>T\u00e4m\u00e4 teollistyylinen s\u00e4ilytysarkku pit\u00e4\u00e4 kotisi siistin\u00e4 ja hyv\u00e4ss\u00e4 j\u00e4rjestyksess\u00e4!<\/p>\n<\/p>\n<p>Kahden hyllyn ja ovissa olevien nimilappujen ansiosta t\u00e4m\u00e4 s\u00e4ilytyskaappi mahdollistaa asiakirjojen j\u00e4rjest\u00e4misen eri kategorioihin. Se sopii mink\u00e4 tahansa toimiston sisustukseen sen ikonisen muotoilun ja teollisen tyylin ansiosta. Muovip\u00e4\u00e4llysteiset ter\u00e4sjalat est\u00e4v\u00e4t lattian naarmuuntumisen. Arkku on valmistettu ter\u00e4ksest\u00e4, tehden siit\u00e4 kest\u00e4v\u00e4n ja helpon puhdistaa. Jokainen ovi on varustettu nimilappupidikkeell\u00e4 ja tuuletusaukolla, joten voit j\u00e4rjest\u00e4\u00e4 tavarasi siististi ja ne my\u00f6s alleviivaavat teollisen tyylin.<\/p>\n<ul>\n<li>V\u00e4ri: valkoinen<\/li>\n<li>Materiaali: ter\u00e4s ja muovi<\/li>\n<li>Mitat: 90 x 40 x 100 cm (L x S x K)<\/li>\n<li>2 s\u00e4\u00e4dett\u00e4v\u00e4\u00e4 hylly\u00e4<\/li>\n<li>Kantavuus per hylly: 20 kg<\/li>\n<li>Kokonaiskantavuus: 40 kg<\/li>\n<li>Tuuletusaukot ja nimilapun pidikkeet ovissa<\/li>\n<li>Asennus vaaditaan: kyll\u00e4<\/li>\n<li><strong>VAROITUS: <\/strong>Kaatumisen est\u00e4miseksi t\u00e4t\u00e4 tuotetta on k\u00e4ytett\u00e4v\u00e4 mukana toimitetun sein\u00e4kiinnityslaitteen kanssa.<\/li>\n<li>Legal Documents:\n<p><span>Lis\u00e4tietoja huonekalujesi kaatumisen est\u00e4misest\u00e4 voit l\u00f6yt\u00e4\u00e4 <span style=\"text-decoration: underline\"><strong><a title=\"https:\/\/bit.ly\/3bVwkQp\" href=\"https:\/\/bit.ly\/3bVwkQp\" target=\"_blank\">t\u00e4\u00e4lt\u00e4<\/a><\/strong><\/span><\/span><\/p>\n<\/li>\n<\/ul>\n","protected":false},"excerpt":{"rendered":"<ul>\n<li>V\u00e4ri: valkoinen<\/li>\n<li>Materiaali: ter\u00e4s ja muovi<\/li>\n<li>Mitat: 90 x 40 x 100 cm (L x S x K)<\/li>\n<li>2 s\u00e4\u00e4dett\u00e4v\u00e4\u00e4 hylly\u00e4<\/li>\n<li>Kantavuus per hylly: 20 kg<\/li>\n<li>Kokonaiskantavuus: 40 kg<\/li>\n<li>Tuuletusaukot ja nimilapun pidikkeet ovissa<\/li>\n<li>Asennus vaaditaan: kyll\u00e4<\/li>\n<li><strong>VAROITUS: <\/strong>Kaatumisen est\u00e4miseksi t\u00e4t\u00e4 tuotetta on k\u00e4ytett\u00e4v\u00e4 mukana toimitetun sein\u00e4kiinnityslaitteen kanssa.<\/li>\n<li>Legal Documents:\n<p><span>Lis\u00e4tietoja huonekalujesi kaatumisen est\u00e4misest\u00e4 voit l\u00f6yt\u00e4\u00e4 <span style=\"text-decoration: underline\"><strong><a title=\"https:\/\/bit.ly\/3bVwkQp\" href=\"https:\/\/bit.ly\/3bVwkQp\" target=\"_blank\">t\u00e4\u00e4lt\u00e4<\/a><\/strong><\/span><\/span><\/p>\n<\/li>\n<\/ul>\n","protected":false},"featured_media":100000175485,"comment_status":"closed","ping_status":"closed","template":"","meta":[],"product_brand":[],"product_cat":[84,8564],"product_tag":[],"class_list":{"0":"post-175485","1":"product","2":"type-product","3":"status-publish","4":"has-post-thumbnail","6":"product_cat-huonekalut","7":"product_cat-sailytysarkut","9":"first","10":"instock","11":"taxable","12":"shipping-taxable","13":"purchasable","14":"product-type-simple"},"_links":{"self":[{"href":"https:\/\/www.otiumhome.fi\/index.php\/wp-json\/wp\/v2\/product\/175485","targetHints":{"allow":["GET"]}}],"collection":[{"href":"https:\/\/www.otiumhome.fi\/index.php\/wp-json\/wp\/v2\/product"}],"about":[{"href":"https:\/\/www.otiumhome.fi\/index.php\/wp-json\/wp\/v2\/types\/product"}],"replies":[{"embeddable":true,"href":"https:\/\/www.otiumhome.fi\/index.php\/wp-json\/wp\/v2\/comments?post=175485"}],"wp:featuredmedia":[{"embeddable":true,"href":"https:\/\/www.otiumhome.fi\/index.php\/wp-json\/"}],"wp:attachment":[{"href":"https:\/\/www.otiumhome.fi\/index.php\/wp-json\/wp\/v2\/media?parent=175485"}],"wp:term":[{"taxonomy":"product_brand","embeddable":true,"href":"https:\/\/www.otiumhome.fi\/index.php\/wp-json\/wp\/v2\/product_brand?post=175485"},{"taxonomy":"product_cat","embeddable":true,"href":"https:\/\/www.otiumhome.fi\/index.php\/wp-json\/wp\/v2\/product_cat?post=175485"},{"taxonomy":"product_tag","embeddable":true,"href":"https:\/\/www.otiumhome.fi\/index.php\/wp-json\/wp\/v2\/product_tag?post=175485"}],"curies":[{"name":"wp","href":"https:\/\/api.w.org\/{rel}","templated":true}]}}