{"id":175298,"date":"2025-09-29T23:21:49","date_gmt":"2025-09-29T23:21:49","guid":{"rendered":"https:\/\/www.otiumhome.fi\/?p=175298"},"modified":"2025-09-30T05:30:25","modified_gmt":"2025-09-30T05:30:25","slug":"kirjahylly-musta-98x29x975-cm-tekninen-puu","status":"publish","type":"product","link":"https:\/\/www.otiumhome.fi\/index.php\/tuote\/kirjahylly-musta-98x29x975-cm-tekninen-puu\/","title":{"rendered":"Kirjahylly musta 98x29x97,5 cm tekninen puu"},"content":{"rendered":"<p>Sulavalinjaisella ja klassisella designilla varustettu kirjahylly on koristeellinen ja k\u00e4yt\u00e4nn\u00f6llinen lis\u00e4 sisustukseesi.<\/p>\n<\/p>\n<p>Kirjahylly on valmistettu laadukkaasta teknisest\u00e4 puusta, joka tekee sit\u00e4 jykev\u00e4n, kest\u00e4v\u00e4n ja pitk\u00e4ik\u00e4isen. Kirjahyllyss\u00e4 on 9 tilavaa osastoa, jotka tarjoavat riitt\u00e4v\u00e4sti tilaa lehdille, kirjoille, DVD-levyille, multimedialaitteille ja muille koriste-esineille, jotta voit pit\u00e4\u00e4 ne j\u00e4rjestyksess\u00e4 ja k\u00e4den ulottuvilla. Kirjahylly on helppo puhdistaa kostealla liinalla.<\/p>\n<\/p>\n<p>Kaappi on helppo koota mukana tulevilla asennusmateriaaleilla.<\/p>\n<ul>\n<li>V\u00e4ri: musta<\/li>\n<li>Materiaali: tekninen puu<\/li>\n<li>Mitat: 98 x 29 x 97,5 cm (L x S x K)<\/li>\n<li>9 kuutiolokeroa<\/li>\n<li><strong>VAROITUS<\/strong>: K\u00e4yt\u00e4 t\u00e4t\u00e4 tuotetta mukana tulevalla sein\u00e4kiinnikkeell\u00e4 kaatumisen est\u00e4miseksi.<\/li>\n<li><strong>Huomio: <\/strong>Sein\u00e4\u00e4n kiinnitett\u00e4v\u00e4t ruuvit ja tulpat eiv\u00e4t sis\u00e4lly toimitukseen. Etsi ja k\u00e4yt\u00e4 sein\u00e4\u00e4si sopivia ruuveja ja tulppia. Jos olet ep\u00e4varma, kysy ammattilaisen neuvoa. Lue ja seuraa asennusohjeiden jokaista vaihetta huolella.<\/li>\n<li>Legal Documents:\n<p><span>Lis\u00e4tietoja huonekalujesi kaatumisen est\u00e4misest\u00e4 voit l\u00f6yt\u00e4\u00e4 <span style=\"text-decoration: underline\"><strong><a title=\"https:\/\/bit.ly\/3bVwkQp\" href=\"https:\/\/bit.ly\/3bVwkQp\" target=\"_blank\">t\u00e4\u00e4lt\u00e4<\/a><\/strong><\/span><\/span><\/p>\n<\/li>\n<\/ul>\n","protected":false},"excerpt":{"rendered":"<ul>\n<li>V\u00e4ri: musta<\/li>\n<li>Materiaali: tekninen puu<\/li>\n<li>Mitat: 98 x 29 x 97,5 cm (L x S x K)<\/li>\n<li>9 kuutiolokeroa<\/li>\n<li><strong>VAROITUS<\/strong>: K\u00e4yt\u00e4 t\u00e4t\u00e4 tuotetta mukana tulevalla sein\u00e4kiinnikkeell\u00e4 kaatumisen est\u00e4miseksi.<\/li>\n<li><strong>Huomio: <\/strong>Sein\u00e4\u00e4n kiinnitett\u00e4v\u00e4t ruuvit ja tulpat eiv\u00e4t sis\u00e4lly toimitukseen. Etsi ja k\u00e4yt\u00e4 sein\u00e4\u00e4si sopivia ruuveja ja tulppia. Jos olet ep\u00e4varma, kysy ammattilaisen neuvoa. Lue ja seuraa asennusohjeiden jokaista vaihetta huolella.<\/li>\n<li>Legal Documents:\n<p><span>Lis\u00e4tietoja huonekalujesi kaatumisen est\u00e4misest\u00e4 voit l\u00f6yt\u00e4\u00e4 <span style=\"text-decoration: underline\"><strong><a title=\"https:\/\/bit.ly\/3bVwkQp\" href=\"https:\/\/bit.ly\/3bVwkQp\" target=\"_blank\">t\u00e4\u00e4lt\u00e4<\/a><\/strong><\/span><\/span><\/p>\n<\/li>\n<\/ul>\n","protected":false},"featured_media":100000175298,"comment_status":"closed","ping_status":"closed","template":"","meta":[],"product_brand":[],"product_cat":[84,8547],"product_tag":[],"class_list":{"0":"post-175298","1":"product","2":"type-product","3":"status-publish","4":"has-post-thumbnail","6":"product_cat-huonekalut","7":"product_cat-kirjahyllyt","9":"first","10":"outofstock","11":"taxable","12":"shipping-taxable","13":"purchasable","14":"product-type-simple"},"_links":{"self":[{"href":"https:\/\/www.otiumhome.fi\/index.php\/wp-json\/wp\/v2\/product\/175298","targetHints":{"allow":["GET"]}}],"collection":[{"href":"https:\/\/www.otiumhome.fi\/index.php\/wp-json\/wp\/v2\/product"}],"about":[{"href":"https:\/\/www.otiumhome.fi\/index.php\/wp-json\/wp\/v2\/types\/product"}],"replies":[{"embeddable":true,"href":"https:\/\/www.otiumhome.fi\/index.php\/wp-json\/wp\/v2\/comments?post=175298"}],"wp:featuredmedia":[{"embeddable":true,"href":"https:\/\/www.otiumhome.fi\/index.php\/wp-json\/"}],"wp:attachment":[{"href":"https:\/\/www.otiumhome.fi\/index.php\/wp-json\/wp\/v2\/media?parent=175298"}],"wp:term":[{"taxonomy":"product_brand","embeddable":true,"href":"https:\/\/www.otiumhome.fi\/index.php\/wp-json\/wp\/v2\/product_brand?post=175298"},{"taxonomy":"product_cat","embeddable":true,"href":"https:\/\/www.otiumhome.fi\/index.php\/wp-json\/wp\/v2\/product_cat?post=175298"},{"taxonomy":"product_tag","embeddable":true,"href":"https:\/\/www.otiumhome.fi\/index.php\/wp-json\/wp\/v2\/product_tag?post=175298"}],"curies":[{"name":"wp","href":"https:\/\/api.w.org\/{rel}","templated":true}]}}