{"id":175117,"date":"2025-09-24T23:53:15","date_gmt":"2025-09-24T23:53:15","guid":{"rendered":"https:\/\/www.otiumhome.fi\/?p=175117"},"modified":"2025-11-29T05:57:50","modified_gmt":"2025-11-29T05:57:50","slug":"kylpyhuonekalustesetti-seinakiinnitettava-5-pcs-artisan-tammi","status":"publish","type":"product","link":"https:\/\/www.otiumhome.fi\/index.php\/tuote\/kylpyhuonekalustesetti-seinakiinnitettava-5-pcs-artisan-tammi\/","title":{"rendered":"Kylpyhuonekalustesetti Sein\u00e4kiinnitett\u00e4v\u00e4 5 pcs Artisan tammi"},"content":{"rendered":"<p>T\u00e4m\u00e4 moderni kylpyhuonekalustesetti yhdist\u00e4\u00e4 toimivuuden, tyylin ja siistin ulkon\u00e4\u00f6n. Siin\u00e4 on useita kaappeja ja peili, jotka tuovat hienostuneisuutta kylpyhuoneeseen. Sen yksinkertainen muotoilu sopii moderniin tyyliin, ja se tarjoaa tehokkaita s\u00e4ilytysratkaisuja. T\u00e4m\u00e4n setin avulla on helppo j\u00e4rjest\u00e4\u00e4 tavarat ja pit\u00e4\u00e4 tyyli yll\u00e4.<\/p>\n<p> Materiaalit:  T\u00e4m\u00e4 kylpyhuonekalustesetti on tehty laadukkaasta teknisest\u00e4 puusta ja metallista, mik\u00e4 takaa kest\u00e4v\u00e4n rakenteen, joka kest\u00e4\u00e4 kosteutta. Materiaalivalinta antaa modernin ilmeen ja parantaa k\u00e4ytt\u00f6ik\u00e4\u00e4.   Sis\u00e4lt\u00e4\u00e4 komponentteja:  Setti sis\u00e4lt\u00e4\u00e4 useita kaappeja, joissa on saranoidut ovet helpottamaan k\u00e4ytt\u00f6\u00e4. Ne pit\u00e4v\u00e4t t\u00e4rke\u00e4t tavarat, kuten hygieniatuotteet ja pyyhkeet, j\u00e4rjestyksess\u00e4. Peilikaappi tuo lis\u00e4\u00e4 k\u00e4ytt\u00f6\u00e4, mik\u00e4 on k\u00e4tev\u00e4\u00e4 arjessa.   Ominaisuudet \/ Toiminta \/ Suunnittelu:  Kalustesarja on kauniin muotoilunsa ansiosta sek\u00e4 tyylik\u00e4s ett\u00e4 k\u00e4yt\u00e4nn\u00f6llinen. Sein\u00e4lle asennettavat kaapit s\u00e4\u00e4st\u00e4v\u00e4t lattiatilaa, mik\u00e4 tekee tilasta avarampaa. Vankat jalat tuo lis\u00e4\u00e4 tyyli\u00e4 kokonaisuuteen.   Suositellut k\u00e4ytt\u00f6tarkoitukset:  Sopii erikokoisiin kylpyhuoneisiin, kaupungin pienist\u00e4 asunnoista perheasuntoihin. Moderni muotoilu toimii monenlaisten tyylien kanssa, mik\u00e4 tekee siit\u00e4 mukautuvan sisustuksessa.   Hoito &amp; Yll\u00e4pito:  Puhdistus on helppoa kostealla liinalla, s\u00e4ilytt\u00e4\u00e4 setin uuden ilmeen. V\u00e4lt\u00e4 voimakkaita kemikaaleja, jotta kalusteiden laatu s\u00e4ilyy. <\/p>\n<ul>\n<li>V\u00e4ri: Artisan tammi<\/li>\n<li>Materiaali: Tekninen puu, metalli<\/li>\n<li>Yleiset mitat: 61 x 35 x 64 cm (P x L x K)<\/li>\n<li>Paino: 74,46 kg<\/li>\n<li>Peilill\u00e4<\/li>\n<li>10 ovien kanssa<\/li>\n<li>Sis\u00e4- \/ ulkotiloissa: Vain sis\u00e4k\u00e4ytt\u00f6\u00f6n<\/li>\n<li>Toimitus-:<\/li>\n<li>1 x Kylpyhuoneen pesuallaskaappi: 61 x 35 x 64 cm (PxLxK)<\/li>\n<li>1 x Kylpyhuoneen peilikaappi: 59 x 17 x 55 cm (PxLxK)<\/li>\n<li>1 x pitk\u00e4 kylpyhuonekaappi: 30 x 35 x 192 cm (PxLxK)<\/li>\n<li>1 x keskikoko kylpyhuonekaappi: 30 x 35 x 95 cm (PxLxK)<\/li>\n<li>1 x lyhyt kylpyhuonekaappi: 30 x 35 x 61 cm (PxLxK)<\/li>\n<li>Kokoonpano vaaditaan: Kyll\u00e4<\/li>\n<\/ul>\n","protected":false},"excerpt":{"rendered":"<ul>\n<li>V\u00e4ri: Artisan tammi<\/li>\n<li>Materiaali: Tekninen puu, metalli<\/li>\n<li>Yleiset mitat: 61 x 35 x 64 cm (P x L x K)<\/li>\n<li>Paino: 74,46 kg<\/li>\n<li>Peilill\u00e4<\/li>\n<li>10 ovien kanssa<\/li>\n<li>Sis\u00e4- \/ ulkotiloissa: Vain sis\u00e4k\u00e4ytt\u00f6\u00f6n<\/li>\n<li>Toimitus-:<\/li>\n<li>1 x Kylpyhuoneen pesuallaskaappi: 61 x 35 x 64 cm (PxLxK)<\/li>\n<li>1 x Kylpyhuoneen peilikaappi: 59 x 17 x 55 cm (PxLxK)<\/li>\n<li>1 x pitk\u00e4 kylpyhuonekaappi: 30 x 35 x 192 cm (PxLxK)<\/li>\n<li>1 x keskikoko kylpyhuonekaappi: 30 x 35 x 95 cm (PxLxK)<\/li>\n<li>1 x lyhyt kylpyhuonekaappi: 30 x 35 x 61 cm (PxLxK)<\/li>\n<li>Kokoonpano vaaditaan: Kyll\u00e4<\/li>\n<\/ul>\n","protected":false},"featured_media":100000175117,"comment_status":"closed","ping_status":"closed","template":"","meta":[],"product_brand":[],"product_cat":[84,8561,8562],"product_tag":[],"class_list":{"0":"post-175117","1":"product","2":"type-product","3":"status-publish","4":"has-post-thumbnail","6":"product_cat-huonekalut","7":"product_cat-kampauspoydat","8":"product_cat-kylpyhuoneen-kampauspoydat","10":"first","11":"outofstock","12":"taxable","13":"shipping-taxable","14":"purchasable","15":"product-type-simple"},"_links":{"self":[{"href":"https:\/\/www.otiumhome.fi\/index.php\/wp-json\/wp\/v2\/product\/175117","targetHints":{"allow":["GET"]}}],"collection":[{"href":"https:\/\/www.otiumhome.fi\/index.php\/wp-json\/wp\/v2\/product"}],"about":[{"href":"https:\/\/www.otiumhome.fi\/index.php\/wp-json\/wp\/v2\/types\/product"}],"replies":[{"embeddable":true,"href":"https:\/\/www.otiumhome.fi\/index.php\/wp-json\/wp\/v2\/comments?post=175117"}],"wp:featuredmedia":[{"embeddable":true,"href":"https:\/\/www.otiumhome.fi\/index.php\/wp-json\/"}],"wp:attachment":[{"href":"https:\/\/www.otiumhome.fi\/index.php\/wp-json\/wp\/v2\/media?parent=175117"}],"wp:term":[{"taxonomy":"product_brand","embeddable":true,"href":"https:\/\/www.otiumhome.fi\/index.php\/wp-json\/wp\/v2\/product_brand?post=175117"},{"taxonomy":"product_cat","embeddable":true,"href":"https:\/\/www.otiumhome.fi\/index.php\/wp-json\/wp\/v2\/product_cat?post=175117"},{"taxonomy":"product_tag","embeddable":true,"href":"https:\/\/www.otiumhome.fi\/index.php\/wp-json\/wp\/v2\/product_tag?post=175117"}],"curies":[{"name":"wp","href":"https:\/\/api.w.org\/{rel}","templated":true}]}}