{"id":175091,"date":"2025-09-24T23:46:43","date_gmt":"2025-09-24T23:46:43","guid":{"rendered":"https:\/\/www.otiumhome.fi\/?p=175091"},"modified":"2025-12-19T21:58:17","modified_gmt":"2025-12-19T21:58:17","slug":"kylpyhuonekalustesetti-seinakiinnitettava-3-pcs-ruskea-tammi","status":"publish","type":"product","link":"https:\/\/www.otiumhome.fi\/index.php\/tuote\/kylpyhuonekalustesetti-seinakiinnitettava-3-pcs-ruskea-tammi\/","title":{"rendered":"Kylpyhuonekalustesetti Sein\u00e4kiinnitett\u00e4v\u00e4 3 pcs Ruskea tammi"},"content":{"rendered":"<p>T\u00e4\u00e4 moderni kylpyhuonekalustesarja tuo tyylik\u00e4st\u00e4 ja toimivaa muotoilua mihin tahansa kylpyhuoneeseen. Insin\u00f6\u00f6ripuun ja metallin yhdistelm\u00e4 maksimoidaan k\u00e4yt\u00e4nn\u00f6llisyys, mutta silti s\u00e4ilytet\u00e4\u00e4n elegantti ilme. Sarja sis\u00e4lt\u00e4\u00e4 pesuallaskaapin, peilikaapin ja s\u00e4ilytyskaapin, jotka kaikki tarjoavat runsaasti s\u00e4ilytystilaa tyylikk\u00e4\u00e4sti. Selke\u00e4t linjat ja sein\u00e4kiinnitys sulautuvat nykyaikaiseen sisustukseen, tuoden k\u00e4yt\u00e4nn\u00f6n s\u00e4ilytysratkaisuja j\u00e4rjestelm\u00e4lliseen el\u00e4m\u00e4\u00e4n.<\/p>\n<ul><\/br><\/p>\n<li><b>Materiaalit:<\/b> T\u00e4m\u00e4 sarja on valmistettu teknisest\u00e4 puusta, joka on tunnettu kest\u00e4vyydest\u00e4\u00e4n. Se kest\u00e4\u00e4 p\u00e4ivitt\u00e4ist\u00e4 k\u00e4ytt\u00f6\u00e4, ja puun ja metallin yhdistelm\u00e4 tuo kest\u00e4vyytt\u00e4 ja kauniin ilmeen kylpyhuoneeseen.<\/li>\n<p><\/br><\/p>\n<li><b>Yhdistetyt komponentit:<\/b> Sarjassa on tyylik\u00e4s pesuallaskaappi, monik\u00e4ytt\u00f6inen peilikaappi ja korkea kylpyhuonekaappi, jotka kaikki sis\u00e4lt\u00e4v\u00e4t saranoituja ovia. T\u00e4m\u00e4 tekee tuotteista k\u00e4yt\u00e4nn\u00f6llisi\u00e4 ja helppok\u00e4ytt\u00f6isi\u00e4.<\/li>\n<p><\/br><\/p>\n<li><b>Ominaisuudet \/Toiminta \/Muotoilu:<\/b> Sein\u00e4\u00e4n kiinnitett\u00e4v\u00e4 muotoilu pit\u00e4\u00e4 kylpyhuoneen tilavana ja avarana. T\u00e4\u00e4 yksityiskohta lis\u00e4\u00e4 modernia estetiikkaa, yhdistellen muodon ja toiminnan.<\/li>\n<p><\/br><\/p>\n<li><b>Suositellut k\u00e4ytt\u00f6tarkoitukset:<\/b> T\u00e4\u00e4 sarja on t\u00e4ydellinen nykyaikaisiin kylpyhuoneisiin, joissa halutaan yhdist\u00e4\u00e4 tyyli ja k\u00e4yt\u00e4nn\u00f6llisyys. Se sopii hyvin tiloihin, jotka tarvitsevat tilank\u00e4yt\u00f6n optimointia.<\/li>\n<p><\/br><\/p>\n<li><b>Asennusvaatimukset:<\/b> T\u00e4\u00e4 sarja on suunniteltu helpoksi asentaa ja se vaatii hieman kokoonpanoa, mutta tarvitaan vain kaksi henkil\u00f6\u00e4 ja ruuvimeisse\u00adli. Asennus on nopeaa ja vaivatonta.<\/li>\n<p><\/br><\/ul>\n<ul>\n<li>V\u00e4ri: Ruskea tammi<\/li>\n<li>Materiaali: Tekninen puu, metalli<\/li>\n<li>Yleiset mitat: 61 x 35 x 64 cm (P x L x K)<\/li>\n<li>Paino: 40,71 kg<\/li>\n<li>Peilill\u00e4<\/li>\n<li>Mukana 6 saranoidut ovet<\/li>\n<li>Vain sis\u00e4k\u00e4ytt\u00f6\u00f6n<\/li>\n<li>Toimitus-:<\/li>\n<li>1 x Kylpyhuoneen pesuallas kaappi: 61 x 35 x 64 cm(PxLxK)<\/li>\n<li>1 x Kylpyhuoneen peilikaappi: 56 x 17 x 55 cm(PxLxK)<\/li>\n<li>1 x Kylpyhuoneen kaappi: 30 x 35 x 95 cm(PxLxK)<\/li>\n<li>Kokoonpano vaaditaan: Kyll\u00e4<\/li>\n<\/ul>\n","protected":false},"excerpt":{"rendered":"<ul>\n<li>V\u00e4ri: Ruskea tammi<\/li>\n<li>Materiaali: Tekninen puu, metalli<\/li>\n<li>Yleiset mitat: 61 x 35 x 64 cm (P x L x K)<\/li>\n<li>Paino: 40,71 kg<\/li>\n<li>Peilill\u00e4<\/li>\n<li>Mukana 6 saranoidut ovet<\/li>\n<li>Vain sis\u00e4k\u00e4ytt\u00f6\u00f6n<\/li>\n<li>Toimitus-:<\/li>\n<li>1 x Kylpyhuoneen pesuallas kaappi: 61 x 35 x 64 cm(PxLxK)<\/li>\n<li>1 x Kylpyhuoneen peilikaappi: 56 x 17 x 55 cm(PxLxK)<\/li>\n<li>1 x Kylpyhuoneen kaappi: 30 x 35 x 95 cm(PxLxK)<\/li>\n<li>Kokoonpano vaaditaan: Kyll\u00e4<\/li>\n<\/ul>\n","protected":false},"featured_media":100000175091,"comment_status":"closed","ping_status":"closed","template":"","meta":[],"product_brand":[],"product_cat":[84,8561,8562],"product_tag":[],"class_list":{"0":"post-175091","1":"product","2":"type-product","3":"status-publish","4":"has-post-thumbnail","6":"product_cat-huonekalut","7":"product_cat-kampauspoydat","8":"product_cat-kylpyhuoneen-kampauspoydat","10":"first","11":"instock","12":"taxable","13":"shipping-taxable","14":"purchasable","15":"product-type-simple"},"_links":{"self":[{"href":"https:\/\/www.otiumhome.fi\/index.php\/wp-json\/wp\/v2\/product\/175091","targetHints":{"allow":["GET"]}}],"collection":[{"href":"https:\/\/www.otiumhome.fi\/index.php\/wp-json\/wp\/v2\/product"}],"about":[{"href":"https:\/\/www.otiumhome.fi\/index.php\/wp-json\/wp\/v2\/types\/product"}],"replies":[{"embeddable":true,"href":"https:\/\/www.otiumhome.fi\/index.php\/wp-json\/wp\/v2\/comments?post=175091"}],"wp:featuredmedia":[{"embeddable":true,"href":"https:\/\/www.otiumhome.fi\/index.php\/wp-json\/"}],"wp:attachment":[{"href":"https:\/\/www.otiumhome.fi\/index.php\/wp-json\/wp\/v2\/media?parent=175091"}],"wp:term":[{"taxonomy":"product_brand","embeddable":true,"href":"https:\/\/www.otiumhome.fi\/index.php\/wp-json\/wp\/v2\/product_brand?post=175091"},{"taxonomy":"product_cat","embeddable":true,"href":"https:\/\/www.otiumhome.fi\/index.php\/wp-json\/wp\/v2\/product_cat?post=175091"},{"taxonomy":"product_tag","embeddable":true,"href":"https:\/\/www.otiumhome.fi\/index.php\/wp-json\/wp\/v2\/product_tag?post=175091"}],"curies":[{"name":"wp","href":"https:\/\/api.w.org\/{rel}","templated":true}]}}