{"id":174850,"date":"2025-09-19T23:53:48","date_gmt":"2025-09-19T23:53:48","guid":{"rendered":"https:\/\/www.otiumhome.fi\/?p=174850"},"modified":"2025-09-20T04:23:28","modified_gmt":"2025-09-20T04:23:28","slug":"seinahyllyt-2-kpl-vanhaa-puuta-100x165x165-cm-tekninen-puu","status":"publish","type":"product","link":"https:\/\/www.otiumhome.fi\/index.php\/tuote\/seinahyllyt-2-kpl-vanhaa-puuta-100x165x165-cm-tekninen-puu\/","title":{"rendered":"sein\u00e4hyllyt 2 kpl vanhaa puuta 100&#215;16,5&#215;16,5 cm tekninen puu"},"content":{"rendered":"<p>N\u00e4m\u00e4 sein\u00e4hyllyt on tarkoitettu sek\u00e4 koristeeksi ett\u00e4 k\u00e4yt\u00e4nn\u00f6lliseksi jatkeeksi kodin sisustukseen.<\/p>\n<\/p>\n<ul>\n<li>Vakaa ja kest\u00e4v\u00e4 materiaali: Tekninen puu on kest\u00e4v\u00e4 ja vakaa materiaali, jonka sile\u00e4 pinta kest\u00e4\u00e4 kosteutta, v\u00e4\u00e4ntymist\u00e4 ja halkeilua, joten se on luotettava valinta erilaisiin projekteihin.<\/li>\n<li>Runsaasti s\u00e4ilytystilaa: N\u00e4m\u00e4 kelluvat sein\u00e4hyllyt tarjoavat k\u00e4tev\u00e4\u00e4 s\u00e4ilytystilaa p\u00e4ivitt\u00e4isten tarvikkeiden pit\u00e4miseen hyvin j\u00e4rjestyksess\u00e4 ja helposti ulottuvillasi.<\/li>\n<li>Sein\u00e4asennustoiminto: Kelluva hylly ei vie lattiatilaa. Voit ripustaa sen helposti sein\u00e4lle.<\/li>\n<li>Kaksi kokoamistapaa: L-muotoisen muotoilunsa ansiosta n\u00e4m\u00e4 sein\u00e4\u00e4n asennettavat hyllyt voidaan asentaa joko yl\u00f6s- tai alasp\u00e4in mieltymystesi mukaan. Lis\u00e4ksi sarja sis\u00e4lt\u00e4\u00e4 kaksi erillist\u00e4 hylly\u00e4, joten voit sijoittaa ne mihin tahansa.<\/li>\n<li>Laajat sovellukset: Ajattoman muotoilunsa ansiosta n\u00e4m\u00e4 ripustettavat hyllyt t\u00e4ydent\u00e4v\u00e4t vaivattomasti sisustustasi, ja niit\u00e4 voidaan k\u00e4ytt\u00e4\u00e4 olohuoneessa, makuuhuoneessa ja muissa tiloissa.<\/li>\n<\/ul>\n<p>Hyv\u00e4 tiet\u00e4\u00e4:<\/p>\n<ul>\n<li>Sein\u00e4\u00e4n kiinnitett\u00e4v\u00e4t ruuvit ja tulpat eiv\u00e4t sis\u00e4lly toimitukseen. Suosittelemme etsim\u00e4\u00e4n ja k\u00e4ytt\u00e4m\u00e4\u00e4n sein\u00e4\u00e4si sopivia ruuveja ja tulppia. Jos olet ep\u00e4varma, kysy ammattilaisen neuvoa. Lue ja noudata ohjeiden jokaista vaihetta.<\/li>\n<\/ul>\n<ul>\n<li>V\u00e4ri: Vanha puu<\/li>\n<li>Materiaali: Tekninen puu<\/li>\n<li>Kokonaismitat: 100 x 16,5 x 16,5 cm (L x S x K)<\/li>\n<li>Suurin kantavuus: 20 kg<\/li>\n<li>Asennus vaaditaan: Kyll\u00e4<\/li>\n<li><strong>Toimitus sis\u00e4lt\u00e4\u00e4:<\/strong><\/li>\n<li>2 x sein\u00e4hylly<\/li>\n<\/ul>\n","protected":false},"excerpt":{"rendered":"<ul>\n<li>V\u00e4ri: Vanha puu<\/li>\n<li>Materiaali: Tekninen puu<\/li>\n<li>Kokonaismitat: 100 x 16,5 x 16,5 cm (L x S x K)<\/li>\n<li>Suurin kantavuus: 20 kg<\/li>\n<li>Asennus vaaditaan: Kyll\u00e4<\/li>\n<li><strong>Toimitus sis\u00e4lt\u00e4\u00e4:<\/strong><\/li>\n<li>2 x sein\u00e4hylly<\/li>\n<\/ul>\n","protected":false},"featured_media":100000174850,"comment_status":"closed","ping_status":"closed","template":"","meta":[],"product_brand":[],"product_cat":[84,8634],"product_tag":[],"class_list":{"0":"post-174850","1":"product","2":"type-product","3":"status-publish","4":"has-post-thumbnail","6":"product_cat-huonekalut","7":"product_cat-seinahyllyt","9":"first","10":"instock","11":"taxable","12":"shipping-taxable","13":"purchasable","14":"product-type-simple"},"_links":{"self":[{"href":"https:\/\/www.otiumhome.fi\/index.php\/wp-json\/wp\/v2\/product\/174850","targetHints":{"allow":["GET"]}}],"collection":[{"href":"https:\/\/www.otiumhome.fi\/index.php\/wp-json\/wp\/v2\/product"}],"about":[{"href":"https:\/\/www.otiumhome.fi\/index.php\/wp-json\/wp\/v2\/types\/product"}],"replies":[{"embeddable":true,"href":"https:\/\/www.otiumhome.fi\/index.php\/wp-json\/wp\/v2\/comments?post=174850"}],"wp:featuredmedia":[{"embeddable":true,"href":"https:\/\/www.otiumhome.fi\/index.php\/wp-json\/"}],"wp:attachment":[{"href":"https:\/\/www.otiumhome.fi\/index.php\/wp-json\/wp\/v2\/media?parent=174850"}],"wp:term":[{"taxonomy":"product_brand","embeddable":true,"href":"https:\/\/www.otiumhome.fi\/index.php\/wp-json\/wp\/v2\/product_brand?post=174850"},{"taxonomy":"product_cat","embeddable":true,"href":"https:\/\/www.otiumhome.fi\/index.php\/wp-json\/wp\/v2\/product_cat?post=174850"},{"taxonomy":"product_tag","embeddable":true,"href":"https:\/\/www.otiumhome.fi\/index.php\/wp-json\/wp\/v2\/product_tag?post=174850"}],"curies":[{"name":"wp","href":"https:\/\/api.w.org\/{rel}","templated":true}]}}