{"id":174725,"date":"2025-09-19T23:01:53","date_gmt":"2025-09-19T23:01:53","guid":{"rendered":"https:\/\/www.otiumhome.fi\/?p=174725"},"modified":"2025-09-24T23:17:48","modified_gmt":"2025-09-24T23:17:48","slug":"ruokapoyta-180x90x76-cm-taysi-karkea-mangopuu","status":"publish","type":"product","link":"https:\/\/www.otiumhome.fi\/index.php\/tuote\/ruokapoyta-180x90x76-cm-taysi-karkea-mangopuu\/","title":{"rendered":"Ruokap\u00f6yt\u00e4 180x90x76 cm t\u00e4ysi karkea mangopuu"},"content":{"rendered":"<p>Tyylik\u00e4s t\u00e4ydest\u00e4 mangopuusta valmistettu ruokap\u00f6yt\u00e4 antaa teollista vieh\u00e4tysvoimaa kotisi sisustukseen!  Sen hieno muotoilu ja teollinen ilme t\u00e4ydent\u00e4v\u00e4t erilaisia sisustustyylej\u00e4.<\/p>\n<\/p>\n<p>P\u00f6yt\u00e4levy on valmistettu karkeasta mangopuusta, joka on tihe\u00e4syinen ja vankka kovapuu, jonka pinnalla on kauniita ruskean ja kullans\u00e4vyisi\u00e4 kuvioita. Jokainen ty\u00f6vaihe on suoritettu eritt\u00e4in huolella, olipa kyseess\u00e4 hionta, maalaus tai lakkaus. Lis\u00e4ksi mustat jauhemaalatut ter\u00e4sjalat lis\u00e4\u00e4v\u00e4t p\u00f6yd\u00e4n vakautta ja antavat sille teollista tyyli\u00e4. Ruokap\u00f6yt\u00e4 on helppo koota.<\/p>\n<\/p>\n<p>T\u00e4rke\u00e4 huomio: erinomainen k\u00e4sity\u00f6taito ja kauniit puun pintakuviot tekev\u00e4t jokaisesta huonekalusta erottuvan ja hieman erilaisen kuin muut; toimitus on satunnainen.<\/p>\n<ul>\n<li>Materiaali: t\u00e4ysi karkea mangopuu ja jauhemaalattu ter\u00e4s<\/li>\n<li>Mitat: 180 x 90 x 76 cm (P x L x K)<\/li>\n<li>Hiottu, maalattu ja lakattu<\/li>\n<\/ul>\n","protected":false},"excerpt":{"rendered":"<ul>\n<li>Materiaali: t\u00e4ysi karkea mangopuu ja jauhemaalattu ter\u00e4s<\/li>\n<li>Mitat: 180 x 90 x 76 cm (P x L x K)<\/li>\n<li>Hiottu, maalattu ja lakattu<\/li>\n<\/ul>\n","protected":false},"featured_media":100000174725,"comment_status":"closed","ping_status":"closed","template":"","meta":[],"product_brand":[],"product_cat":[84,8543],"product_tag":[],"class_list":{"0":"post-174725","1":"product","2":"type-product","3":"status-publish","4":"has-post-thumbnail","6":"product_cat-huonekalut","7":"product_cat-keittion-ruokapoydat","9":"first","10":"instock","11":"taxable","12":"shipping-taxable","13":"purchasable","14":"product-type-simple"},"_links":{"self":[{"href":"https:\/\/www.otiumhome.fi\/index.php\/wp-json\/wp\/v2\/product\/174725","targetHints":{"allow":["GET"]}}],"collection":[{"href":"https:\/\/www.otiumhome.fi\/index.php\/wp-json\/wp\/v2\/product"}],"about":[{"href":"https:\/\/www.otiumhome.fi\/index.php\/wp-json\/wp\/v2\/types\/product"}],"replies":[{"embeddable":true,"href":"https:\/\/www.otiumhome.fi\/index.php\/wp-json\/wp\/v2\/comments?post=174725"}],"wp:featuredmedia":[{"embeddable":true,"href":"https:\/\/www.otiumhome.fi\/index.php\/wp-json\/"}],"wp:attachment":[{"href":"https:\/\/www.otiumhome.fi\/index.php\/wp-json\/wp\/v2\/media?parent=174725"}],"wp:term":[{"taxonomy":"product_brand","embeddable":true,"href":"https:\/\/www.otiumhome.fi\/index.php\/wp-json\/wp\/v2\/product_brand?post=174725"},{"taxonomy":"product_cat","embeddable":true,"href":"https:\/\/www.otiumhome.fi\/index.php\/wp-json\/wp\/v2\/product_cat?post=174725"},{"taxonomy":"product_tag","embeddable":true,"href":"https:\/\/www.otiumhome.fi\/index.php\/wp-json\/wp\/v2\/product_tag?post=174725"}],"curies":[{"name":"wp","href":"https:\/\/api.w.org\/{rel}","templated":true}]}}